-- Dumping data for table 'mg_core_website'
--

INSERT INTO `mg_core_website` VALUES
(0, 'admin', 'Admin', 0, 0, 0),
(1, 'base', 'Main Website', 0, 1, 1);

-- --------------------------------------------------------

--
-- Table structure for table`mg_coupon_aggregated`
--

CREATE TABLE `mg_coupon_aggregated` (
  `id` int(10) unsigned NOT NULL AUTO_INCREMENT COMMENT 'Id',
  `period` date NOT NULL COMMENT 'Period',
  `store_id` smallint(5) unsigned DEFAULT NULL COMMENT 'Store Id',
  `order_status` varchar(50) DEFAULT NULL COMMENT 'Order Status',
  `coupon_code` varchar(50) DEFAULT NULL COMMENT 'Coupon Code',
  `coupon_uses` int(11) NOT NULL DEFAULT '0' COMMENT 'Coupon Uses',
  `subtotal_amount` decimal(12,4) NOT NULL DEFAULT '0.0000' COMMENT 'Subtotal Amount',
  `discount_amount` decimal(12,4) NOT NULL DEFAULT '0.0000' COMMENT 'Discount Amount',
  `total_amount` decimal(12,4) NOT NULL DEFAULT '0.0000' COMMENT 'Total Amount',
  `subtotal_amount_actual` decimal(12,4) NOT NULL DEFAULT '0.0000' COMMENT 'Subtotal Amount Actual',
  `discount_amount_actual` decimal(12,4) NOT NULL DEFAULT '0.0000' COMMENT 'Discount Amount Actual',
  `total_amount_actual` decimal(12,4) NOT NULL DEFAULT '0.0000' COMMENT 'Total Amount Actual',
  `rule_name` varchar(255) DEFAULT NULL COMMENT 'Rule Name',
  PRIMARY KEY (`id`),
  UNIQUE KEY `UNQ_mg_COUPON_AGGRED_PERIOD_STORE_ID_ORDER_STS_COUPON_CODE` (`period`,`store_id`,`order_status`,`coupon_code`),
  KEY `IDX_mg_COUPON_AGGREGATED_STORE_ID` (`store_id`),
  KEY `IDX_mg_COUPON_AGGREGATED_RULE_NAME` (`rule_name`)
) ENGINE=InnoDB DEFAULT CHARSET=utf8 COMMENT='Coupon Aggregated' AUTO_INCREMENT=1 ;

-- --------------------------------------------------------

--
-- Table structure for table`mg_coupon_aggregated_order`
--

CREATE TABLE `mg_coupon_aggregated_order` (
  `id` int(10) unsigned NOT NULL AUTO_INCREMENT COMMENT 'Id',
  `period` date NOT NULL COMMENT 'Period',
  `store_id` smallint(5) unsigned DEFAULT NULL COMMENT 'Store Id',
  `order_status` varchar(50) DEFAULT NULL COMMENT 'Order Status',
  `coupon_code` varchar(50) DEFAULT NULL COMMENT 'Coupon Code',
  `coupon_uses` int(11) NOT NULL DEFAULT '0' COMMENT 'Coupon Uses',
  `subtotal_amount` decimal(12,4) NOT NULL DEFAULT '0.0000' COMMENT 'Subtotal Amount',
  `discount_amount` decimal(12,4) NOT NULL DEFAULT '0.0000' COMMENT 'Discount Amount',
  `total_amount` decimal(12,4) NOT NULL DEFAULT '0.0000' COMMENT 'Total Amount',
  `rule_name` varchar(255) DEFAULT NULL COMMENT 'Rule Name',
  PRIMARY KEY (`id`),
  UNIQUE KEY `C10123F00411B7EF5CF4CD64EA5D82CC` (`period`,`store_id`,`order_status`,`coupon_code`),
  KEY `IDX_mg_COUPON_AGGREGATED_ORDER_STORE_ID` (`store_id`),
  KEY `IDX_mg_COUPON_AGGREGATED_ORDER_RULE_NAME` (`rule_name`)
) ENGINE=InnoDB DEFAULT CHARSET=utf8 COMMENT='Coupon Aggregated Order' AUTO_INCREMENT=1 ;

-- --------------------------------------------------------

--
-- Table structure for table`mg_coupon_aggregated_updated`
--

CREATE TABLE `mg_coupon_aggregated_updated` (
  `id` int(10) unsigned NOT NULL AUTO_INCREMENT COMMENT 'Id',
  `period` date NOT NULL COMMENT 'Period',
  `store_id` smallint(5) unsigned DEFAULT NULL COMMENT 'Store Id',
  `order_status` varchar(50) DEFAULT NULL COMMENT 'Order Status',
  `coupon_code` varchar(50) DEFAULT NULL COMMENT 'Coupon Code',
  `coupon_uses` int(11) NOT NULL DEFAULT '0' COMMENT 'Coupon Uses',
  `subtotal_amount` decimal(12,4) NOT NULL DEFAULT '0.0000' COMMENT 'Subtotal Amount',
  `discount_amount` decimal(12,4) NOT NULL DEFAULT '0.0000' COMMENT 'Discount Amount',
  `total_amount` decimal(12,4) NOT NULL DEFAULT '0.0000' COMMENT 'Total Amount',
  `subtotal_amount_actual` decimal(12,4) NOT NULL DEFAULT '0.0000' COMMENT 'Subtotal Amount Actual',
  `discount_amount_actual` decimal(12,4) NOT NULL DEFAULT '0.0000' COMMENT 'Discount Amount Actual',
  `total_amount_actual` decimal(12,4) NOT NULL DEFAULT '0.0000' COMMENT 'Total Amount Actual',
  `rule_name` varchar(255) DEFAULT NULL COMMENT 'Rule Name',
  PRIMARY KEY (`id`),
  UNIQUE KEY `F1529E86DDA9E1CC34286AAFE6197019` (`period`,`store_id`,`order_status`,`coupon_code`),
  KEY `IDX_mg_COUPON_AGGREGATED_UPDATED_STORE_ID` (`store_id`),
  KEY `IDX_mg_COUPON_AGGREGATED_UPDATED_RULE_NAME` (`rule_name`)
) ENGINE=InnoDB DEFAULT CHARSET=utf8 COMMENT='Premg Coupon Aggregated Updated' AUTO_INCREMENT=1 ;

-- --------------------------------------------------------

--
-- Table structure for table`mg_cron_schedule`
--

CREATE TABLE `mg_cron_schedule` (
  `schedule_id` int(10) unsigned NOT NULL AUTO_INCREMENT COMMENT 'Schedule Id',
  `job_code` varchar(255) NOT NULL DEFAULT '0' COMMENT 'Job Code',
  `status` varchar(7) NOT NULL DEFAULT 'pending' COMMENT 'Status',
  `messages` text COMMENT 'Messages',
  `created_at` timestamp NOT NULL DEFAULT CURRENT_TIMESTAMP ON UPDATE CURRENT_TIMESTAMP COMMENT 'Created At',
  `scheduled_at` timestamp NULL DEFAULT NULL COMMENT 'Scheduled At',
  `executed_at` timestamp NULL DEFAULT NULL COMMENT 'Executed At',
  `finished_at` timestamp NULL DEFAULT NULL COMMENT 'Finished At',
  PRIMARY KEY (`schedule_id`),
  KEY `IDX_mg_CRON_SCHEDULE_JOB_CODE` (`job_code`),
  KEY `IDX_mg_CRON_SCHEDULE_SCHEDULED_AT_STATUS` (`scheduled_at`,`status`)
) ENGINE=InnoDB  DEFAULT CHARSET=utf8 COMMENT='Cron Schedule' AUTO_INCREMENT=5304 ;

--
-- Dumping data for table 'mg_cron_schedule'
--

INSERT INTO `mg_cron_schedule` VALUES
(5265, 'newsletter_send_all', 'success', NULL, '2013-01-31 21:50:01', '2013-01-31 22:05:00', '2013-01-31 22:05:02', '2013-01-31 22:05:02'),
(5268, 'xmlconnect_notification_send_all', 'success', NULL, '2013-01-31 21:50:01', '2013-01-31 22:05:00', '2013-01-31 22:05:02', '2013-01-31 22:05:02'),
(5269, 'captcha_delete_expired_images', 'success', NULL, '2013-01-31 22:05:02', '2013-01-31 22:10:00', '2013-01-31 22:10:02', '2013-01-31 22:10:02'),
(5270, 'captcha_delete_expired_images', 'success', NULL, '2013-01-31 22:05:02', '2013-01-31 22:20:00', '2013-01-31 22:20:01', '2013-01-31 22:20:01'),
(5271, 'newsletter_send_all', 'success', NULL, '2013-01-31 22:05:02', '2013-01-31 22:10:00', '2013-01-31 22:10:02', '2013-01-31 22:10:02'),
(5272, 'newsletter_send_all', 'success', NULL, '2013-01-31 22:05:02', '2013-01-31 22:15:00', '2013-01-31 22:15:06', '2013-01-31 22:15:06'),
(5273, 'newsletter_send_all', 'success', NULL, '2013-01-31 22:05:02', '2013-01-31 22:20:00', '2013-01-31 22:20:01', '2013-01-31 22:20:02'),
(5274, 'xmlconnect_notification_send_all', 'success', NULL, '2013-01-31 22:05:02', '2013-01-31 22:10:00', '2013-01-31 22:10:02', '2013-01-31 22:10:02'),
(5275, 'xmlconnect_notification_send_all', 'success', NULL, '2013-01-31 22:05:02', '2013-01-31 22:15:00', '2013-01-31 22:15:06', '2013-01-31 22:15:06'),
(5276, 'xmlconnect_notification_send_all', 'success', NULL, '2013-01-31 22:05:02', '2013-01-31 22:20:00', '2013-01-31 22:20:02', '2013-01-31 22:20:02'),
(5277, 'captcha_delete_old_attempts', 'success', NULL, '2013-01-31 22:20:02', '2013-01-31 22:30:00', '2013-01-31 22:30:09', '2013-01-31 22:30:09'),
(5278, 'captcha_delete_expired_images', 'success', NULL, '2013-01-31 22:20:02', '2013-01-31 22:30:00', '2013-01-31 22:30:09', '2013-01-31 22:30:09'),
(5279, 'newsletter_send_all', 'success', NULL, '2013-01-31 22:20:02', '2013-01-31 22:25:00', '2013-01-31 22:25:01', '2013-01-31 22:25:01'),
(5280, 'newsletter_send_all', 'success', NULL, '2013-01-31 22:20:02', '2013-01-31 22:30:00', '2013-01-31 22:30:09', '2013-01-31 22:30:09'),
(5281, 'newsletter_send_all', 'success', NULL, '2013-01-31 22:20:02', '2013-01-31 22:35:00', '2013-01-31 22:35:01', '2013-01-31 22:35:01'),
(5282, 'xmlconnect_notification_send_all', 'success', NULL, '2013-01-31 22:20:02', '2013-01-31 22:25:00', '2013-01-31 22:25:01', '2013-01-31 22:25:02'),
(5283, 'xmlconnect_notification_send_all', 'success', NULL, '2013-01-31 22:20:02', '2013-01-31 22:30:00', '2013-01-31 22:30:09', '2013-01-31 22:30:09'),
(5284, 'xmlconnect_notification_send_all', 'success', NULL, '2013-01-31 22:20:02', '2013-01-31 22:35:00', '2013-01-31 22:35:01', '2013-01-31 22:35:01'),
(5285, 'captcha_delete_expired_images', 'success', NULL, '2013-01-31 22:36:01', '2013-01-31 22:40:00', '2013-01-31 22:40:02', '2013-01-31 22:40:02'),
(5286, 'captcha_delete_expired_images', 'success', NULL, '2013-01-31 22:36:01', '2013-01-31 22:50:00', '2013-01-31 22:50:01', '2013-01-31 22:50:01'),
(5287, 'newsletter_send_all', 'success', NULL, '2013-01-31 22:36:01', '2013-01-31 22:40:00', '2013-01-31 22:40:02', '2013-01-31 22:40:02'),
(5288, 'newsletter_send_all', 'success', NULL, '2013-01-31 22:36:01', '2013-01-31 22:45:00', '2013-01-31 22:45:07', '2013-01-31 22:45:07'),
(5289, 'newsletter_send_all', 'success', NULL, '2013-01-31 22:36:01', '2013-01-31 22:50:00', '2013-01-31 22:50:01', '2013-01-31 22:50:01'),
(5290, 'newsletter_send_all', 'success', NULL, '2013-01-31 22:36:01', '2013-01-31 22:55:00', '2013-01-31 22:55:02', '2013-01-31 22:55:02'),
(5291, 'xmlconnect_notification_send_all', 'success', NULL, '2013-01-31 22:36:01', '2013-01-31 22:40:00', '2013-01-31 22:40:02', '2013-01-31 22:40:02'),
(5292, 'xmlconnect_notification_send_all', 'success', NULL, '2013-01-31 22:36:01', '2013-01-31 22:45:00', '2013-01-31 22:45:08', '2013-01-31 22:45:08'),
(5293, 'xmlconnect_notification_send_all', 'success', NULL, '2013-01-31 22:36:01', '2013-01-31 22:50:00', '2013-01-31 22:50:01', '2013-01-31 22:50:01'),
(5294, 'xmlconnect_notification_send_all', 'success', NULL, '2013-01-31 22:36:01', '2013-01-31 22:55:00', '2013-01-31 22:55:02', '2013-01-31 22:55:02'),
(5295, 'captcha_delete_old_attempts', 'success', NULL, '2013-01-31 22:51:01', '2013-01-31 23:00:00', '2013-01-31 23:00:08', '2013-01-31 23:00:09'),
(5296, 'captcha_delete_expired_images', 'success', NULL, '2013-01-31 22:51:01', '2013-01-31 23:00:00', '2013-01-31 23:00:09', '2013-01-31 23:00:09'),
(5297, 'captcha_delete_expired_images', 'pending', NULL, '2013-01-31 22:51:01', '2013-01-31 23:10:00', NULL, NULL),
(5298, 'newsletter_send_all', 'success', NULL, '2013-01-31 22:51:01', '2013-01-31 23:00:00', '2013-01-31 23:00:09', '2013-01-31 23:00:09'),
(5299, 'newsletter_send_all', 'pending', NULL, '2013-01-31 22:51:01', '2013-01-31 23:05:00', NULL, NULL),
(5300, 'newsletter_send_all', 'pending', NULL, '2013-01-31 22:51:01', '2013-01-31 23:10:00', NULL, NULL),
(5301, 'xmlconnect_notification_send_all', 'success', NULL, '2013-01-31 22:51:01', '2013-01-31 23:00:00', '2013-01-31 23:00:09', '2013-01-31 23:00:09'),
(5302, 'xmlconnect_notification_send_all', 'pending', NULL, '2013-01-31 22:51:01', '2013-01-31 23:05:00', NULL, NULL),
(5303, 'xmlconnect_notification_send_all', 'pending', NULL, '2013-01-31 22:51:01', '2013-01-31 23:10:00', NULL, NULL);

-- --------------------------------------------------------

--
-- Table structure for table`mg_customer_address_entity`
--

CREATE TABLE `mg_customer_address_entity` (
  `entity_id` int(10) unsigned NOT NULL AUTO_INCREMENT COMMENT 'Entity Id',
  `entity_type_id` smallint(5) unsigned NOT NULL DEFAULT '0' COMMENT 'Entity Type Id',
  `attribute_set_id` smallint(5) unsigned NOT NULL DEFAULT '0' COMMENT 'Attribute Set Id',
  `increment_id` varchar(50) DEFAULT NULL COMMENT 'Increment Id',
  `parent_id` int(10) unsigned DEFAULT NULL COMMENT 'Parent Id',
  `created_at` timestamp NOT NULL DEFAULT CURRENT_TIMESTAMP ON UPDATE CURRENT_TIMESTAMP COMMENT 'Created At',
  `updated_at` timestamp NOT NULL DEFAULT '0000-00-00 00:00:00' COMMENT 'Updated At',
  `is_active` smallint(5) unsigned NOT NULL DEFAULT '1' COMMENT 'Is Active',
  PRIMARY KEY (`entity_id`),
  KEY `IDX_mg_CUSTOMER_ADDRESS_ENTITY_PARENT_ID` (`parent_id`)
) ENGINE=InnoDB DEFAULT CHARSET=utf8 COMMENT='Customer Address Entity' AUTO_INCREMENT=1 ;

-- --------------------------------------------------------

--
-- Table structure for table`mg_customer_address_entity_datetime`
--

CREATE TABLE `mg_customer_address_entity_datetime` (
  `value_id` int(11) NOT NULL AUTO_INCREMENT COMMENT 'Value Id',
  `entity_type_id` smallint(5) unsigned NOT NULL DEFAULT '0' COMMENT 'Entity Type Id',
  `attribute_id` smallint(5) unsigned NOT NULL DEFAULT '0' COMMENT 'Attribute Id',
  `entity_id` int(10) unsigned NOT NULL DEFAULT '0' COMMENT 'Entity Id',
  `value` datetime NOT NULL DEFAULT '0000-00-00 00:00:00' COMMENT 'Value',
  PRIMARY KEY (`value_id`),
  UNIQUE KEY `UNQ_mg_CSTR_ADDR_ENTT_DTIME_ENTT_ID_ATTR_ID` (`entity_id`,`attribute_id`),
  KEY `IDX_mg_CUSTOMER_ADDRESS_ENTITY_DATETIME_ENTITY_TYPE_ID` (`entity_type_id`),
  KEY `IDX_mg_CUSTOMER_ADDRESS_ENTITY_DATETIME_ATTRIBUTE_ID` (`attribute_id`),
  KEY `IDX_mg_CUSTOMER_ADDRESS_ENTITY_DATETIME_ENTITY_ID` (`entity_id`),
  KEY `IDX_mg_CSTR_ADDR_ENTT_DTIME_ENTT_ID_ATTR_ID_VAL` (`entity_id`,`attribute_id`,`value`)
) ENGINE=InnoDB DEFAULT CHARSET=utf8 COMMENT='Customer Address Entity Datetime' AUTO_INCREMENT=1 ;

-- --------------------------------------------------------

--
-- Table structure for table`mg_customer_address_entity_decimal`
--

CREATE TABLE `mg_customer_address_entity_decimal` (
  `value_id` int(11) NOT NULL AUTO_INCREMENT COMMENT 'Value Id',
  `entity_type_id` smallint(5) unsigned NOT NULL DEFAULT '0' COMMENT 'Entity Type Id',
  `attribute_id` smallint(5) unsigned NOT NULL DEFAULT '0' COMMENT 'Attribute Id',
  `entity_id` int(10) unsigned NOT NULL DEFAULT '0' COMMENT 'Entity Id',
  `value` decimal(12,4) NOT NULL DEFAULT '0.0000' COMMENT 'Value',
  PRIMARY KEY (`value_id`),
  UNIQUE KEY `UNQ_mg_CUSTOMER_ADDRESS_ENTITY_DECIMAL_ENTITY_ID_ATTRIBUTE_ID` (`entity_id`,`attribute_id`),
  KEY `IDX_mg_CUSTOMER_ADDRESS_ENTITY_DECIMAL_ENTITY_TYPE_ID` (`entity_type_id`),
  KEY `IDX_mg_CUSTOMER_ADDRESS_ENTITY_DECIMAL_ATTRIBUTE_ID` (`attribute_id`),
  KEY `IDX_mg_CUSTOMER_ADDRESS_ENTITY_DECIMAL_ENTITY_ID` (`entity_id`),
  KEY `IDX_mg_CSTR_ADDR_ENTT_DEC_ENTT_ID_ATTR_ID_VAL` (`entity_id`,`attribute_id`,`value`)
) ENGINE=InnoDB DEFAULT CHARSET=utf8 COMMENT='Customer Address Entity Decimal' AUTO_INCREMENT=1 ;

-- --------------------------------------------------------

--
-- Table structure for table`mg_customer_address_entity_int`
--

CREATE TABLE `mg_customer_address_entity_int` (
  `value_id` int(11) NOT NULL AUTO_INCREMENT COMMENT 'Value Id',
  `entity_type_id` smallint(5) unsigned NOT NULL DEFAULT '0' COMMENT 'Entity Type Id',
  `attribute_id` smallint(5) unsigned NOT NULL DEFAULT '0' COMMENT 'Attribute Id',
  `entity_id` int(10) unsigned NOT NULL DEFAULT '0' COMMENT 'Entity Id',
  `value` int(11) NOT NULL DEFAULT '0' COMMENT 'Value',
  PRIMARY KEY (`value_id`),
  UNIQUE KEY `UNQ_mg_CUSTOMER_ADDRESS_ENTITY_INT_ENTITY_ID_ATTRIBUTE_ID` (`entity_id`,`attribute_id`),
  KEY `IDX_mg_CUSTOMER_ADDRESS_ENTITY_INT_ENTITY_TYPE_ID` (`entity_type_id`),
  KEY `IDX_mg_CUSTOMER_ADDRESS_ENTITY_INT_ATTRIBUTE_ID` (`attribute_id`),
  KEY `IDX_mg_CUSTOMER_ADDRESS_ENTITY_INT_ENTITY_ID` (`entity_id`),
  KEY `IDX_mg_CSTR_ADDR_ENTT_INT_ENTT_ID_ATTR_ID_VAL` (`entity_id`,`attribute_id`,`value`)
) ENGINE=InnoDB DEFAULT CHARSET=utf8 COMMENT='Customer Address Entity Int' AUTO_INCREMENT=1 ;

-- --------------------------------------------------------

--
-- Table structure for table`mg_customer_address_entity_text`
--

CREATE TABLE `mg_customer_address_entity_text` (
  `value_id` int(11) NOT NULL AUTO_INCREMENT COMMENT 'Value Id',
  `entity_type_id` smallint(5) unsigned NOT NULL DEFAULT '0' COMMENT 'Entity Type Id',
  `attribute_id` smallint(5) unsigned NOT NULL DEFAULT '0' COMMENT 'Attribute Id',
  `entity_id` int(10) unsigned NOT NULL DEFAULT '0' COMMENT 'Entity Id',
  `value` text NOT NULL COMMENT 'Value',
  PRIMARY KEY (`value_id`),
  UNIQUE KEY `UNQ_mg_CUSTOMER_ADDRESS_ENTITY_TEXT_ENTITY_ID_ATTRIBUTE_ID` (`entity_id`,`attribute_id`),
  KEY `IDX_mg_CUSTOMER_ADDRESS_ENTITY_TEXT_ENTITY_TYPE_ID` (`entity_type_id`),
  KEY `IDX_mg_CUSTOMER_ADDRESS_ENTITY_TEXT_ATTRIBUTE_ID` (`attribute_id`),
  KEY `IDX_mg_CUSTOMER_ADDRESS_ENTITY_TEXT_ENTITY_ID` (`entity_id`)
) ENGINE=InnoDB DEFAULT CHARSET=utf8 COMMENT='Customer Address Entity Text' AUTO_INCREMENT=1 ;

-- --------------------------------------------------------

--
-- Table structure for table`mg_customer_address_entity_varchar`
--

CREATE TABLE `mg_customer_address_entity_varchar` (
  `value_id` int(11) NOT NULL AUTO_INCREMENT COMMENT 'Value Id',
  `entity_type_id` smallint(5) unsigned NOT NULL DEFAULT '0' COMMENT 'Entity Type Id',
  `attribute_id` smallint(5) unsigned NOT NULL DEFAULT '0' COMMENT 'Attribute Id',
  `entity_id` int(10) unsigned NOT NULL DEFAULT '0' COMMENT 'Entity Id',
  `value` varchar(255) DEFAULT NULL COMMENT 'Value',
  PRIMARY KEY (`value_id`),
  UNIQUE KEY `UNQ_mg_CUSTOMER_ADDRESS_ENTITY_VARCHAR_ENTITY_ID_ATTRIBUTE_ID` (`entity_id`,`attribute_id`),
  KEY `IDX_mg_CUSTOMER_ADDRESS_ENTITY_VARCHAR_ENTITY_TYPE_ID` (`entity_type_id`),
  KEY `IDX_mg_CUSTOMER_ADDRESS_ENTITY_VARCHAR_ATTRIBUTE_ID` (`attribute_id`),
  KEY `IDX_mg_CUSTOMER_ADDRESS_ENTITY_VARCHAR_ENTITY_ID` (`entity_id`),
  KEY `IDX_mg_CSTR_ADDR_ENTT_VCHR_ENTT_ID_ATTR_ID_VAL` (`entity_id`,`attribute_id`,`value`)
) ENGINE=InnoDB DEFAULT CHARSET=utf8 COMMENT='Customer Address Entity Varchar' AUTO_INCREMENT=1 ;

-- --------------------------------------------------------

--
-- Table structure for table`mg_customer_eav_attribute`
--

CREATE TABLE `mg_customer_eav_attribute` (
  `attribute_id` smallint(5) unsigned NOT NULL COMMENT 'Attribute Id',
  `is_visible` smallint(5) unsigned NOT NULL DEFAULT '1' COMMENT 'Is Visible',
  `input_filter` varchar(255) DEFAULT NULL COMMENT 'Input Filter',
  `multiline_count` smallint(5) unsigned NOT NULL DEFAULT '1' COMMENT 'Multiline Count',
  `validate_rules` text COMMENT 'Validate Rules',
  `is_system` smallint(5) unsigned NOT NULL DEFAULT '0' COMMENT 'Is System',
  `sort_order` int(10) unsigned NOT NULL DEFAULT '0' COMMENT 'Sort Order',
  `data_model` varchar(255) DEFAULT NULL COMMENT 'Data Model',
  PRIMARY KEY (`attribute_id`)
) ENGINE=InnoDB DEFAULT CHARSET=utf8 COMMENT='Customer Eav Attribute';

--
-- Dumping data for table 'mg_customer_eav_attribute'
--

INSERT INTO `mg_customer_eav_attribute` VALUES
(1, 1, NULL, 0, NULL, 1, 10, NULL),
(2, 0, NULL, 0, NULL, 1, 0, NULL),
(3, 1, NULL, 0, NULL, 1, 20, NULL),
(4, 0, NULL, 0, NULL, 0, 30, NULL),
(5, 1, NULL, 0, 'a:2:{s:15:"max_text_length";i:255;s:15:"min_text_length";i:1;}', 1, 40, NULL),
(6, 0, NULL, 0, NULL, 0, 50, NULL),
(7, 1, NULL, 0, 'a:2:{s:15:"max_text_length";i:255;s:15:"min_text_length";i:1;}', 1, 60, NULL),
(8, 0, NULL, 0, NULL, 0, 70, NULL),
(9, 1, NULL, 0, 'a:1:{s:16:"input_validation";s:5:"email";}', 1, 80, NULL),
(10, 1, NULL, 0, NULL, 1, 25, NULL),
(11, 0, 'date', 0, 'a:1:{s:16:"input_validation";s:4:"date";}', 0, 90, NULL),
(12, 0, NULL, 0, NULL, 1, 0, NULL),
(13, 0, NULL, 0, NULL, 1, 0, NULL),
(14, 0, NULL, 0, NULL, 1, 0, NULL),
(15, 0, NULL, 0, 'a:1:{s:15:"max_text_length";i:255;}', 0, 100, NULL),
(16, 0, NULL, 0, NULL, 1, 0, NULL),
(17, 0, NULL, 0, NULL, 0, 0, NULL),
(18, 0, NULL, 0, 'a:0:{}', 0, 110, NULL),
(19, 0, NULL, 0, NULL, 0, 10, NULL),
(20, 1, NULL, 0, 'a:2:{s:15:"max_text_length";i:255;s:15:"min_text_length";i:1;}', 1, 20, NULL),
(21, 0, NULL, 0, NULL, 0, 30, NULL),
(22, 1, NULL, 0, 'a:2:{s:15:"max_text_length";i:255;s:15:"min_text_length";i:1;}', 1, 40, NULL),
(23, 0, NULL, 0, NULL, 0, 50, NULL),
(24, 1, NULL, 0, 'a:2:{s:15:"max_text_length";i:255;s:15:"min_text_length";i:1;}', 1, 60, NULL),
(25, 1, NULL, 2, 'a:2:{s:15:"max_text_length";i:255;s:15:"min_text_length";i:1;}', 1, 70, NULL),
(26, 1, NULL, 0, 'a:2:{s:15:"max_text_length";i:255;s:15:"min_text_length";i:1;}', 1, 80, NULL),
(27, 1, NULL, 0, NULL, 1, 90, NULL),
(28, 1, NULL, 0, NULL, 1, 100, NULL),
(29, 1, NULL, 0, NULL, 1, 100, NULL),
(30, 1, NULL, 0, 'a:0:{}', 1, 110, 'customer/attribute_data_postcode'),
(31, 1, NULL, 0, 'a:2:{s:15:"max_text_length";i:255;s:15:"min_text_length";i:1;}', 1, 120, NULL),
(32, 1, NULL, 0, 'a:2:{s:15:"max_text_length";i:255;s:15:"min_text_length";i:1;}', 1, 130, NULL),
(33, 0, NULL, 0, NULL, 1, 0, NULL),
(34, 0, NULL, 0, 'a:1:{s:16:"input_validation";s:4:"date";}', 1, 0, NULL),
(35, 1, NULL, 0, NULL, 1, 28, NULL),
(36, 1, NULL, 0, NULL, 1, 140, NULL),
(37, 0, NULL, 0, NULL, 1, 0, NULL),
(38, 0, NULL, 0, NULL, 1, 0, NULL),
(39, 0, NULL, 0, NULL, 1, 0, NULL),
(40, 0, NULL, 0, NULL, 1, 0, NULL);

-- --------------------------------------------------------

--
-- Table structure for table`mg_customer_eav_attribute_website`
--

CREATE TABLE `mg_customer_eav_attribute_website` (
  `attribute_id` smallint(5) unsigned NOT NULL COMMENT 'Attribute Id',
  `website_id` smallint(5) unsigned NOT NULL COMMENT 'Website Id',
  `is_visible` smallint(5) unsigned DEFAULT NULL COMMENT 'Is Visible',
  `is_required` smallint(5) unsigned DEFAULT NULL COMMENT 'Is Required',
  `default_value` text COMMENT 'Default Value',
  `multiline_count` smallint(5) unsigned DEFAULT NULL COMMENT 'Multiline Count',
  PRIMARY KEY (`attribute_id`,`website_id`),
  KEY `IDX_mg_CUSTOMER_EAV_ATTRIBUTE_WEBSITE_WEBSITE_ID` (`website_id`)
) ENGINE=InnoDB DEFAULT CHARSET=utf8 COMMENT='Customer Eav Attribute Website';

-- --------------------------------------------------------

--
-- Table structure for table`mg_customer_entity`
--

CREATE TABLE `mg_customer_entity` (
  `entity_id` int(10) unsigned NOT NULL AUTO_INCREMENT COMMENT 'Entity Id',
  `entity_type_id` smallint(5) unsigned NOT NULL DEFAULT '0' COMMENT 'Entity Type Id',
  `attribute_set_id` smallint(5) unsigned NOT NULL DEFAULT '0' COMMENT 'Attribute Set Id',
  `website_id` smallint(5) unsigned DEFAULT NULL COMMENT 'Website Id',
  `email` varchar(255) DEFAULT NULL COMMENT 'Email',
  `group_id` smallint(5) unsigned NOT NULL DEFAULT '0' COMMENT 'Group Id',
  `increment_id` varchar(50) DEFAULT NULL COMMENT 'Increment Id',
  `store_id` smallint(5) unsigned DEFAULT '0' COMMENT 'Store Id',
  `created_at` timestamp NOT NULL DEFAULT CURRENT_TIMESTAMP ON UPDATE CURRENT_TIMESTAMP COMMENT 'Created At',
  `updated_at` timestamp NOT NULL DEFAULT '0000-00-00 00:00:00' COMMENT 'Updated At',
  `is_active` smallint(5) unsigned NOT NULL DEFAULT '1' COMMENT 'Is Active',
  `disable_auto_group_change` smallint(5) unsigned NOT NULL DEFAULT '0' COMMENT 'Disable automatic group change based on VAT ID',
  PRIMARY KEY (`entity_id`),
  KEY `IDX_mg_CUSTOMER_ENTITY_STORE_ID` (`store_id`),
  KEY `IDX_mg_CUSTOMER_ENTITY_ENTITY_TYPE_ID` (`entity_type_id`),
  KEY `IDX_mg_CUSTOMER_ENTITY_EMAIL_WEBSITE_ID` (`email`,`website_id`),
  KEY `IDX_mg_CUSTOMER_ENTITY_WEBSITE_ID` (`website_id`)
) ENGINE=InnoDB  DEFAULT CHARSET=utf8 COMMENT='Customer Entity' AUTO_INCREMENT=2 ;

--
-- Dumping data for table 'mg_customer_entity'
--

INSERT INTO `mg_customer_entity` VALUES
(1, 1, 0, 1, 'vanwang@meribello.com', 1, NULL, 1, '2013-01-31 18:53:13', '2013-01-31 18:53:13', 1, 0);

-- --------------------------------------------------------

--
-- Table structure for table`mg_customer_entity_datetime`
--

CREATE TABLE `mg_customer_entity_datetime` (
  `value_id` int(11) NOT NULL AUTO_INCREMENT COMMENT 'Value Id',
  `entity_type_id` smallint(5) unsigned NOT NULL DEFAULT '0' COMMENT 'Entity Type Id',
  `attribute_id` smallint(5) unsigned NOT NULL DEFAULT '0' COMMENT 'Attribute Id',
  `entity_id` int(10) unsigned NOT NULL DEFAULT '0' COMMENT 'Entity Id',
  `value` datetime NOT NULL DEFAULT '0000-00-00 00:00:00' COMMENT 'Value',
  PRIMARY KEY (`value_id`),
  UNIQUE KEY `UNQ_mg_CUSTOMER_ENTITY_DATETIME_ENTITY_ID_ATTRIBUTE_ID` (`entity_id`,`attribute_id`),
  KEY `IDX_mg_CUSTOMER_ENTITY_DATETIME_ENTITY_TYPE_ID` (`entity_type_id`),
  KEY `IDX_mg_CUSTOMER_ENTITY_DATETIME_ATTRIBUTE_ID` (`attribute_id`),
  KEY `IDX_mg_CUSTOMER_ENTITY_DATETIME_ENTITY_ID` (`entity_id`),
  KEY `IDX_mg_CUSTOMER_ENTITY_DATETIME_ENTITY_ID_ATTRIBUTE_ID_VALUE` (`entity_id`,`attribute_id`,`value`)
) ENGINE=InnoDB DEFAULT CHARSET=utf8 COMMENT='Customer Entity Datetime' AUTO_INCREMENT=1 ;

-- --------------------------------------------------------

--
-- Table structure for table`mg_customer_entity_decimal`
--

CREATE TABLE `mg_customer_entity_decimal` (
  `value_id` int(11) NOT NULL AUTO_INCREMENT COMMENT 'Value Id',
  `entity_type_id` smallint(5) unsigned NOT NULL DEFAULT '0' COMMENT 'Entity Type Id',
  `attribute_id` smallint(5) unsigned NOT NULL DEFAULT '0' COMMENT 'Attribute Id',
  `entity_id` int(10) unsigned NOT NULL DEFAULT '0' COMMENT 'Entity Id',
  `value` decimal(12,4) NOT NULL DEFAULT '0.0000' COMMENT 'Value',
  PRIMARY KEY (`value_id`),
  UNIQUE KEY `UNQ_mg_CUSTOMER_ENTITY_DECIMAL_ENTITY_ID_ATTRIBUTE_ID` (`entity_id`,`attribute_id`),
  KEY `IDX_mg_CUSTOMER_ENTITY_DECIMAL_ENTITY_TYPE_ID` (`entity_type_id`),
  KEY `IDX_mg_CUSTOMER_ENTITY_DECIMAL_ATTRIBUTE_ID` (`attribute_id`),
  KEY `IDX_mg_CUSTOMER_ENTITY_DECIMAL_ENTITY_ID` (`entity_id`),
  KEY `IDX_mg_CUSTOMER_ENTITY_DECIMAL_ENTITY_ID_ATTRIBUTE_ID_VALUE` (`entity_id`,`attribute_id`,`value`)
) ENGINE=InnoDB DEFAULT CHARSET=utf8 COMMENT='Customer Entity Decimal' AUTO_INCREMENT=1 ;

-- --------------------------------------------------------

--
-- Table structure for table`mg_customer_entity_int`
--

CREATE TABLE `mg_customer_entity_int` (
  `value_id` int(11) NOT NULL AUTO_INCREMENT COMMENT 'Value Id',
  `entity_type_id` smallint(5) unsigned NOT NULL DEFAULT '0' COMMENT 'Entity Type Id',
  `attribute_id` smallint(5) unsigned NOT NULL DEFAULT '0' COMMENT 'Attribute Id',
  `entity_id` int(10) unsigned NOT NULL DEFAULT '0' COMMENT 'Entity Id',
  `value` int(11) NOT NULL DEFAULT '0' COMMENT 'Value',
  PRIMARY KEY (`value_id`),
  UNIQUE KEY `UNQ_mg_CUSTOMER_ENTITY_INT_ENTITY_ID_ATTRIBUTE_ID` (`entity_id`,`attribute_id`),
  KEY `IDX_mg_CUSTOMER_ENTITY_INT_ENTITY_TYPE_ID` (`entity_type_id`),
  KEY `IDX_mg_CUSTOMER_ENTITY_INT_ATTRIBUTE_ID` (`attribute_id`),
  KEY `IDX_mg_CUSTOMER_ENTITY_INT_ENTITY_ID` (`entity_id`),
  KEY `IDX_mg_CUSTOMER_ENTITY_INT_ENTITY_ID_ATTRIBUTE_ID_VALUE` (`entity_id`,`attribute_id`,`value`)
) ENGINE=InnoDB DEFAULT CHARSET=utf8 COMMENT='Customer Entity Int' AUTO_INCREMENT=1 ;

-- --------------------------------------------------------

--
-- Table structure for table`mg_customer_entity_text`
--

CREATE TABLE `mg_customer_entity_text` (
  `value_id` int(11) NOT NULL AUTO_INCREMENT COMMENT 'Value Id',
  `entity_type_id` smallint(5) unsigned NOT NULL DEFAULT '0' COMMENT 'Entity Type Id',
  `attribute_id` smallint(5) unsigned NOT NULL DEFAULT '0' COMMENT 'Attribute Id',
  `entity_id` int(10) unsigned NOT NULL DEFAULT '0' COMMENT 'Entity Id',
  `value` text NOT NULL COMMENT 'Value',
  PRIMARY KEY (`value_id`),
  UNIQUE KEY `UNQ_mg_CUSTOMER_ENTITY_TEXT_ENTITY_ID_ATTRIBUTE_ID` (`entity_id`,`attribute_id`),
  KEY `IDX_mg_CUSTOMER_ENTITY_TEXT_ENTITY_TYPE_ID` (`entity_type_id`),
  KEY `IDX_mg_CUSTOMER_ENTITY_TEXT_ATTRIBUTE_ID` (`attribute_id`),
  KEY `IDX_mg_CUSTOMER_ENTITY_TEXT_ENTITY_ID` (`entity_id`)
) ENGINE=InnoDB DEFAULT CHARSET=utf8 COMMENT='Customer Entity Text' AUTO_INCREMENT=1 ;

-- --------------------------------------------------------

--
-- Table structure for table`mg_customer_entity_varchar`
--

CREATE TABLE `mg_customer_entity_varchar` (
  `value_id` int(11) NOT NULL AUTO_INCREMENT COMMENT 'Value Id',
  `entity_type_id` smallint(5) unsigned NOT NULL DEFAULT '0' COMMENT 'Entity Type Id',
  `attribute_id` smallint(5) unsigned NOT NULL DEFAULT '0' COMMENT 'Attribute Id',
  `entity_id` int(10) unsigned NOT NULL DEFAULT '0' COMMENT 'Entity Id',
  `value` varchar(255) DEFAULT NULL COMMENT 'Value',
  PRIMARY KEY (`value_id`),
  UNIQUE KEY `UNQ_mg_CUSTOMER_ENTITY_VARCHAR_ENTITY_ID_ATTRIBUTE_ID` (`entity_id`,`attribute_id`),
  KEY `IDX_mg_CUSTOMER_ENTITY_VARCHAR_ENTITY_TYPE_ID` (`entity_type_id`),
  KEY `IDX_mg_CUSTOMER_ENTITY_VARCHAR_ATTRIBUTE_ID` (`attribute_id`),
  KEY `IDX_mg_CUSTOMER_ENTITY_VARCHAR_ENTITY_ID` (`entity_id`),
  KEY `IDX_mg_CUSTOMER_ENTITY_VARCHAR_ENTITY_ID_ATTRIBUTE_ID_VALUE` (`entity_id`,`attribute_id`,`value`)
) ENGINE=InnoDB  DEFAULT CHARSET=utf8 COMMENT='Customer Entity Varchar' AUTO_INCREMENT=7 ;

--
-- Dumping data for table 'mg_customer_entity_varchar'
--

INSERT INTO `mg_customer_entity_varchar` VALUES
(1, 1, 5, 1, 'Van'),
(2, 1, 7, 1, 'Wang'),
(3, 1, 12, 1, '4444d1a9de3c8c31c1aa79e326f62389:nm'),
(5, 1, 3, 1, 'Default Store View');

-- --------------------------------------------------------

--
-- Table structure for table`mg_customer_form_attribute`
--

CREATE TABLE `mg_customer_form_attribute` (
  `form_code` varchar(32) NOT NULL COMMENT 'Form Code',
  `attribute_id` smallint(5) unsigned NOT NULL COMMENT 'Attribute Id',
  PRIMARY KEY (`form_code`,`attribute_id`),
  KEY `IDX_mg_CUSTOMER_FORM_ATTRIBUTE_ATTRIBUTE_ID` (`attribute_id`)
) ENGINE=InnoDB DEFAULT CHARSET=utf8 COMMENT='Customer Form Attribute';

--
-- Dumping data for table 'mg_customer_form_attribute'
--

INSERT INTO `mg_customer_form_attribute` VALUES
('adminhtml_customer', 1),
('adminhtml_customer', 3),
('adminhtml_customer', 4),
('checkout_register', 4),
('customer_account_create', 4),
('customer_account_edit', 4),
('adminhtml_customer', 5),
('checkout_register', 5),
('customer_account_create', 5),
('customer_account_edit', 5),
('adminhtml_customer', 6),
('checkout_register', 6),
('customer_account_create', 6),
('customer_account_edit', 6),
('adminhtml_customer', 7),
('checkout_register', 7),
('customer_account_create', 7),
('customer_account_edit', 7),
('adminhtml_customer', 8),
('checkout_register', 8),
('customer_account_create', 8),
('customer_account_edit', 8),
('adminhtml_checkout', 9),
('adminhtml_customer', 9),
('checkout_register', 9),
('customer_account_create', 9),
('customer_account_edit', 9),
('adminhtml_checkout', 10),
('adminhtml_customer', 10),
('adminhtml_checkout', 11),
('adminhtml_customer', 11),
('checkout_register', 11),
('customer_account_create', 11),
('customer_account_edit', 11),
('adminhtml_checkout', 15),
('adminhtml_customer', 15),
('checkout_register', 15),
('customer_account_create', 15),
('customer_account_edit', 15),
('adminhtml_customer', 17),
('checkout_register', 17),
('customer_account_create', 17),
('customer_account_edit', 17),
('adminhtml_checkout', 18),
('adminhtml_customer', 18),
('checkout_register', 18),
('customer_account_create', 18),
('customer_account_edit', 18),
('adminhtml_customer_address', 19),
('customer_address_edit', 19),
('customer_register_address', 19),
('adminhtml_customer_address', 20),
('customer_address_edit', 20),
('customer_register_address', 20),
('adminhtml_customer_address', 21),
('customer_address_edit', 21),
('customer_register_address', 21),
('adminhtml_customer_address', 22),
('customer_address_edit', 22),
('customer_register_address', 22),
('adminhtml_customer_address', 23),
('customer_address_edit', 23),
('customer_register_address', 23),
('adminhtml_customer_address', 24),
('customer_address_edit', 24),
('customer_register_address', 24),
('adminhtml_customer_address', 25),
('customer_address_edit', 25),
('customer_register_address', 25),
('adminhtml_customer_address', 26),
('customer_address_edit', 26),
('customer_register_address', 26),
('adminhtml_customer_address', 27),
('customer_address_edit', 27),
('customer_register_address', 27),
('adminhtml_customer_address', 28),
('customer_address_edit', 28),
('customer_register_address', 28),
('adminhtml_customer_address', 29),
('customer_address_edit', 29),
('customer_register_address', 29),
('adminhtml_customer_address', 30),
('customer_address_edit', 30),
('customer_register_address', 30),
('adminhtml_customer_address', 31),
('customer_address_edit', 31),
('customer_register_address', 31),
('adminhtml_customer_address', 32),
('customer_address_edit', 32),
('customer_register_address', 32),
('adminhtml_customer', 35),
('adminhtml_customer_address', 36),
('customer_address_edit', 36),
('customer_register_address', 36);

-- --------------------------------------------------------

--
-- Table structure for table`mg_customer_group`
--

CREATE TABLE `mg_customer_group` (
  `customer_group_id` smallint(5) unsigned NOT NULL AUTO_INCREMENT COMMENT 'Customer Group Id',
  `customer_group_code` varchar(32) NOT NULL COMMENT 'Customer Group Code',
  `tax_class_id` int(10) unsigned NOT NULL DEFAULT '0' COMMENT 'Tax Class Id',
  PRIMARY KEY (`customer_group_id`)
) ENGINE=InnoDB  DEFAULT CHARSET=utf8 COMMENT='Customer Group' AUTO_INCREMENT=4 ;

--
-- Dumping data for table 'mg_customer_group'
--

INSERT INTO `mg_customer_group` VALUES
(0, 'NOT LOGGED IN', 3),
(1, 'General', 3),
(2, 'Wholesale', 3),
(3, 'Retailer', 3);

-- --------------------------------------------------------

--
-- Table structure for table`mg_dataflow_batch`
--

CREATE TABLE `mg_dataflow_batch` (
  `batch_id` int(10) unsigned NOT NULL AUTO_INCREMENT COMMENT 'Batch Id',
  `profile_id` int(10) unsigned NOT NULL DEFAULT '0' COMMENT 'Profile ID',
  `store_id` smallint(5) unsigned NOT NULL DEFAULT '0' COMMENT 'Store Id',
  `adapter` varchar(128) DEFAULT NULL COMMENT 'Adapter',
  `params` text COMMENT 'Parameters',
  `created_at` timestamp NULL DEFAULT NULL COMMENT 'Created At',
  PRIMARY KEY (`batch_id`),
  KEY `IDX_mg_DATAFLOW_BATCH_PROFILE_ID` (`profile_id`),
  KEY `IDX_mg_DATAFLOW_BATCH_STORE_ID` (`store_id`),
  KEY `IDX_mg_DATAFLOW_BATCH_CREATED_AT` (`created_at`)
) ENGINE=InnoDB DEFAULT CHARSET=utf8 COMMENT='Dataflow Batch' AUTO_INCREMENT=1 ;

-- --------------------------------------------------------

--
-- Table structure for table`mg_dataflow_batch_export`
--

CREATE TABLE `mg_dataflow_batch_export` (
  `batch_export_id` bigint(20) unsigned NOT NULL AUTO_INCREMENT COMMENT 'Batch Export Id',
  `batch_id` int(10) unsigned NOT NULL DEFAULT '0' COMMENT 'Batch Id',
  `batch_data` longtext COMMENT 'Batch Data',
  `status` smallint(5) unsigned NOT NULL DEFAULT '0' COMMENT 'Status',
  PRIMARY KEY (`batch_export_id`),
  KEY `IDX_mg_DATAFLOW_BATCH_EXPORT_BATCH_ID` (`batch_id`)
) ENGINE=InnoDB DEFAULT CHARSET=utf8 COMMENT='Dataflow Batch Export' AUTO_INCREMENT=1 ;

-- --------------------------------------------------------

--
-- Table structure for table`mg_dataflow_batch_import`
--

CREATE TABLE `mg_dataflow_batch_import` (
  `batch_import_id` bigint(20) unsigned NOT NULL AUTO_INCREMENT COMMENT 'Batch Import Id',
  `batch_id` int(10) unsigned NOT NULL DEFAULT '0' COMMENT 'Batch Id',
  `batch_data` longtext COMMENT 'Batch Data',
  `status` smallint(5) unsigned NOT NULL DEFAULT '0' COMMENT 'Status',
  PRIMARY KEY (`batch_import_id`),
  KEY `IDX_mg_DATAFLOW_BATCH_IMPORT_BATCH_ID` (`batch_id`)
) ENGINE=InnoDB DEFAULT CHARSET=utf8 COMMENT='Dataflow Batch Import' AUTO_INCREMENT=1 ;

-- --------------------------------------------------------

--
-- Table structure for table`mg_dataflow_import_data`
--

CREATE TABLE `mg_dataflow_import_data` (
  `import_id` int(11) NOT NULL AUTO_INCREMENT COMMENT 'Import Id',
  `session_id` int(11) DEFAULT NULL COMMENT 'Session Id',
  `serial_number` int(11) NOT NULL DEFAULT '0' COMMENT 'Serial Number',
  `value` text COMMENT 'Value',
  `status` int(11) NOT NULL DEFAULT '0' COMMENT 'Status',
  PRIMARY KEY (`import_id`),
  KEY `IDX_mg_DATAFLOW_IMPORT_DATA_SESSION_ID` (`session_id`)
) ENGINE=InnoDB DEFAULT CHARSET=utf8 COMMENT='Dataflow Import Data' AUTO_INCREMENT=1 ;

-- --------------------------------------------------------

--
-- Table structure for table`mg_dataflow_profile`
--

CREATE TABLE `mg_dataflow_profile` (
  `profile_id` int(10) unsigned NOT NULL AUTO_INCREMENT COMMENT 'Profile Id',
  `name` varchar(255) DEFAULT NULL COMMENT 'Name',
  `created_at` timestamp NULL DEFAULT NULL COMMENT 'Created At',
  `updated_at` timestamp NULL DEFAULT NULL COMMENT 'Updated At',
  `actions_xml` text COMMENT 'Actions Xml',
  `gui_data` text COMMENT 'Gui Data',
  `direction` varchar(6) DEFAULT NULL COMMENT 'Direction',
  `entity_type` varchar(64) DEFAULT NULL COMMENT 'Entity Type',
  `store_id` smallint(5) unsigned NOT NULL DEFAULT '0' COMMENT 'Store Id',
  `data_transfer` varchar(11) DEFAULT NULL COMMENT 'Data Transfer',
  PRIMARY KEY (`profile_id`)
) ENGINE=InnoDB  DEFAULT CHARSET=utf8 COMMENT='Dataflow Profile' AUTO_INCREMENT=7 ;



-- --------------------------------------------------------

--
-- Table structure for table`mg_dataflow_profile_history`
--

CREATE TABLE `mg_dataflow_profile_history` (
  `history_id` int(10) unsigned NOT NULL AUTO_INCREMENT COMMENT 'History Id',
  `profile_id` int(10) unsigned NOT NULL DEFAULT '0' COMMENT 'Profile Id',
  `action_code` varchar(64) DEFAULT NULL COMMENT 'Action Code',
  `user_id` int(10) unsigned NOT NULL DEFAULT '0' COMMENT 'User Id',
  `performed_at` timestamp NULL DEFAULT NULL COMMENT 'Performed At',
  PRIMARY KEY (`history_id`),
  KEY `IDX_mg_DATAFLOW_PROFILE_HISTORY_PROFILE_ID` (`profile_id`)
) ENGINE=InnoDB  DEFAULT CHARSET=utf8 COMMENT='Dataflow Profile History' AUTO_INCREMENT=7 ;

--
-- Dumping data for table 'mg_dataflow_profile_history'
--

INSERT INTO `mg_dataflow_profile_history` VALUES
(1, 1, 'create', 0, '2013-01-24 12:06:24'),
(2, 2, 'create', 0, '2013-01-24 12:06:24'),
(3, 3, 'create', 0, '2013-01-24 12:06:24'),
(4, 4, 'create', 0, '2013-01-24 12:06:24'),
(5, 5, 'create', 0, '2013-01-24 12:06:24'),
(6, 6, 'create', 0, '2013-01-24 12:06:24');

-- --------------------------------------------------------

--
-- Table structure for table`mg_dataflow_session`
--

CREATE TABLE `mg_dataflow_session` (
  `session_id` int(11) NOT NULL AUTO_INCREMENT COMMENT 'Session Id',
  `user_id` int(11) NOT NULL COMMENT 'User Id',
  `created_date` timestamp NULL DEFAULT NULL COMMENT 'Created Date',
  `file` varchar(255) DEFAULT NULL COMMENT 'File',
  `type` varchar(32) DEFAULT NULL COMMENT 'Type',
  `direction` varchar(32) DEFAULT NULL COMMENT 'Direction',
  `comment` varchar(255) DEFAULT NULL COMMENT 'Comment',
  PRIMARY KEY (`session_id`)
) ENGINE=InnoDB DEFAULT CHARSET=utf8 COMMENT='Dataflow Session' AUTO_INCREMENT=1 ;

-- --------------------------------------------------------

--
-- Table structure for table`mg_design_change`
--

CREATE TABLE `mg_design_change` (
  `design_change_id` int(11) NOT NULL AUTO_INCREMENT COMMENT 'Design Change Id',
  `store_id` smallint(5) unsigned NOT NULL DEFAULT '0' COMMENT 'Store Id',
  `design` varchar(255) DEFAULT NULL COMMENT 'Design',
  `date_from` date DEFAULT NULL COMMENT 'First Date of Design Activity',
  `date_to` date DEFAULT NULL COMMENT 'Last Date of Design Activity',
  PRIMARY KEY (`design_change_id`),
  KEY `IDX_mg_DESIGN_CHANGE_STORE_ID` (`store_id`)
) ENGINE=InnoDB DEFAULT CHARSET=utf8 COMMENT='Design Changes' AUTO_INCREMENT=1 ;

-- --------------------------------------------------------

--
-- Table structure for table`mg_directory_country`
--

CREATE TABLE `mg_directory_country` (
  `country_id` varchar(2) NOT NULL DEFAULT '' COMMENT 'Country Id in ISO-2',
  `iso2_code` varchar(2) DEFAULT NULL COMMENT 'Country ISO-2 format',
  `iso3_code` varchar(3) DEFAULT NULL COMMENT 'Country ISO-3',
  PRIMARY KEY (`country_id`)
) ENGINE=InnoDB DEFAULT CHARSET=utf8 COMMENT='Directory Country';

--
-- Dumping data for table 'mg_directory_country'
--

INSERT INTO `mg_directory_country` VALUES
('AD', 'AD', 'AND'),
('AE', 'AE', 'ARE'),
('AF', 'AF', 'AFG'),
('AG', 'AG', 'ATG'),
('AI', 'AI', 'AIA'),
('AL', 'AL', 'ALB'),
('AM', 'AM', 'ARM'),
('AN', 'AN', 'ANT'),
('AO', 'AO', 'AGO'),
('AQ', 'AQ', 'ATA'),
('AR', 'AR', 'ARG'),
('AS', 'AS', 'ASM'),
('AT', 'AT', 'AUT'),
('AU', 'AU', 'AUS'),
('AW', 'AW', 'ABW'),
('AX', 'AX', 'ALA'),
('AZ', 'AZ', 'AZE'),
('BA', 'BA', 'BIH'),
('BB', 'BB', 'BRB'),
('BD', 'BD', 'BGD'),
('BE', 'BE', 'BEL'),
('BF', 'BF', 'BFA'),
('BG', 'BG', 'BGR'),
('BH', 'BH', 'BHR'),
('BI', 'BI', 'BDI'),
('BJ', 'BJ', 'BEN'),
('BL', 'BL', 'BLM'),
('BM', 'BM', 'BMU'),
('BN', 'BN', 'BRN'),
('BO', 'BO', 'BOL'),
('BR', 'BR', 'BRA'),
('BS', 'BS', 'BHS'),
('BT', 'BT', 'BTN'),
('BV', 'BV', 'BVT'),
('BW', 'BW', 'BWA'),
('BY', 'BY', 'BLR'),
('BZ', 'BZ', 'BLZ'),
('CA', 'CA', 'CAN'),
('CC', 'CC', 'CCK'),
('CD', 'CD', 'COD'),
('CF', 'CF', 'CAF'),
('CG', 'CG', 'COG'),
('CH', 'CH', 'CHE'),
('CI', 'CI', 'CIV'),
('CK', 'CK', 'COK'),
('CL', 'CL', 'CHL'),
('CM', 'CM', 'CMR'),
('CN', 'CN', 'CHN'),
('CO', 'CO', 'COL'),
('CR', 'CR', 'CRI'),
('CU', 'CU', 'CUB'),
('CV', 'CV', 'CPV'),
('CX', 'CX', 'CXR'),
('CY', 'CY', 'CYP'),
('CZ', 'CZ', 'CZE'),
('DE', 'DE', 'DEU'),
('DJ', 'DJ', 'DJI'),
('DK', 'DK', 'DNK'),
('DM', 'DM', 'DMA'),
('DO', 'DO', 'DOM'),
('DZ', 'DZ', 'DZA'),
('EC', 'EC', 'ECU'),
('EE', 'EE', 'EST'),
('EG', 'EG', 'EGY'),
('EH', 'EH', 'ESH'),
('ER', 'ER', 'ERI'),
('ES', 'ES', 'ESP'),
('ET', 'ET', 'ETH'),
('FI', 'FI', 'FIN'),
('FJ', 'FJ', 'FJI'),
('FK', 'FK', 'FLK'),
('FM', 'FM', 'FSM'),
('FO', 'FO', 'FRO'),
('FR', 'FR', 'FRA'),
('GA', 'GA', 'GAB'),
('GB', 'GB', 'GBR'),
('GD', 'GD', 'GRD'),
('GE', 'GE', 'GEO'),
('GF', 'GF', 'GUF'),
('GG', 'GG', 'GGY'),
('GH', 'GH', 'GHA'),
('GI', 'GI', 'GIB'),
('GL', 'GL', 'GRL'),
('GM', 'GM', 'GMB'),
('GN', 'GN', 'GIN'),
('GP', 'GP', 'GLP'),
('GQ', 'GQ', 'GNQ'),
('GR', 'GR', 'GRC'),
('GS', 'GS', 'SGS'),
('GT', 'GT', 'GTM'),
('GU', 'GU', 'GUM'),
('GW', 'GW', 'GNB'),
('GY', 'GY', 'GUY'),
('HK', 'HK', 'HKG'),
('HM', 'HM', 'HMD'),
('HN', 'HN', 'HND'),
('HR', 'HR', 'HRV'),
('HT', 'HT', 'HTI'),
('HU', 'HU', 'HUN'),
('ID', 'ID', 'IDN'),
('IE', 'IE', 'IRL'),
('IL', 'IL', 'ISR'),
('IM', 'IM', 'IMN'),
('IN', 'IN', 'IND'),
('IO', 'IO', 'IOT'),
('IQ', 'IQ', 'IRQ'),
('IR', 'IR', 'IRN'),
('IS', 'IS', 'ISL'),
('IT', 'IT', 'ITA'),
('JE', 'JE', 'JEY'),
('JM', 'JM', 'JAM'),
('JO', 'JO', 'JOR'),
('JP', 'JP', 'JPN'),
('KE', 'KE', 'KEN'),
('KG', 'KG', 'KGZ'),
('KH', 'KH', 'KHM'),
('KI', 'KI', 'KIR'),
('KM', 'KM', 'COM'),
('KN', 'KN', 'KNA'),
('KP', 'KP', 'PRK'),
('KR', 'KR', 'KOR'),
('KW', 'KW', 'KWT'),
('KY', 'KY', 'CYM'),
('KZ', 'KZ', 'KAZ'),
('LA', 'LA', 'LAO'),
('LB', 'LB', 'LBN'),
('LC', 'LC', 'LCA'),
('LI', 'LI', 'LIE'),
('LK', 'LK', 'LKA'),
('LR', 'LR', 'LBR'),
('LS', 'LS', 'LSO'),
('LT', 'LT', 'LTU'),
('LU', 'LU', 'LUX'),
('LV', 'LV', 'LVA'),
('LY', 'LY', 'LBY'),
('MA', 'MA', 'MAR'),
('MC', 'MC', 'MCO'),
('MD', 'MD', 'MDA'),
('ME', 'ME', 'MNE'),
('MF', 'MF', 'MAF'),
('MG', 'MG', 'MDG'),
('MH', 'MH', 'MHL'),
('MK', 'MK', 'MKD'),
('ML', 'ML', 'MLI'),
('MM', 'MM', 'MMR'),
('MN', 'MN', 'MNG'),
('MO', 'MO', 'MAC'),
('MP', 'MP', 'MNP'),
('MQ', 'MQ', 'MTQ'),
('MR', 'MR', 'MRT'),
('MS', 'MS', 'MSR'),
('MT', 'MT', 'MLT'),
('MU', 'MU', 'MUS'),
('MV', 'MV', 'MDV'),
('MW', 'MW', 'MWI'),
('MX', 'MX', 'MEX'),
('MY', 'MY', 'MYS'),
('MZ', 'MZ', 'MOZ'),
('NA', 'NA', 'NAM'),
('NC', 'NC', 'NCL'),
('NE', 'NE', 'NER'),
('NF', 'NF', 'NFK'),
('NG', 'NG', 'NGA'),
('NI', 'NI', 'NIC'),
('NL', 'NL', 'NLD'),
('NO', 'NO', 'NOR'),
('NP', 'NP', 'NPL'),
('NR', 'NR', 'NRU'),
('NU', 'NU', 'NIU'),
('NZ', 'NZ', 'NZL'),
('OM', 'OM', 'OMN'),
('PA', 'PA', 'PAN'),
('PE', 'PE', 'PER'),
('PF', 'PF', 'PYF'),
('PG', 'PG', 'PNG'),
('PH', 'PH', 'PHL'),
('PK', 'PK', 'PAK'),
('PL', 'PL', 'POL'),
('PM', 'PM', 'SPM'),
('PN', 'PN', 'PCN'),
('PR', 'PR', 'PRI'),
('PS', 'PS', 'PSE'),
('PT', 'PT', 'PRT'),
('PW', 'PW', 'PLW'),
('PY', 'PY', 'PRY'),
('QA', 'QA', 'QAT'),
('RE', 'RE', 'REU'),
('RO', 'RO', 'ROU'),
('RS', 'RS', 'SRB'),
('RU', 'RU', 'RUS'),
('RW', 'RW', 'RWA'),
('SA', 'SA', 'SAU'),
('SB', 'SB', 'SLB'),
('SC', 'SC', 'SYC'),
('SD', 'SD', 'SDN'),
('SE', 'SE', 'SWE'),
('SG', 'SG', 'SGP'),
('SH', 'SH', 'SHN'),
('SI', 'SI', 'SVN'),
('SJ', 'SJ', 'SJM'),
('SK', 'SK', 'SVK'),
('SL', 'SL', 'SLE'),
('SM', 'SM', 'SMR'),
('SN', 'SN', 'SEN'),
('SO', 'SO', 'SOM'),
('SR', 'SR', 'SUR'),
('ST', 'ST', 'STP'),
('SV', 'SV', 'SLV'),
('SY', 'SY', 'SYR'),
('SZ', 'SZ', 'SWZ'),
('TC', 'TC', 'TCA'),
('TD', 'TD', 'TCD'),
('TF', 'TF', 'ATF'),
('TG', 'TG', 'TGO'),
('TH', 'TH', 'THA'),
('TJ', 'TJ', 'TJK'),
('TK', 'TK', 'TKL'),
('TL', 'TL', 'TLS'),
('TM', 'TM', 'TKM'),
('TN', 'TN', 'TUN'),
('TO', 'TO', 'TON'),
('TR', 'TR', 'TUR'),
('TT', 'TT', 'TTO'),
('TV', 'TV', 'TUV'),
('TW', 'TW', 'TWN'),
('TZ', 'TZ', 'TZA'),
('UA', 'UA', 'UKR'),
('UG', 'UG', 'UGA'),
('UM', 'UM', 'UMI'),
('US', 'US', 'USA'),
('UY', 'UY', 'URY'),
('UZ', 'UZ', 'UZB'),
('VA', 'VA', 'VAT'),
('VC', 'VC', 'VCT'),
('VE', 'VE', 'VEN'),
('VG', 'VG', 'VGB'),
('VI', 'VI', 'VIR'),
('VN', 'VN', 'VNM'),
('VU', 'VU', 'VUT'),
('WF', 'WF', 'WLF'),
('WS', 'WS', 'WSM'),
('YE', 'YE', 'YEM'),
('YT', 'YT', 'MYT'),
('ZA', 'ZA', 'ZAF'),
('ZM', 'ZM', 'ZMB'),
('ZW', 'ZW', 'ZWE');

-- --------------------------------------------------------

--
-- Table structure for table`mg_directory_country_format`
--

CREATE TABLE `mg_directory_country_format` (
  `country_format_id` int(10) unsigned NOT NULL AUTO_INCREMENT COMMENT 'Country Format Id',
  `country_id` varchar(2) DEFAULT NULL COMMENT 'Country Id in ISO-2',
  `type` varchar(30) DEFAULT NULL COMMENT 'Country Format Type',
  `format` text NOT NULL COMMENT 'Country Format',
  PRIMARY KEY (`country_format_id`),
  UNIQUE KEY `UNQ_mg_DIRECTORY_COUNTRY_FORMAT_COUNTRY_ID_TYPE` (`country_id`,`type`)
) ENGINE=InnoDB DEFAULT CHARSET=utf8 COMMENT='Directory Country Format' AUTO_INCREMENT=1 ;

-- --------------------------------------------------------

--
-- Table structure for table`mg_directory_country_region`
--

CREATE TABLE `mg_directory_country_region` (
  `region_id` int(10) unsigned NOT NULL AUTO_INCREMENT COMMENT 'Region Id',
  `country_id` varchar(4) NOT NULL DEFAULT '0' COMMENT 'Country Id in ISO-2',
  `code` varchar(32) DEFAULT NULL COMMENT 'Region code',
  `default_name` varchar(255) DEFAULT NULL COMMENT 'Region Name',
  PRIMARY KEY (`region_id`),
  KEY `IDX_mg_DIRECTORY_COUNTRY_REGION_COUNTRY_ID` (`country_id`)
) ENGINE=InnoDB  DEFAULT CHARSET=utf8 COMMENT='Directory Country Region' AUTO_INCREMENT=485 ;

--
-- Dumping data for table 'mg_directory_country_region'
--

INSERT INTO `mg_directory_country_region` VALUES
(1, 'US', 'AL', 'Alabama'),
(2, 'US', 'AK', 'Alaska'),
(3, 'US', 'AS', 'American Samoa'),
(4, 'US', 'AZ', 'Arizona'),
(5, 'US', 'AR', 'Arkansas'),
(6, 'US', 'AF', 'Armed Forces Africa'),
(7, 'US', 'AA', 'Armed Forces Americas'),
(8, 'US', 'AC', 'Armed Forces Canada'),
(9, 'US', 'AE', 'Armed Forces Europe'),
(10, 'US', 'AM', 'Armed Forces Middle East'),
(11, 'US', 'AP', 'Armed Forces Pacific'),
(12, 'US', 'CA', 'California'),
(13, 'US', 'CO', 'Colorado'),
(14, 'US', 'CT', 'Connecticut'),
(15, 'US', 'DE', 'Delaware'),
(16, 'US', 'DC', 'District of Columbia'),
(17, 'US', 'FM', 'Federated States Of Micronesia'),
(18, 'US', 'FL', 'Florida'),
(19, 'US', 'GA', 'Georgia'),
(20, 'US', 'GU', 'Guam'),
(21, 'US', 'HI', 'Hawaii'),
(22, 'US', 'ID', 'Idaho'),
(23, 'US', 'IL', 'Illinois'),
(24, 'US', 'IN', 'Indiana'),
(25, 'US', 'IA', 'Iowa'),
(26, 'US', 'KS', 'Kansas'),
(27, 'US', 'KY', 'Kentucky'),
(28, 'US', 'LA', 'Louisiana'),
(29, 'US', 'ME', 'Maine'),
(30, 'US', 'MH', 'Marshall Islands'),
(31, 'US', 'MD', 'Maryland'),
(32, 'US', 'MA', 'Massachusetts'),
(33, 'US', 'MI', 'Michigan'),
(34, 'US', 'MN', 'Minnesota'),
(35, 'US', 'MS', 'Mississippi'),
(36, 'US', 'MO', 'Missouri'),
(37, 'US', 'MT', 'Montana'),
(38, 'US', 'NE', 'Nebraska'),
(39, 'US', 'NV', 'Nevada'),
(40, 'US', 'NH', 'New Hampshire'),
(41, 'US', 'NJ', 'New Jersey'),
(42, 'US', 'NM', 'New Mexico'),
(43, 'US', 'NY', 'New York'),
(44, 'US', 'NC', 'North Carolina'),
(45, 'US', 'ND', 'North Dakota'),
(46, 'US', 'MP', 'Northern Mariana Islands'),
(47, 'US', 'OH', 'Ohio'),
(48, 'US', 'OK', 'Oklahoma'),
(49, 'US', 'OR', 'Oregon'),
(50, 'US', 'PW', 'Palau'),
(51, 'US', 'PA', 'Pennsylvania'),
(52, 'US', 'PR', 'Puerto Rico'),
(53, 'US', 'RI', 'Rhode Island'),
(54, 'US', 'SC', 'South Carolina'),
(55, 'US', 'SD', 'South Dakota'),
(56, 'US', 'TN', 'Tennessee'),
(57, 'US', 'TX', 'Texas'),
(58, 'US', 'UT', 'Utah'),
(59, 'US', 'VT', 'Vermont'),
(60, 'US', 'VI', 'Virgin Islands'),
(61, 'US', 'VA', 'Virginia'),
(62, 'US', 'WA', 'Washington'),
(63, 'US', 'WV', 'West Virginia'),
(64, 'US', 'WI', 'Wisconsin'),
(65, 'US', 'WY', 'Wyoming'),
(66, 'CA', 'AB', 'Alberta'),
(67, 'CA', 'BC', 'British Columbia'),
(68, 'CA', 'MB', 'Manitoba'),
(69, 'CA', 'NL', 'Newfoundland and Labrador'),
(70, 'CA', 'NB', 'New Brunswick'),
(71, 'CA', 'NS', 'Nova Scotia'),
(72, 'CA', 'NT', 'Northwest Territories'),
(73, 'CA', 'NU', 'Nunavut'),
(74, 'CA', 'ON', 'Ontario'),
(75, 'CA', 'PE', 'Prince Edward Island'),
(76, 'CA', 'QC', 'Quebec'),
(77, 'CA', 'SK', 'Saskatchewan'),
(78, 'CA', 'YT', 'Yukon Territory'),
(79, 'DE', 'NDS', 'Niedersachsen'),
(80, 'DE', 'BAW', 'Baden-Württemberg'),
(81, 'DE', 'BAY', 'Bayern'),
(82, 'DE', 'BER', 'Berlin'),
(83, 'DE', 'BRG', 'Brandenburg'),
(84, 'DE', 'BRE', 'Bremen'),
(85, 'DE', 'HAM', 'Hamburg'),
(86, 'DE', 'HES', 'Hessen'),
(87, 'DE', 'MEC', 'Mecklenburg-Vorpommern'),
(88, 'DE', 'NRW', 'Nordrhein-Westfalen'),
(89, 'DE', 'RHE', 'Rheinland-Pfalz'),
(90, 'DE', 'SAR', 'Saarland'),
(91, 'DE', 'SAS', 'Sachsen'),
(92, 'DE', 'SAC', 'Sachsen-Anhalt'),
(93, 'DE', 'SCN', 'Schleswig-Holstein'),
(94, 'DE', 'THE', 'Thüringen'),
(95, 'AT', 'WI', 'Wien'),
(96, 'AT', 'NO', 'Niederösterreich'),
(97, 'AT', 'OO', 'Oberösterreich'),
(98, 'AT', 'SB', 'Salzburg'),
(99, 'AT', 'KN', 'Kärnten'),
(100, 'AT', 'ST', 'Steiermark'),
(101, 'AT', 'TI', 'Tirol'),
(102, 'AT', 'BL', 'Burgenland'),
(103, 'AT', 'VB', 'Voralberg'),
(104, 'CH', 'AG', 'Aargau'),
(105, 'CH', 'AI', 'Appenzell Innerrhoden'),
(106, 'CH', 'AR', 'Appenzell Ausserrhoden'),
(107, 'CH', 'BE', 'Bern'),
(108, 'CH', 'BL', 'Basel-Landschaft'),
(109, 'CH', 'BS', 'Basel-Stadt'),
(110, 'CH', 'FR', 'Freiburg'),
(111, 'CH', 'GE', 'Genf'),
(112, 'CH', 'GL', 'Glarus'),
(113, 'CH', 'GR', 'Graubünden'),
(114, 'CH', 'JU', 'Jura'),
(115, 'CH', 'LU', 'Luzern'),
(116, 'CH', 'NE', 'Neuenburg'),
(117, 'CH', 'NW', 'Nidwalden'),
(118, 'CH', 'OW', 'Obwalden'),
(119, 'CH', 'SG', 'St. Gallen'),
(120, 'CH', 'SH', 'Schaffhausen'),
(121, 'CH', 'SO', 'Solothurn'),
(122, 'CH', 'SZ', 'Schwyz'),
(123, 'CH', 'TG', 'Thurgau'),
(124, 'CH', 'TI', 'Tessin'),
(125, 'CH', 'UR', 'Uri'),
(126, 'CH', 'VD', 'Waadt'),
(127, 'CH', 'VS', 'Wallis'),
(128, 'CH', 'ZG', 'Zug'),
(129, 'CH', 'ZH', 'Zürich'),
(130, 'ES', 'A Coruсa', 'A Coruña'),
(131, 'ES', 'Alava', 'Alava'),
(132, 'ES', 'Albacete', 'Albacete'),
(133, 'ES', 'Alicante', 'Alicante'),
(134, 'ES', 'Almeria', 'Almeria'),
(135, 'ES', 'Asturias', 'Asturias'),
(136, 'ES', 'Avila', 'Avila'),
(137, 'ES', 'Badajoz', 'Badajoz'),
(138, 'ES', 'Baleares', 'Baleares'),
(139, 'ES', 'Barcelona', 'Barcelona'),
(140, 'ES', 'Burgos', 'Burgos'),
(141, 'ES', 'Caceres', 'Caceres'),
(142, 'ES', 'Cadiz', 'Cadiz'),
(143, 'ES', 'Cantabria', 'Cantabria'),
(144, 'ES', 'Castellon', 'Castellon'),
(145, 'ES', 'Ceuta', 'Ceuta'),
(146, 'ES', 'Ciudad Real', 'Ciudad Real'),
(147, 'ES', 'Cordoba', 'Cordoba'),
(148, 'ES', 'Cuenca', 'Cuenca'),
(149, 'ES', 'Girona', 'Girona'),
(150, 'ES', 'Granada', 'Granada'),
(151, 'ES', 'Guadalajara', 'Guadalajara'),
(152, 'ES', 'Guipuzcoa', 'Guipuzcoa'),
(153, 'ES', 'Huelva', 'Huelva'),
(154, 'ES', 'Huesca', 'Huesca'),
(155, 'ES', 'Jaen', 'Jaen'),
(156, 'ES', 'La Rioja', 'La Rioja'),
(157, 'ES', 'Las Palmas', 'Las Palmas'),
(158, 'ES', 'Leon', 'Leon'),
(159, 'ES', 'Lleida', 'Lleida'),
(160, 'ES', 'Lugo', 'Lugo'),
(161, 'ES', 'Madrid', 'Madrid'),
(162, 'ES', 'Malaga', 'Malaga'),
(163, 'ES', 'Melilla', 'Melilla'),
(164, 'ES', 'Murcia', 'Murcia'),
(165, 'ES', 'Navarra', 'Navarra'),
(166, 'ES', 'Ourense', 'Ourense'),
(167, 'ES', 'Palencia', 'Palencia'),
(168, 'ES', 'Pontevedra', 'Pontevedra'),
(169, 'ES', 'Salamanca', 'Salamanca'),
(170, 'ES', 'Santa Cruz de Tenerife', 'Santa Cruz de Tenerife'),
(171, 'ES', 'Segovia', 'Segovia'),
(172, 'ES', 'Sevilla', 'Sevilla'),
(173, 'ES', 'Soria', 'Soria'),
(174, 'ES', 'Tarragona', 'Tarragona'),
(175, 'ES', 'Teruel', 'Teruel'),
(176, 'ES', 'Toledo', 'Toledo'),
(177, 'ES', 'Valencia', 'Valencia'),
(178, 'ES', 'Valladolid', 'Valladolid'),
(179, 'ES', 'Vizcaya', 'Vizcaya'),
(180, 'ES', 'Zamora', 'Zamora'),
(181, 'ES', 'Zaragoza', 'Zaragoza'),
(182, 'FR', '1', 'Ain'),
(183, 'FR', '2', 'Aisne'),
(184, 'FR', '3', 'Allier'),
(185, 'FR', '4', 'Alpes-de-Haute-Provence'),
(186, 'FR', '5', 'Hautes-Alpes'),
(187, 'FR', '6', 'Alpes-Maritimes'),
(188, 'FR', '7', 'Ardèche'),
(189, 'FR', '8', 'Ardennes'),
(190, 'FR', '9', 'Ariège'),
(191, 'FR', '10', 'Aube'),
(192, 'FR', '11', 'Aude'),
(193, 'FR', '12', 'Aveyron'),
(194, 'FR', '13', 'Bouches-du-Rhône'),
(195, 'FR', '14', 'Calvados'),
(196, 'FR', '15', 'Cantal'),
(197, 'FR', '16', 'Charente'),
(198, 'FR', '17', 'Charente-Maritime'),
(199, 'FR', '18', 'Cher'),
(200, 'FR', '19', 'Corrèze'),
(201, 'FR', '2A', 'Corse-du-Sud'),
(202, 'FR', '2B', 'Haute-Corse'),
(203, 'FR', '21', 'Côte-d''Or'),
(204, 'FR', '22', 'Côtes-d''Armor'),
(205, 'FR', '23', 'Creuse'),
(206, 'FR', '24', 'Dordogne'),
(207, 'FR', '25', 'Doubs'),
(208, 'FR', '26', 'Drôme'),
(209, 'FR', '27', 'Eure'),
(210, 'FR', '28', 'Eure-et-Loir'),
(211, 'FR', '29', 'Finistère'),
(212, 'FR', '30', 'Gard'),
(213, 'FR', '31', 'Haute-Garonne'),
(214, 'FR', '32', 'Gers'),
(215, 'FR', '33', 'Gironde'),
(216, 'FR', '34', 'Hérault'),
(217, 'FR', '35', 'Ille-et-Vilaine'),
(218, 'FR', '36', 'Indre'),
(219, 'FR', '37', 'Indre-et-Loire'),
(220, 'FR', '38', 'Isère'),
(221, 'FR', '39', 'Jura'),
(222, 'FR', '40', 'Landes'),
(223, 'FR', '41', 'Loir-et-Cher'),
(224, 'FR', '42', 'Loire'),
(225, 'FR', '43', 'Haute-Loire'),
(226, 'FR', '44', 'Loire-Atlantique'),
(227, 'FR', '45', 'Loiret'),
(228, 'FR', '46', 'Lot'),
(229, 'FR', '47', 'Lot-et-Garonne'),
(230, 'FR', '48', 'Lozère'),
(231, 'FR', '49', 'Maine-et-Loire'),
(232, 'FR', '50', 'Manche'),
(233, 'FR', '51', 'Marne'),
(234, 'FR', '52', 'Haute-Marne'),
(235, 'FR', '53', 'Mayenne'),
(236, 'FR', '54', 'Meurthe-et-Moselle'),
(237, 'FR', '55', 'Meuse'),
(238, 'FR', '56', 'Morbihan'),
(239, 'FR', '57', 'Moselle'),
(240, 'FR', '58', 'Nièvre'),
(241, 'FR', '59', 'Nord'),
(242, 'FR', '60', 'Oise'),
(243, 'FR', '61', 'Orne'),
(244, 'FR', '62', 'Pas-de-Calais'),
(245, 'FR', '63', 'Puy-de-Dôme'),
(246, 'FR', '64', 'Pyrénées-Atlantiques'),
(247, 'FR', '65', 'Hautes-Pyrénées'),
(248, 'FR', '66', 'Pyrénées-Orientales'),
(249, 'FR', '67', 'Bas-Rhin'),
(250, 'FR', '68', 'Haut-Rhin'),
(251, 'FR', '69', 'Rhône'),
(252, 'FR', '70', 'Haute-Saône'),
(253, 'FR', '71', 'Saône-et-Loire'),
(254, 'FR', '72', 'Sarthe'),
(255, 'FR', '73', 'Savoie'),
(256, 'FR', '74', 'Haute-Savoie'),
(257, 'FR', '75', 'Paris'),
(258, 'FR', '76', 'Seine-Maritime'),
(259, 'FR', '77', 'Seine-et-Marne'),
(260, 'FR', '78', 'Yvelines'),
(261, 'FR', '79', 'Deux-Sèvres'),
(262, 'FR', '80', 'Somme'),
(263, 'FR', '81', 'Tarn'),
(264, 'FR', '82', 'Tarn-et-Garonne'),
(265, 'FR', '83', 'Var'),
(266, 'FR', '84', 'Vaucluse'),
(267, 'FR', '85', 'Vendée'),
(268, 'FR', '86', 'Vienne'),
(269, 'FR', '87', 'Haute-Vienne'),
(270, 'FR', '88', 'Vosges'),
(271, 'FR', '89', 'Yonne'),
(272, 'FR', '90', 'Territoire-de-Belfort'),
(273, 'FR', '91', 'Essonne'),
(274, 'FR', '92', 'Hauts-de-Seine'),
(275, 'FR', '93', 'Seine-Saint-Denis'),
(276, 'FR', '94', 'Val-de-Marne'),
(277, 'FR', '95', 'Val-d''Oise'),
(278, 'RO', 'AB', 'Alba'),
(279, 'RO', 'AR', 'Arad'),
(280, 'RO', 'AG', 'Argeş'),
(281, 'RO', 'BC', 'Bacău'),
(282, 'RO', 'BH', 'Bihor'),
(283, 'RO', 'BN', 'Bistriţa-Năsăud'),
(284, 'RO', 'BT', 'Botoşani'),
(285, 'RO', 'BV', 'Braşov'),
(286, 'RO', 'BR', 'Brăila'),
(287, 'RO', 'B', 'Bucureşti'),
(288, 'RO', 'BZ', 'Buzău'),
(289, 'RO', 'CS', 'Caraş-Severin'),
(290, 'RO', 'CL', 'Călăraşi'),
(291, 'RO', 'CJ', 'Cluj'),
(292, 'RO', 'CT', 'Constanţa'),
(293, 'RO', 'CV', 'Covasna'),
(294, 'RO', 'DB', 'Dâmboviţa'),
(295, 'RO', 'DJ', 'Dolj'),
(296, 'RO', 'GL', 'Galaţi'),
(297, 'RO', 'GR', 'Giurgiu'),
(298, 'RO', 'GJ', 'Gorj'),
(299, 'RO', 'HR', 'Harghita'),
(300, 'RO', 'HD', 'Hunedoara'),
(301, 'RO', 'IL', 'Ialomiţa'),
(302, 'RO', 'IS', 'Iaşi'),
(303, 'RO', 'IF', 'Ilfov'),
(304, 'RO', 'MM', 'Maramureş'),
(305, 'RO', 'MH', 'Mehedinţi'),
(306, 'RO', 'MS', 'Mureş'),
(307, 'RO', 'NT', 'Neamţ'),
(308, 'RO', 'OT', 'Olt'),
(309, 'RO', 'PH', 'Prahova'),
(310, 'RO', 'SM', 'Satu-Mare'),
(311, 'RO', 'SJ', 'Sălaj'),
(312, 'RO', 'SB', 'Sibiu'),
(313, 'RO', 'SV', 'Suceava'),
(314, 'RO', 'TR', 'Teleorman'),
(315, 'RO', 'TM', 'Timiş'),
(316, 'RO', 'TL', 'Tulcea'),
(317, 'RO', 'VS', 'Vaslui'),
(318, 'RO', 'VL', 'Vâlcea'),
(319, 'RO', 'VN', 'Vrancea'),
(320, 'FI', 'Lappi', 'Lappi'),
(321, 'FI', 'Pohjois-Pohjanmaa', 'Pohjois-Pohjanmaa'),
(322, 'FI', 'Kainuu', 'Kainuu'),
(323, 'FI', 'Pohjois-Karjala', 'Pohjois-Karjala'),
(324, 'FI', 'Pohjois-Savo', 'Pohjois-Savo'),
(325, 'FI', 'Etelä-Savo', 'Etelä-Savo'),
(326, 'FI', 'Etelä-Pohjanmaa', 'Etelä-Pohjanmaa'),
(327, 'FI', 'Pohjanmaa', 'Pohjanmaa'),
(328, 'FI', 'Pirkanmaa', 'Pirkanmaa'),
(329, 'FI', 'Satakunta', 'Satakunta'),
(330, 'FI', 'Keski-Pohjanmaa', 'Keski-Pohjanmaa'),
(331, 'FI', 'Keski-Suomi', 'Keski-Suomi'),
(332, 'FI', 'Varsinais-Suomi', 'Varsinais-Suomi'),
(333, 'FI', 'Etelä-Karjala', 'Etelä-Karjala'),
(334, 'FI', 'Päijät-Häme', 'Päijät-Häme'),
(335, 'FI', 'Kanta-Häme', 'Kanta-Häme'),
(336, 'FI', 'Uusimaa', 'Uusimaa'),
(337, 'FI', 'Itä-Uusimaa', 'Itä-Uusimaa'),
(338, 'FI', 'Kymenlaakso', 'Kymenlaakso'),
(339, 'FI', 'Ahvenanmaa', 'Ahvenanmaa'),
(340, 'EE', 'EE-37', 'Harjumaa'),
(341, 'EE', 'EE-39', 'Hiiumaa'),
(342, 'EE', 'EE-44', 'Ida-Virumaa'),
(343, 'EE', 'EE-49', 'Jõgevamaa'),
(344, 'EE', 'EE-51', 'Järvamaa'),
(345, 'EE', 'EE-57', 'Läänemaa'),
(346, 'EE', 'EE-59', 'Lääne-Virumaa'),
(347, 'EE', 'EE-65', 'Põlvamaa'),
(348, 'EE', 'EE-67', 'Pärnumaa'),
(349, 'EE', 'EE-70', 'Raplamaa'),
(350, 'EE', 'EE-74', 'Saaremaa'),
(351, 'EE', 'EE-78', 'Tartumaa'),
(352, 'EE', 'EE-82', 'Valgamaa'),
(353, 'EE', 'EE-84', 'Viljandimaa'),
(354, 'EE', 'EE-86', 'Võrumaa'),
(355, 'LV', 'LV-DGV', 'Daugavpils'),
(356, 'LV', 'LV-JEL', 'Jelgava'),
(357, 'LV', 'Jēkabpils', 'Jēkabpils'),
(358, 'LV', 'LV-JUR', 'Jūrmala'),
(359, 'LV', 'LV-LPX', 'Liepāja'),
(360, 'LV', 'LV-LE', 'Liepājas novads'),
(361, 'LV', 'LV-REZ', 'Rēzekne'),
(362, 'LV', 'LV-RIX', 'Rīga'),
(363, 'LV', 'LV-RI', 'Rīgas novads'),
(364, 'LV', 'Valmiera', 'Valmiera'),
(365, 'LV', 'LV-VEN', 'Ventspils'),
(366, 'LV', 'Aglonas novads', 'Aglonas novads'),
(367, 'LV', 'LV-AI', 'Aizkraukles novads'),
(368, 'LV', 'Aizputes novads', 'Aizputes novads'),
(369, 'LV', 'Aknīstes novads', 'Aknīstes novads'),
(370, 'LV', 'Alojas novads', 'Alojas novads'),
(371, 'LV', 'Alsungas novads', 'Alsungas novads'),
(372, 'LV', 'LV-AL', 'Alūksnes novads'),
(373, 'LV', 'Amatas novads', 'Amatas novads'),
(374, 'LV', 'Apes novads', 'Apes novads'),
(375, 'LV', 'Auces novads', 'Auces novads'),
(376, 'LV', 'Babītes novads', 'Babītes novads'),
(377, 'LV', 'Baldones novads', 'Baldones novads'),
(378, 'LV', 'Baltinavas novads', 'Baltinavas novads'),
(379, 'LV', 'LV-BL', 'Balvu novads'),
(380, 'LV', 'LV-BU', 'Bauskas novads'),
(381, 'LV', 'Beverīnas novads', 'Beverīnas novads'),
(382, 'LV', 'Brocēnu novads', 'Brocēnu novads'),
(383, 'LV', 'Burtnieku novads', 'Burtnieku novads'),
(384, 'LV', 'Carnikavas novads', 'Carnikavas novads'),
(385, 'LV', 'Cesvaines novads', 'Cesvaines novads'),
(386, 'LV', 'Ciblas novads', 'Ciblas novads'),
(387, 'LV', 'LV-CE', 'Cēsu novads'),
(388, 'LV', 'Dagdas novads', 'Dagdas novads'),
(389, 'LV', 'LV-DA', 'Daugavpils novads'),
(390, 'LV', 'LV-DO', 'Dobeles novads'),
(391, 'LV', 'Dundagas novads', 'Dundagas novads'),
(392, 'LV', 'Durbes novads', 'Durbes novads'),
(393, 'LV', 'Engures novads', 'Engures novads'),
(394, 'LV', 'Garkalnes novads', 'Garkalnes novads'),
(395, 'LV', 'Grobiņas novads', 'Grobiņas novads'),
(396, 'LV', 'LV-GU', 'Gulbenes novads'),
(397, 'LV', 'Iecavas novads', 'Iecavas novads'),
(398, 'LV', 'Ikšķiles novads', 'Ikšķiles novads'),
(399, 'LV', 'Ilūkstes novads', 'Ilūkstes novads'),
(400, 'LV', 'Inčukalna novads', 'Inčukalna novads'),
(401, 'LV', 'Jaunjelgavas novads', 'Jaunjelgavas novads'),
(402, 'LV', 'Jaunpiebalgas novads', 'Jaunpiebalgas novads'),
(403, 'LV', 'Jaunpils novads', 'Jaunpils novads'),
(404, 'LV', 'LV-JL', 'Jelgavas novads'),
(405, 'LV', 'LV-JK', 'Jēkabpils novads'),
(406, 'LV', 'Kandavas novads', 'Kandavas novads'),
(407, 'LV', 'Kokneses novads', 'Kokneses novads'),
(408, 'LV', 'Krimuldas novads', 'Krimuldas novads'),
(409, 'LV', 'Krustpils novads', 'Krustpils novads'),
(410, 'LV', 'LV-KR', 'Krāslavas novads'),
(411, 'LV', 'LV-KU', 'Kuldīgas novads'),
(412, 'LV', 'Kārsavas novads', 'Kārsavas novads'),
(413, 'LV', 'Lielvārdes novads', 'Lielvārdes novads'),
(414, 'LV', 'LV-LM', 'Limbažu novads'),
(415, 'LV', 'Lubānas novads', 'Lubānas novads'),
(416, 'LV', 'LV-LU', 'Ludzas novads'),
(417, 'LV', 'Līgatnes novads', 'Līgatnes novads'),
(418, 'LV', 'Līvānu novads', 'Līvānu novads'),
(419, 'LV', 'LV-MA', 'Madonas novads'),
(420, 'LV', 'Mazsalacas novads', 'Mazsalacas novads'),
(421, 'LV', 'Mālpils novads', 'Mālpils novads'),
(422, 'LV', 'Mārupes novads', 'Mārupes novads'),
(423, 'LV', 'Naukšēnu novads', 'Naukšēnu novads'),
(424, 'LV', 'Neretas novads', 'Neretas novads'),
(425, 'LV', 'Nīcas novads', 'Nīcas novads'),
(426, 'LV', 'LV-OG', 'Ogres novads'),
(427, 'LV', 'Olaines novads', 'Olaines novads'),
(428, 'LV', 'Ozolnieku novads', 'Ozolnieku novads'),
(429, 'LV', 'LV-PR', 'Preiļu novads'),
(430, 'LV', 'Priekules novads', 'Priekules novads'),
(431, 'LV', 'Priekuļu novads', 'Priekuļu novads'),
(432, 'LV', 'Pārgaujas novads', 'Pārgaujas novads'),
(433, 'LV', 'Pāvilostas novads', 'Pāvilostas novads'),
(434, 'LV', 'Pļaviņu novads', 'Pļaviņu novads'),
(435, 'LV', 'Raunas novads', 'Raunas novads'),
(436, 'LV', 'Riebiņu novads', 'Riebiņu novads'),
(437, 'LV', 'Rojas novads', 'Rojas novads'),
(438, 'LV', 'Ropažu novads', 'Ropažu novads'),
(439, 'LV', 'Rucavas novads', 'Rucavas novads'),
(440, 'LV', 'Rugāju novads', 'Rugāju novads'),
(441, 'LV', 'Rundāles novads', 'Rundāles novads'),
(442, 'LV', 'LV-RE', 'Rēzeknes novads'),
(443, 'LV', 'Rūjienas novads', 'Rūjienas novads'),
(444, 'LV', 'Salacgrīvas novads', 'Salacgrīvas novads'),
(445, 'LV', 'Salas novads', 'Salas novads'),
(446, 'LV', 'Salaspils novads', 'Salaspils novads'),
(447, 'LV', 'LV-SA', 'Saldus novads'),
(448, 'LV', 'Saulkrastu novads', 'Saulkrastu novads'),
(449, 'LV', 'Siguldas novads', 'Siguldas novads'),
(450, 'LV', 'Skrundas novads', 'Skrundas novads'),
(451, 'LV', 'Skrīveru novads', 'Skrīveru novads'),
(452, 'LV', 'Smiltenes novads', 'Smiltenes novads'),
(453, 'LV', 'Stopiņu novads', 'Stopiņu novads'),
(454, 'LV', 'Strenču novads', 'Strenču novads'),
(455, 'LV', 'Sējas novads', 'Sējas novads'),
(456, 'LV', 'LV-TA', 'Talsu novads'),
(457, 'LV', 'LV-TU', 'Tukuma novads'),
(458, 'LV', 'Tērvetes novads', 'Tērvetes novads'),
(459, 'LV', 'Vaiņodes novads', 'Vaiņodes novads'),
(460, 'LV', 'LV-VK', 'Valkas novads'),
(461, 'LV', 'LV-VM', 'Valmieras novads'),
(462, 'LV', 'Varakļānu novads', 'Varakļānu novads'),
(463, 'LV', 'Vecpiebalgas novads', 'Vecpiebalgas novads'),
(464, 'LV', 'Vecumnieku novads', 'Vecumnieku novads'),
(465, 'LV', 'LV-VE', 'Ventspils novads'),
(466, 'LV', 'Viesītes novads', 'Viesītes novads'),
(467, 'LV', 'Viļakas novads', 'Viļakas novads'),
(468, 'LV', 'Viļānu novads', 'Viļānu novads'),
(469, 'LV', 'Vārkavas novads', 'Vārkavas novads'),
(470, 'LV', 'Zilupes novads', 'Zilupes novads'),
(471, 'LV', 'Ādažu novads', 'Ādažu novads'),
(472, 'LV', 'Ērgļu novads', 'Ērgļu novads'),
(473, 'LV', 'Ķeguma novads', 'Ķeguma novads'),
(474, 'LV', 'Ķekavas novads', 'Ķekavas novads'),
(475, 'LT', 'LT-AL', 'Alytaus Apskritis'),
(476, 'LT', 'LT-KU', 'Kauno Apskritis'),
(477, 'LT', 'LT-KL', 'Klaipėdos Apskritis'),
(478, 'LT', 'LT-MR', 'Marijampolės Apskritis'),
(479, 'LT', 'LT-PN', 'Panevėžio Apskritis'),
(480, 'LT', 'LT-SA', 'Šiaulių Apskritis'),
(481, 'LT', 'LT-TA', 'Tauragės Apskritis'),
(482, 'LT', 'LT-TE', 'Telšių Apskritis'),
(483, 'LT', 'LT-UT', 'Utenos Apskritis'),
(484, 'LT', 'LT-VL', 'Vilniaus Apskritis');

-- --------------------------------------------------------

--
-- Table structure for table`mg_directory_country_region_name`
--

CREATE TABLE `mg_directory_country_region_name` (
  `locale` varchar(8) NOT NULL DEFAULT '' COMMENT 'Locale',
  `region_id` int(10) unsigned NOT NULL DEFAULT '0' COMMENT 'Region Id',
  `name` varchar(255) DEFAULT NULL COMMENT 'Region Name',
  PRIMARY KEY (`locale`,`region_id`),
  KEY `IDX_mg_DIRECTORY_COUNTRY_REGION_NAME_REGION_ID` (`region_id`)
) ENGINE=InnoDB DEFAULT CHARSET=utf8 COMMENT='Directory Country Region Name';

--
-- Dumping data for table 'mg_directory_country_region_name'
--

INSERT INTO `mg_directory_country_region_name` VALUES
('en_US', 1, 'Alabama'),
('en_US', 2, 'Alaska'),
('en_US', 3, 'American Samoa'),
('en_US', 4, 'Arizona'),
('en_US', 5, 'Arkansas'),
('en_US', 6, 'Armed Forces Africa'),
('en_US', 7, 'Armed Forces Americas'),
('en_US', 8, 'Armed Forces Canada'),
('en_US', 9, 'Armed Forces Europe'),
('en_US', 10, 'Armed Forces Middle East'),
('en_US', 11, 'Armed Forces Pacific'),
('en_US', 12, 'California'),
('en_US', 13, 'Colorado'),
('en_US', 14, 'Connecticut'),
('en_US', 15, 'Delaware'),
('en_US', 16, 'District of Columbia'),
('en_US', 17, 'Federated States Of Micronesia'),
('en_US', 18, 'Florida'),
('en_US', 19, 'Georgia'),
('en_US', 20, 'Guam'),
('en_US', 21, 'Hawaii'),
('en_US', 22, 'Idaho'),
('en_US', 23, 'Illinois'),
('en_US', 24, 'Indiana'),
('en_US', 25, 'Iowa'),
('en_US', 26, 'Kansas'),
('en_US', 27, 'Kentucky'),
('en_US', 28, 'Louisiana'),
('en_US', 29, 'Maine'),
('en_US', 30, 'Marshall Islands'),
('en_US', 31, 'Maryland'),
('en_US', 32, 'Massachusetts'),
('en_US', 33, 'Michigan'),
('en_US', 34, 'Minnesota'),
('en_US', 35, 'Mississippi'),
('en_US', 36, 'Missouri'),
('en_US', 37, 'Montana'),
('en_US', 38, 'Nebraska'),
('en_US', 39, 'Nevada'),
('en_US', 40, 'New Hampshire'),
('en_US', 41, 'New Jersey'),
('en_US', 42, 'New Mexico'),
('en_US', 43, 'New York'),
('en_US', 44, 'North Carolina'),
('en_US', 45, 'North Dakota'),
('en_US', 46, 'Northern Mariana Islands'),
('en_US', 47, 'Ohio'),
('en_US', 48, 'Oklahoma'),
('en_US', 49, 'Oregon'),
('en_US', 50, 'Palau'),
('en_US', 51, 'Pennsylvania'),
('en_US', 52, 'Puerto Rico'),
('en_US', 53, 'Rhode Island'),
('en_US', 54, 'South Carolina'),
('en_US', 55, 'South Dakota'),
('en_US', 56, 'Tennessee'),
('en_US', 57, 'Texas'),
('en_US', 58, 'Utah'),
('en_US', 59, 'Vermont'),
('en_US', 60, 'Virgin Islands'),
('en_US', 61, 'Virginia'),
('en_US', 62, 'Washington'),
('en_US', 63, 'West Virginia'),
('en_US', 64, 'Wisconsin'),
('en_US', 65, 'Wyoming'),
('en_US', 66, 'Alberta'),
('en_US', 67, 'British Columbia'),
('en_US', 68, 'Manitoba'),
('en_US', 69, 'Newfoundland and Labrador'),
('en_US', 70, 'New Brunswick'),
('en_US', 71, 'Nova Scotia'),
('en_US', 72, 'Northwest Territories'),
('en_US', 73, 'Nunavut'),
('en_US', 74, 'Ontario'),
('en_US', 75, 'Prince Edward Island'),
('en_US', 76, 'Quebec'),
('en_US', 77, 'Saskatchewan'),
('en_US', 78, 'Yukon Territory'),
('en_US', 79, 'Niedersachsen'),
('en_US', 80, 'Baden-Württemberg'),
('en_US', 81, 'Bayern'),
('en_US', 82, 'Berlin'),
('en_US', 83, 'Brandenburg'),
('en_US', 84, 'Bremen'),
('en_US', 85, 'Hamburg'),
('en_US', 86, 'Hessen'),
('en_US', 87, 'Mecklenburg-Vorpommern'),
('en_US', 88, 'Nordrhein-Westfalen'),
('en_US', 89, 'Rheinland-Pfalz'),
('en_US', 90, 'Saarland'),
('en_US', 91, 'Sachsen'),
('en_US', 92, 'Sachsen-Anhalt'),
('en_US', 93, 'Schleswig-Holstein'),
('en_US', 94, 'Thüringen'),
('en_US', 95, 'Wien'),
('en_US', 96, 'Niederösterreich'),
('en_US', 97, 'Oberösterreich'),
('en_US', 98, 'Salzburg'),
('en_US', 99, 'Kärnten'),
('en_US', 100, 'Steiermark'),
('en_US', 101, 'Tirol'),
('en_US', 102, 'Burgenland'),
('en_US', 103, 'Voralberg'),
('en_US', 104, 'Aargau'),
('en_US', 105, 'Appenzell Innerrhoden'),
('en_US', 106, 'Appenzell Ausserrhoden'),
('en_US', 107, 'Bern'),
('en_US', 108, 'Basel-Landschaft'),
('en_US', 109, 'Basel-Stadt'),
('en_US', 110, 'Freiburg'),
('en_US', 111, 'Genf'),
('en_US', 112, 'Glarus'),
('en_US', 113, 'Graubünden'),
('en_US', 114, 'Jura'),
('en_US', 115, 'Luzern'),
('en_US', 116, 'Neuenburg'),
('en_US', 117, 'Nidwalden'),
('en_US', 118, 'Obwalden'),
('en_US', 119, 'St. Gallen'),
('en_US', 120, 'Schaffhausen'),
('en_US', 121, 'Solothurn'),
('en_US', 122, 'Schwyz'),
('en_US', 123, 'Thurgau'),
('en_US', 124, 'Tessin'),
('en_US', 125, 'Uri'),
('en_US', 126, 'Waadt'),
('en_US', 127, 'Wallis'),
('en_US', 128, 'Zug'),
('en_US', 129, 'Zürich'),
('en_US', 130, 'A Coruña'),
('en_US', 131, 'Alava'),
('en_US', 132, 'Albacete'),
('en_US', 133, 'Alicante'),
('en_US', 134, 'Almeria'),
('en_US', 135, 'Asturias'),
('en_US', 136, 'Avila'),
('en_US', 137, 'Badajoz'),
('en_US', 138, 'Baleares'),
('en_US', 139, 'Barcelona'),
('en_US', 140, 'Burgos'),
('en_US', 141, 'Caceres'),
('en_US', 142, 'Cadiz'),
('en_US', 143, 'Cantabria'),
('en_US', 144, 'Castellon'),
('en_US', 145, 'Ceuta'),
('en_US', 146, 'Ciudad Real'),
('en_US', 147, 'Cordoba'),
('en_US', 148, 'Cuenca'),
('en_US', 149, 'Girona'),
('en_US', 150, 'Granada'),
('en_US', 151, 'Guadalajara'),
('en_US', 152, 'Guipuzcoa'),
('en_US', 153, 'Huelva'),
('en_US', 154, 'Huesca'),
('en_US', 155, 'Jaen'),
('en_US', 156, 'La Rioja'),
('en_US', 157, 'Las Palmas'),
('en_US', 158, 'Leon'),
('en_US', 159, 'Lleida'),
('en_US', 160, 'Lugo'),
('en_US', 161, 'Madrid'),
('en_US', 162, 'Malaga'),
('en_US', 163, 'Melilla'),
('en_US', 164, 'Murcia'),
('en_US', 165, 'Navarra'),
('en_US', 166, 'Ourense'),
('en_US', 167, 'Palencia'),
('en_US', 168, 'Pontevedra'),
('en_US', 169, 'Salamanca'),
('en_US', 170, 'Santa Cruz de Tenerife'),
('en_US', 171, 'Segovia'),
('en_US', 172, 'Sevilla'),
('en_US', 173, 'Soria'),
('en_US', 174, 'Tarragona'),
('en_US', 175, 'Teruel'),
('en_US', 176, 'Toledo'),
('en_US', 177, 'Valencia'),
('en_US', 178, 'Valladolid'),
('en_US', 179, 'Vizcaya'),
('en_US', 180, 'Zamora'),
('en_US', 181, 'Zaragoza'),
('en_US', 182, 'Ain'),
('en_US', 183, 'Aisne'),
('en_US', 184, 'Allier'),
('en_US', 185, 'Alpes-de-Haute-Provence'),
('en_US', 186, 'Hautes-Alpes'),
('en_US', 187, 'Alpes-Maritimes'),
('en_US', 188, 'Ardèche'),
('en_US', 189, 'Ardennes'),
('en_US', 190, 'Ariège'),
('en_US', 191, 'Aube'),
('en_US', 192, 'Aude'),
('en_US', 193, 'Aveyron'),
('en_US', 194, 'Bouches-du-Rhône'),
('en_US', 195, 'Calvados'),
('en_US', 196, 'Cantal'),
('en_US', 197, 'Charente'),
('en_US', 198, 'Charente-Maritime'),
('en_US', 199, 'Cher'),
('en_US', 200, 'Corrèze'),
('en_US', 201, 'Corse-du-Sud'),
('en_US', 202, 'Haute-Corse'),
('en_US', 203, 'Côte-d''Or'),
('en_US', 204, 'Côtes-d''Armor'),
('en_US', 205, 'Creuse'),
('en_US', 206, 'Dordogne'),
('en_US', 207, 'Doubs'),
('en_US', 208, 'Drôme'),
('en_US', 209, 'Eure'),
('en_US', 210, 'Eure-et-Loir'),
('en_US', 211, 'Finistère'),
('en_US', 212, 'Gard'),
('en_US', 213, 'Haute-Garonne'),
('en_US', 214, 'Gers'),
('en_US', 215, 'Gironde'),
('en_US', 216, 'Hérault'),
('en_US', 217, 'Ille-et-Vilaine'),
('en_US', 218, 'Indre'),
('en_US', 219, 'Indre-et-Loire'),
('en_US', 220, 'Isère'),
('en_US', 221, 'Jura'),
('en_US', 222, 'Landes'),
('en_US', 223, 'Loir-et-Cher'),
('en_US', 224, 'Loire'),
('en_US', 225, 'Haute-Loire'),
('en_US', 226, 'Loire-Atlantique'),
('en_US', 227, 'Loiret'),
('en_US', 228, 'Lot'),
('en_US', 229, 'Lot-et-Garonne'),
('en_US', 230, 'Lozère'),
('en_US', 231, 'Maine-et-Loire'),
('en_US', 232, 'Manche'),
('en_US', 233, 'Marne'),
('en_US', 234, 'Haute-Marne'),
('en_US', 235, 'Mayenne'),
('en_US', 236, 'Meurthe-et-Moselle'),
('en_US', 237, 'Meuse'),
('en_US', 238, 'Morbihan'),
('en_US', 239, 'Moselle'),
('en_US', 240, 'Nièvre'),
('en_US', 241, 'Nord'),
('en_US', 242, 'Oise'),
('en_US', 243, 'Orne'),
('en_US', 244, 'Pas-de-Calais'),
('en_US', 245, 'Puy-de-Dôme'),
('en_US', 246, 'Pyrénées-Atlantiques'),
('en_US', 247, 'Hautes-Pyrénées'),
('en_US', 248, 'Pyrénées-Orientales'),
('en_US', 249, 'Bas-Rhin'),
('en_US', 250, 'Haut-Rhin'),
('en_US', 251, 'Rhône'),
('en_US', 252, 'Haute-Saône'),
('en_US', 253, 'Saône-et-Loire'),
('en_US', 254, 'Sarthe'),
('en_US', 255, 'Savoie'),
('en_US', 256, 'Haute-Savoie'),
('en_US', 257, 'Paris'),
('en_US', 258, 'Seine-Maritime'),
('en_US', 259, 'Seine-et-Marne'),
('en_US', 260, 'Yvelines'),
('en_US', 261, 'Deux-Sèvres'),
('en_US', 262, 'Somme'),
('en_US', 263, 'Tarn'),
('en_US', 264, 'Tarn-et-Garonne'),
('en_US', 265, 'Var'),
('en_US', 266, 'Vaucluse'),
('en_US', 267, 'Vendée'),
('en_US', 268, 'Vienne'),
('en_US', 269, 'Haute-Vienne'),
('en_US', 270, 'Vosges'),
('en_US', 271, 'Yonne'),
('en_US', 272, 'Territoire-de-Belfort'),
('en_US', 273, 'Essonne'),
('en_US', 274, 'Hauts-de-Seine'),
('en_US', 275, 'Seine-Saint-Denis'),
('en_US', 276, 'Val-de-Marne'),
('en_US', 277, 'Val-d''Oise'),
('en_US', 278, 'Alba'),
('en_US', 279, 'Arad'),
('en_US', 280, 'Argeş'),
('en_US', 281, 'Bacău'),
('en_US', 282, 'Bihor'),
('en_US', 283, 'Bistriţa-Năsăud'),
('en_US', 284, 'Botoşani'),
('en_US', 285, 'Braşov'),
('en_US', 286, 'Brăila'),
('en_US', 287, 'Bucureşti'),
('en_US', 288, 'Buzău'),
('en_US', 289, 'Caraş-Severin'),
('en_US', 290, 'Călăraşi'),
('en_US', 291, 'Cluj'),
('en_US', 292, 'Constanţa'),
('en_US', 293, 'Covasna'),
('en_US', 294, 'Dâmboviţa'),
('en_US', 295, 'Dolj'),
('en_US', 296, 'Galaţi'),
('en_US', 297, 'Giurgiu'),
('en_US', 298, 'Gorj'),
('en_US', 299, 'Harghita'),
('en_US', 300, 'Hunedoara'),
('en_US', 301, 'Ialomiţa'),
('en_US', 302, 'Iaşi'),
('en_US', 303, 'Ilfov'),
('en_US', 304, 'Maramureş'),
('en_US', 305, 'Mehedinţi'),
('en_US', 306, 'Mureş'),
('en_US', 307, 'Neamţ'),
('en_US', 308, 'Olt'),
('en_US', 309, 'Prahova'),
('en_US', 310, 'Satu-Mare'),
('en_US', 311, 'Sălaj'),
('en_US', 312, 'Sibiu'),
('en_US', 313, 'Suceava'),
('en_US', 314, 'Teleorman'),
('en_US', 315, 'Timiş'),
('en_US', 316, 'Tulcea'),
('en_US', 317, 'Vaslui'),
('en_US', 318, 'Vâlcea'),
('en_US', 319, 'Vrancea'),
('en_US', 320, 'Lappi'),
('en_US', 321, 'Pohjois-Pohjanmaa'),
('en_US', 322, 'Kainuu'),
('en_US', 323, 'Pohjois-Karjala'),
('en_US', 324, 'Pohjois-Savo'),
('en_US', 325, 'Etelä-Savo'),
('en_US', 326, 'Etelä-Pohjanmaa'),
('en_US', 327, 'Pohjanmaa'),
('en_US', 328, 'Pirkanmaa'),
('en_US', 329, 'Satakunta'),
('en_US', 330, 'Keski-Pohjanmaa'),
('en_US', 331, 'Keski-Suomi'),
('en_US', 332, 'Varsinais-Suomi'),
('en_US', 333, 'Etelä-Karjala'),
('en_US', 334, 'Päijät-Häme'),
('en_US', 335, 'Kanta-Häme'),
('en_US', 336, 'Uusimaa'),
('en_US', 337, 'Itä-Uusimaa'),
('en_US', 338, 'Kymenlaakso'),
('en_US', 339, 'Ahvenanmaa'),
('en_US', 340, 'Harjumaa'),
('en_US', 341, 'Hiiumaa'),
('en_US', 342, 'Ida-Virumaa'),
('en_US', 343, 'Jõgevamaa'),
('en_US', 344, 'Järvamaa'),
('en_US', 345, 'Läänemaa'),
('en_US', 346, 'Lääne-Virumaa'),
('en_US', 347, 'Põlvamaa'),
('en_US', 348, 'Pärnumaa'),
('en_US', 349, 'Raplamaa'),
('en_US', 350, 'Saaremaa'),
('en_US', 351, 'Tartumaa'),
('en_US', 352, 'Valgamaa'),
('en_US', 353, 'Viljandimaa'),
('en_US', 354, 'Võrumaa'),
('en_US', 355, 'Daugavpils'),
('en_US', 356, 'Jelgava'),
('en_US', 357, 'Jēkabpils'),
('en_US', 358, 'Jūrmala'),
('en_US', 359, 'Liepāja'),
('en_US', 360, 'Liepājas novads'),
('en_US', 361, 'Rēzekne'),
('en_US', 362, 'Rīga'),
('en_US', 363, 'Rīgas novads'),
('en_US', 364, 'Valmiera'),
('en_US', 365, 'Ventspils'),
('en_US', 366, 'Aglonas novads'),
('en_US', 367, 'Aizkraukles novads'),
('en_US', 368, 'Aizputes novads'),
('en_US', 369, 'Aknīstes novads'),
('en_US', 370, 'Alojas novads'),
('en_US', 371, 'Alsungas novads'),
('en_US', 372, 'Alūksnes novads'),
('en_US', 373, 'Amatas novads'),
('en_US', 374, 'Apes novads'),
('en_US', 375, 'Auces novads'),
('en_US', 376, 'Babītes novads'),
('en_US', 377, 'Baldones novads'),
('en_US', 378, 'Baltinavas novads'),
('en_US', 379, 'Balvu novads'),
('en_US', 380, 'Bauskas novads'),
('en_US', 381, 'Beverīnas novads'),
('en_US', 382, 'Brocēnu novads'),
('en_US', 383, 'Burtnieku novads'),
('en_US', 384, 'Carnikavas novads'),
('en_US', 385, 'Cesvaines novads'),
('en_US', 386, 'Ciblas novads'),
('en_US', 387, 'Cēsu novads'),
('en_US', 388, 'Dagdas novads'),
('en_US', 389, 'Daugavpils novads'),
('en_US', 390, 'Dobeles novads'),
('en_US', 391, 'Dundagas novads'),
('en_US', 392, 'Durbes novads'),
('en_US', 393, 'Engures novads'),
('en_US', 394, 'Garkalnes novads'),
('en_US', 395, 'Grobiņas novads'),
('en_US', 396, 'Gulbenes novads'),
('en_US', 397, 'Iecavas novads'),
('en_US', 398, 'Ikšķiles novads'),
('en_US', 399, 'Ilūkstes novads'),
('en_US', 400, 'Inčukalna novads'),
('en_US', 401, 'Jaunjelgavas novads'),
('en_US', 402, 'Jaunpiebalgas novads'),
('en_US', 403, 'Jaunpils novads'),
('en_US', 404, 'Jelgavas novads'),
('en_US', 405, 'Jēkabpils novads'),
('en_US', 406, 'Kandavas novads'),
('en_US', 407, 'Kokneses novads'),
('en_US', 408, 'Krimuldas novads'),
('en_US', 409, 'Krustpils novads'),
('en_US', 410, 'Krāslavas novads'),
('en_US', 411, 'Kuldīgas novads'),
('en_US', 412, 'Kārsavas novads'),
('en_US', 413, 'Lielvārdes novads'),
('en_US', 414, 'Limbažu novads'),
('en_US', 415, 'Lubānas novads'),
('en_US', 416, 'Ludzas novads'),
('en_US', 417, 'Līgatnes novads'),
('en_US', 418, 'Līvānu novads'),
('en_US', 419, 'Madonas novads'),
('en_US', 420, 'Mazsalacas novads'),
('en_US', 421, 'Mālpils novads'),
('en_US', 422, 'Mārupes novads'),
('en_US', 423, 'Naukšēnu novads'),
('en_US', 424, 'Neretas novads'),
('en_US', 425, 'Nīcas novads'),
('en_US', 426, 'Ogres novads'),
('en_US', 427, 'Olaines novads'),
('en_US', 428, 'Ozolnieku novads'),
('en_US', 429, 'Preiļu novads'),
('en_US', 430, 'Priekules novads'),
('en_US', 431, 'Priekuļu novads'),
('en_US', 432, 'Pārgaujas novads'),
('en_US', 433, 'Pāvilostas novads'),
('en_US', 434, 'Pļaviņu novads'),
('en_US', 435, 'Raunas novads'),
('en_US', 436, 'Riebiņu novads'),
('en_US', 437, 'Rojas novads'),
('en_US', 438, 'Ropažu novads'),
('en_US', 439, 'Rucavas novads'),
('en_US', 440, 'Rugāju novads'),
('en_US', 441, 'Rundāles novads'),
('en_US', 442, 'Rēzeknes novads'),
('en_US', 443, 'Rūjienas novads'),
('en_US', 444, 'Salacgrīvas novads'),
('en_US', 445, 'Salas novads'),
('en_US', 446, 'Salaspils novads'),
('en_US', 447, 'Saldus novads'),
('en_US', 448, 'Saulkrastu novads'),
('en_US', 449, 'Siguldas novads'),
('en_US', 450, 'Skrundas novads'),
('en_US', 451, 'Skrīveru novads'),
('en_US', 452, 'Smiltenes novads'),
('en_US', 453, 'Stopiņu novads'),
('en_US', 454, 'Strenču novads'),
('en_US', 455, 'Sējas novads'),
('en_US', 456, 'Talsu novads'),
('en_US', 457, 'Tukuma novads'),
('en_US', 458, 'Tērvetes novads'),
('en_US', 459, 'Vaiņodes novads'),
('en_US', 460, 'Valkas novads'),
('en_US', 461, 'Valmieras novads'),
('en_US', 462, 'Varakļānu novads'),
('en_US', 463, 'Vecpiebalgas novads'),
('en_US', 464, 'Vecumnieku novads'),
('en_US', 465, 'Ventspils novads'),
('en_US', 466, 'Viesītes novads'),
('en_US', 467, 'Viļakas novads'),
('en_US', 468, 'Viļānu novads'),
('en_US', 469, 'Vārkavas novads'),
('en_US', 470, 'Zilupes novads'),
('en_US', 471, 'Ādažu novads'),
('en_US', 472, 'Ērgļu novads'),
('en_US', 473, 'Ķeguma novads'),
('en_US', 474, 'Ķekavas novads'),
('en_US', 475, 'Alytaus Apskritis'),
('en_US', 476, 'Kauno Apskritis'),
('en_US', 477, 'Klaipėdos Apskritis'),
('en_US', 478, 'Marijampolės Apskritis'),
('en_US', 479, 'Panevėžio Apskritis'),
('en_US', 480, 'Šiaulių Apskritis'),
('en_US', 481, 'Tauragės Apskritis'),
('en_US', 482, 'Telšių Apskritis'),
('en_US', 483, 'Utenos Apskritis'),
('en_US', 484, 'Vilniaus Apskritis');

-- --------------------------------------------------------

--
-- Table structure for table`mg_directory_currency_rate`
--

CREATE TABLE `mg_directory_currency_rate` (
  `currency_from` varchar(3) NOT NULL DEFAULT '' COMMENT 'Currency Code Convert From',
  `currency_to` varchar(3) NOT NULL DEFAULT '' COMMENT 'Currency Code Convert To',
  `rate` decimal(24,12) NOT NULL DEFAULT '0.000000000000' COMMENT 'Currency Conversion Rate',
  PRIMARY KEY (`currency_from`,`currency_to`),
  KEY `IDX_mg_DIRECTORY_CURRENCY_RATE_CURRENCY_TO` (`currency_to`)
) ENGINE=InnoDB DEFAULT CHARSET=utf8 COMMENT='Directory Currency Rate';

--
-- Dumping data for table 'mg_directory_currency_rate'
--

INSERT INTO `mg_directory_currency_rate` VALUES
('EUR', 'EUR', 1.000000000000),
('EUR', 'USD', 1.415000000000),
('USD', 'EUR', 0.706700000000),
('USD', 'USD', 1.000000000000);

-- --------------------------------------------------------

--
-- Table structure for table`mg_downloadable_link`
--

CREATE TABLE `mg_downloadable_link` (
  `link_id` int(10) unsigned NOT NULL AUTO_INCREMENT COMMENT 'Link ID',
  `product_id` int(10) unsigned NOT NULL DEFAULT '0' COMMENT 'Product ID',
  `sort_order` int(10) unsigned NOT NULL DEFAULT '0' COMMENT 'Sort order',
  `number_of_downloads` int(11) DEFAULT NULL COMMENT 'Number of downloads',
  `is_shareable` smallint(5) unsigned NOT NULL DEFAULT '0' COMMENT 'Shareable flag',
  `link_url` varchar(255) DEFAULT NULL COMMENT 'Link Url',
  `link_file` varchar(255) DEFAULT NULL COMMENT 'Link File',
  `link_type` varchar(20) DEFAULT NULL COMMENT 'Link Type',
  `sample_url` varchar(255) DEFAULT NULL COMMENT 'Sample Url',
  `sample_file` varchar(255) DEFAULT NULL COMMENT 'Sample File',
  `sample_type` varchar(20) DEFAULT NULL COMMENT 'Sample Type',
  PRIMARY KEY (`link_id`),
  KEY `IDX_mg_DOWNLOADABLE_LINK_PRODUCT_ID` (`product_id`),
  KEY `IDX_mg_DOWNLOADABLE_LINK_PRODUCT_ID_SORT_ORDER` (`product_id`,`sort_order`)
) ENGINE=InnoDB DEFAULT CHARSET=utf8 COMMENT='Downloadable Link Table' AUTO_INCREMENT=1 ;

-- --------------------------------------------------------

--
-- Table structure for table`mg_downloadable_link_price`
--

CREATE TABLE `mg_downloadable_link_price` (
  `price_id` int(10) unsigned NOT NULL AUTO_INCREMENT COMMENT 'Price ID',
  `link_id` int(10) unsigned NOT NULL DEFAULT '0' COMMENT 'Link ID',
  `website_id` smallint(5) unsigned NOT NULL DEFAULT '0' COMMENT 'Website ID',
  `price` decimal(12,4) NOT NULL DEFAULT '0.0000' COMMENT 'Price',
  PRIMARY KEY (`price_id`),
  KEY `IDX_mg_DOWNLOADABLE_LINK_PRICE_LINK_ID` (`link_id`),
  KEY `IDX_mg_DOWNLOADABLE_LINK_PRICE_WEBSITE_ID` (`website_id`)
) ENGINE=InnoDB DEFAULT CHARSET=utf8 COMMENT='Downloadable Link Price Table' AUTO_INCREMENT=1 ;

-- --------------------------------------------------------

--
-- Table structure for table`mg_downloadable_link_purchased`
--

CREATE TABLE `mg_downloadable_link_purchased` (
  `purchased_id` int(10) unsigned NOT NULL AUTO_INCREMENT COMMENT 'Purchased ID',
  `order_id` int(10) unsigned DEFAULT '0' COMMENT 'Order ID',
  `order_increment_id` varchar(50) DEFAULT NULL COMMENT 'Order Increment ID',
  `order_item_id` int(10) unsigned NOT NULL DEFAULT '0' COMMENT 'Order Item ID',
  `created_at` timestamp NOT NULL DEFAULT CURRENT_TIMESTAMP ON UPDATE CURRENT_TIMESTAMP COMMENT 'Date of creation',
  `updated_at` timestamp NOT NULL DEFAULT '0000-00-00 00:00:00' COMMENT 'Date of modification',
  `customer_id` int(10) unsigned DEFAULT '0' COMMENT 'Customer ID',
  `product_name` varchar(255) DEFAULT NULL COMMENT 'Product name',
  `product_sku` varchar(255) DEFAULT NULL COMMENT 'Product sku',
  `link_section_title` varchar(255) DEFAULT NULL COMMENT 'Link_section_title',
  PRIMARY KEY (`purchased_id`),
  KEY `IDX_mg_DOWNLOADABLE_LINK_PURCHASED_ORDER_ID` (`order_id`),
  KEY `IDX_mg_DOWNLOADABLE_LINK_PURCHASED_ORDER_ITEM_ID` (`order_item_id`),
  KEY `IDX_mg_DOWNLOADABLE_LINK_PURCHASED_CUSTOMER_ID` (`customer_id`)
) ENGINE=InnoDB DEFAULT CHARSET=utf8 COMMENT='Downloadable Link Purchased Table' AUTO_INCREMENT=1 ;

-- --------------------------------------------------------

--
-- Table structure for table`mg_downloadable_link_purchased_item`
--

CREATE TABLE `mg_downloadable_link_purchased_item` (
  `item_id` int(10) unsigned NOT NULL AUTO_INCREMENT COMMENT 'Item ID',
  `purchased_id` int(10) unsigned NOT NULL DEFAULT '0' COMMENT 'Purchased ID',
  `order_item_id` int(10) unsigned DEFAULT '0' COMMENT 'Order Item ID',
  `product_id` int(10) unsigned DEFAULT '0' COMMENT 'Product ID',
  `link_hash` varchar(255) DEFAULT NULL COMMENT 'Link hash',
  `number_of_downloads_bought` int(10) unsigned NOT NULL DEFAULT '0' COMMENT 'Number of downloads bought',
  `number_of_downloads_used` int(10) unsigned NOT NULL DEFAULT '0' COMMENT 'Number of downloads used',
  `link_id` int(10) unsigned NOT NULL DEFAULT '0' COMMENT 'Link ID',
  `link_title` varchar(255) DEFAULT NULL COMMENT 'Link Title',
  `is_shareable` smallint(5) unsigned NOT NULL DEFAULT '0' COMMENT 'Shareable Flag',
  `link_url` varchar(255) DEFAULT NULL COMMENT 'Link Url',
  `link_file` varchar(255) DEFAULT NULL COMMENT 'Link File',
  `link_type` varchar(255) DEFAULT NULL COMMENT 'Link Type',
  `status` varchar(50) DEFAULT NULL COMMENT 'Status',
  `created_at` timestamp NOT NULL DEFAULT CURRENT_TIMESTAMP ON UPDATE CURRENT_TIMESTAMP COMMENT 'Creation Time',
  `updated_at` timestamp NOT NULL DEFAULT '0000-00-00 00:00:00' COMMENT 'Update Time',
  PRIMARY KEY (`item_id`),
  KEY `IDX_mg_DOWNLOADABLE_LINK_PURCHASED_ITEM_LINK_HASH` (`link_hash`),
  KEY `IDX_mg_DOWNLOADABLE_LINK_PURCHASED_ITEM_ORDER_ITEM_ID` (`order_item_id`),
  KEY `IDX_mg_DOWNLOADABLE_LINK_PURCHASED_ITEM_PURCHASED_ID` (`purchased_id`)
) ENGINE=InnoDB DEFAULT CHARSET=utf8 COMMENT='Downloadable Link Purchased Item Table' AUTO_INCREMENT=1 ;

-- --------------------------------------------------------

--
-- Table structure for table`mg_downloadable_link_title`
--

CREATE TABLE `mg_downloadable_link_title` (
  `title_id` int(10) unsigned NOT NULL AUTO_INCREMENT COMMENT 'Title ID',
  `link_id` int(10) unsigned NOT NULL DEFAULT '0' COMMENT 'Link ID',
  `store_id` smallint(5) unsigned NOT NULL DEFAULT '0' COMMENT 'Store ID',
  `title` varchar(255) DEFAULT NULL COMMENT 'Title',
  PRIMARY KEY (`title_id`),
  UNIQUE KEY `UNQ_mg_DOWNLOADABLE_LINK_TITLE_LINK_ID_STORE_ID` (`link_id`,`store_id`),
  KEY `IDX_mg_DOWNLOADABLE_LINK_TITLE_LINK_ID` (`link_id`),
  KEY `IDX_mg_DOWNLOADABLE_LINK_TITLE_STORE_ID` (`store_id`)
) ENGINE=InnoDB DEFAULT CHARSET=utf8 COMMENT='Link Title Table' AUTO_INCREMENT=1 ;

-- --------------------------------------------------------

--
-- Table structure for table`mg_downloadable_sample`
--

CREATE TABLE `mg_downloadable_sample` (
  `sample_id` int(10) unsigned NOT NULL AUTO_INCREMENT COMMENT 'Sample ID',
  `product_id` int(10) unsigned NOT NULL DEFAULT '0' COMMENT 'Product ID',
  `sample_url` varchar(255) DEFAULT NULL COMMENT 'Sample URL',
  `sample_file` varchar(255) DEFAULT NULL COMMENT 'Sample file',
  `sample_type` varchar(20) DEFAULT NULL COMMENT 'Sample Type',
  `sort_order` int(10) unsigned NOT NULL DEFAULT '0' COMMENT 'Sort Order',
  PRIMARY KEY (`sample_id`),
  KEY `IDX_mg_DOWNLOADABLE_SAMPLE_PRODUCT_ID` (`product_id`)
) ENGINE=InnoDB DEFAULT CHARSET=utf8 COMMENT='Downloadable Sample Table' AUTO_INCREMENT=1 ;

-- --------------------------------------------------------

--
-- Table structure for table`mg_downloadable_sample_title`
--

CREATE TABLE `mg_downloadable_sample_title` (
  `title_id` int(10) unsigned NOT NULL AUTO_INCREMENT COMMENT 'Title ID',
  `sample_id` int(10) unsigned NOT NULL DEFAULT '0' COMMENT 'Sample ID',
  `store_id` smallint(5) unsigned NOT NULL DEFAULT '0' COMMENT 'Store ID',
  `title` varchar(255) DEFAULT NULL COMMENT 'Title',
  PRIMARY KEY (`title_id`),
  UNIQUE KEY `UNQ_mg_DOWNLOADABLE_SAMPLE_TITLE_SAMPLE_ID_STORE_ID` (`sample_id`,`store_id`),
  KEY `IDX_mg_DOWNLOADABLE_SAMPLE_TITLE_SAMPLE_ID` (`sample_id`),
  KEY `IDX_mg_DOWNLOADABLE_SAMPLE_TITLE_STORE_ID` (`store_id`)
) ENGINE=InnoDB DEFAULT CHARSET=utf8 COMMENT='Downloadable Sample Title Table' AUTO_INCREMENT=1 ;

-- --------------------------------------------------------

--
-- Table structure for table`mg_eav_attribute`
--

CREATE TABLE `mg_eav_attribute` (
  `attribute_id` smallint(5) unsigned NOT NULL AUTO_INCREMENT COMMENT 'Attribute Id',
  `entity_type_id` smallint(5) unsigned NOT NULL DEFAULT '0' COMMENT 'Entity Type Id',
  `attribute_code` varchar(255) DEFAULT NULL COMMENT 'Attribute Code',
  `attribute_model` varchar(255) DEFAULT NULL COMMENT 'Attribute Model',
  `backend_model` varchar(255) DEFAULT NULL COMMENT 'Backend Model',
  `backend_type` varchar(8) NOT NULL DEFAULT 'static' COMMENT 'Backend Type',
  `backend_table` varchar(255) DEFAULT NULL COMMENT 'Backend Table',
  `frontend_model` varchar(255) DEFAULT NULL COMMENT 'Frontend Model',
  `frontend_input` varchar(50) DEFAULT NULL COMMENT 'Frontend Input',
  `frontend_label` varchar(255) DEFAULT NULL COMMENT 'Frontend Label',
  `frontend_class` varchar(255) DEFAULT NULL COMMENT 'Frontend Class',
  `source_model` varchar(255) DEFAULT NULL COMMENT 'Source Model',
  `is_required` smallint(5) unsigned NOT NULL DEFAULT '0' COMMENT 'Defines Is Required',
  `is_user_defined` smallint(5) unsigned NOT NULL DEFAULT '0' COMMENT 'Defines Is User Defined',
  `default_value` text COMMENT 'Default Value',
  `is_unique` smallint(5) unsigned NOT NULL DEFAULT '0' COMMENT 'Defines Is Unique',
  `note` varchar(255) DEFAULT NULL COMMENT 'Note',
  PRIMARY KEY (`attribute_id`),
  UNIQUE KEY `UNQ_mg_EAV_ATTRIBUTE_ENTITY_TYPE_ID_ATTRIBUTE_CODE` (`entity_type_id`,`attribute_code`),
  KEY `IDX_mg_EAV_ATTRIBUTE_ENTITY_TYPE_ID` (`entity_type_id`)
) ENGINE=InnoDB  DEFAULT CHARSET=utf8 COMMENT='Eav Attribute' AUTO_INCREMENT=134 ;

--
-- Dumping data for table 'mg_eav_attribute'
--

INSERT INTO `mg_eav_attribute` VALUES
(1, 1, 'website_id', NULL, 'customer/customer_attribute_backend_website', 'static', NULL, NULL, 'select', 'Associate to Website', NULL, 'customer/customer_attribute_source_website', 1, 0, NULL, 0, NULL),
(2, 1, 'store_id', NULL, 'customer/customer_attribute_backend_store', 'static', NULL, NULL, 'select', 'Create In', NULL, 'customer/customer_attribute_source_store', 1, 0, NULL, 0, NULL),
(3, 1, 'created_in', NULL, NULL, 'varchar', NULL, NULL, 'text', 'Created From', NULL, NULL, 0, 0, NULL, 0, NULL),
(4, 1, 'prefix', NULL, NULL, 'varchar', NULL, NULL, 'text', 'Prefix', NULL, NULL, 0, 0, NULL, 0, NULL),
(5, 1, 'firstname', NULL, NULL, 'varchar', NULL, NULL, 'text', 'First Name', NULL, NULL, 1, 0, NULL, 0, NULL),
(6, 1, 'middlename', NULL, NULL, 'varchar', NULL, NULL, 'text', 'Middle Name/Initial', NULL, NULL, 0, 0, NULL, 0, NULL),
(7, 1, 'lastname', NULL, NULL, 'varchar', NULL, NULL, 'text', 'Last Name', NULL, NULL, 1, 0, NULL, 0, NULL),
(8, 1, 'suffix', NULL, NULL, 'varchar', NULL, NULL, 'text', 'Suffix', NULL, NULL, 0, 0, NULL, 0, NULL),
(9, 1, 'email', NULL, NULL, 'static', NULL, NULL, 'text', 'Email', NULL, NULL, 1, 0, NULL, 0, NULL),
(10, 1, 'group_id', NULL, NULL, 'static', NULL, NULL, 'select', 'Group', NULL, 'customer/customer_attribute_source_group', 1, 0, NULL, 0, NULL),
(11, 1, 'dob', NULL, 'eav/entity_attribute_backend_datetime', 'datetime', NULL, 'eav/entity_attribute_frontend_datetime', 'date', 'Date Of Birth', NULL, NULL, 0, 0, NULL, 0, NULL),
(12, 1, 'password_hash', NULL, 'customer/customer_attribute_backend_password', 'varchar', NULL, NULL, 'hidden', NULL, NULL, NULL, 0, 0, NULL, 0, NULL),
(13, 1, 'default_billing', NULL, 'customer/customer_attribute_backend_billing', 'int', NULL, NULL, 'text', 'Default Billing Address', NULL, NULL, 0, 0, NULL, 0, NULL),
(14, 1, 'default_shipping', NULL, 'customer/customer_attribute_backend_shipping', 'int', NULL, NULL, 'text', 'Default Shipping Address', NULL, NULL, 0, 0, NULL, 0, NULL),
(15, 1, 'taxvat', NULL, NULL, 'varchar', NULL, NULL, 'text', 'Tax/VAT Number', NULL, NULL, 0, 0, NULL, 0, NULL),
(16, 1, 'confirmation', NULL, NULL, 'varchar', NULL, NULL, 'text', 'Is Confirmed', NULL, NULL, 0, 0, NULL, 0, NULL),
(17, 1, 'created_at', NULL, NULL, 'static', NULL, NULL, 'date', 'Created At', NULL, NULL, 0, 0, NULL, 0, NULL),
(18, 1, 'gender', NULL, NULL, 'int', NULL, NULL, 'select', 'Gender', NULL, 'eav/entity_attribute_source_table', 0, 0, NULL, 0, NULL),
(19, 2, 'prefix', NULL, NULL, 'varchar', NULL, NULL, 'text', 'Prefix', NULL, NULL, 0, 0, NULL, 0, NULL),
(20, 2, 'firstname', NULL, NULL, 'varchar', NULL, NULL, 'text', 'First Name', NULL, NULL, 1, 0, NULL, 0, NULL),
(21, 2, 'middlename', NULL, NULL, 'varchar', NULL, NULL, 'text', 'Middle Name/Initial', NULL, NULL, 0, 0, NULL, 0, NULL),
(22, 2, 'lastname', NULL, NULL, 'varchar', NULL, NULL, 'text', 'Last Name', NULL, NULL, 1, 0, NULL, 0, NULL),
(23, 2, 'suffix', NULL, NULL, 'varchar', NULL, NULL, 'text', 'Suffix', NULL, NULL, 0, 0, NULL, 0, NULL),
(24, 2, 'company', NULL, NULL, 'varchar', NULL, NULL, 'text', 'Company', NULL, NULL, 0, 0, NULL, 0, NULL),
(25, 2, 'street', NULL, 'customer/entity_address_attribute_backend_street', 'text', NULL, NULL, 'multiline', 'Street Address', NULL, NULL, 1, 0, NULL, 0, NULL),
(26, 2, 'city', NULL, NULL, 'varchar', NULL, NULL, 'text', 'City', NULL, NULL, 1, 0, NULL, 0, NULL),
(27, 2, 'country_id', NULL, NULL, 'varchar', NULL, NULL, 'select', 'Country', NULL, 'customer/entity_address_attribute_source_country', 1, 0, NULL, 0, NULL),
(28, 2, 'region', NULL, 'customer/entity_address_attribute_backend_region', 'varchar', NULL, NULL, 'text', 'State/Province', NULL, NULL, 0, 0, NULL, 0, NULL),
(29, 2, 'region_id', NULL, NULL, 'int', NULL, NULL, 'hidden', 'State/Province', NULL, 'customer/entity_address_attribute_source_region', 0, 0, NULL, 0, NULL),
(30, 2, 'postcode', NULL, NULL, 'varchar', NULL, NULL, 'text', 'Zip/Postal Code', NULL, NULL, 1, 0, NULL, 0, NULL),
(31, 2, 'telephone', NULL, NULL, 'varchar', NULL, NULL, 'text', 'Telephone', NULL, NULL, 1, 0, NULL, 0, NULL),
(32, 2, 'fax', NULL, NULL, 'varchar', NULL, NULL, 'text', 'Fax', NULL, NULL, 0, 0, NULL, 0, NULL),
(33, 1, 'rp_token', NULL, NULL, 'varchar', NULL, NULL, 'hidden', NULL, NULL, NULL, 0, 0, NULL, 0, NULL),
(34, 1, 'rp_token_created_at', NULL, NULL, 'datetime', NULL, NULL, 'date', NULL, NULL, NULL, 0, 0, NULL, 0, NULL),
(35, 1, 'disable_auto_group_change', NULL, 'customer/attribute_backend_data_boolean', 'static', NULL, NULL, 'boolean', 'Disable Automatic Group Change Based on VAT ID', NULL, NULL, 0, 0, NULL, 0, NULL),
(36, 2, 'vat_id', NULL, NULL, 'varchar', NULL, NULL, 'text', 'VAT number', NULL, NULL, 0, 0, NULL, 0, NULL),
(37, 2, 'vat_is_valid', NULL, NULL, 'int', NULL, NULL, 'text', 'VAT number validity', NULL, NULL, 0, 0, NULL, 0, NULL),
(38, 2, 'vat_request_id', NULL, NULL, 'varchar', NULL, NULL, 'text', 'VAT number validation request ID', NULL, NULL, 0, 0, NULL, 0, NULL),
(39, 2, 'vat_request_date', NULL, NULL, 'varchar', NULL, NULL, 'text', 'VAT number validation request date', NULL, NULL, 0, 0, NULL, 0, NULL),
(40, 2, 'vat_request_success', NULL, NULL, 'int', NULL, NULL, 'text', 'VAT number validation request success', NULL, NULL, 0, 0, NULL, 0, NULL),
(41, 3, 'name', NULL, NULL, 'varchar', NULL, NULL, 'text', 'Name', NULL, NULL, 1, 0, NULL, 0, NULL),
(42, 3, 'is_active', NULL, NULL, 'int', NULL, NULL, 'select', 'Is Active', NULL, 'eav/entity_attribute_source_boolean', 1, 0, NULL, 0, NULL),
(43, 3, 'url_key', NULL, 'catalog/category_attribute_backend_urlkey', 'varchar', NULL, NULL, 'text', 'URL Key', NULL, NULL, 0, 0, NULL, 0, NULL),
(44, 3, 'description', NULL, NULL, 'text', NULL, NULL, 'textarea', 'Description', NULL, NULL, 0, 0, NULL, 0, NULL),
(45, 3, 'image', NULL, 'catalog/category_attribute_backend_image', 'varchar', NULL, NULL, 'image', 'Image', NULL, NULL, 0, 0, NULL, 0, NULL),
(46, 3, 'meta_title', NULL, NULL, 'varchar', NULL, NULL, 'text', 'Page Title', NULL, NULL, 0, 0, NULL, 0, NULL),
(47, 3, 'meta_keywords', NULL, NULL, 'text', NULL, NULL, 'textarea', 'Meta Keywords', NULL, NULL, 0, 0, NULL, 0, NULL),
(48, 3, 'meta_description', NULL, NULL, 'text', NULL, NULL, 'textarea', 'Meta Description', NULL, NULL, 0, 0, NULL, 0, NULL),
(49, 3, 'display_mode', NULL, NULL, 'varchar', NULL, NULL, 'select', 'Display Mode', NULL, 'catalog/category_attribute_source_mode', 0, 0, NULL, 0, NULL),
(50, 3, 'landing_page', NULL, NULL, 'int', NULL, NULL, 'select', 'CMS Block', NULL, 'catalog/category_attribute_source_page', 0, 0, NULL, 0, NULL),
(51, 3, 'is_anchor', NULL, NULL, 'int', NULL, NULL, 'select', 'Is Anchor', NULL, 'eav/entity_attribute_source_boolean', 0, 0, NULL, 0, NULL),
(52, 3, 'path', NULL, NULL, 'static', NULL, NULL, 'text', 'Path', NULL, NULL, 0, 0, NULL, 0, NULL),
(53, 3, 'position', NULL, NULL, 'static', NULL, NULL, 'text', 'Position', NULL, NULL, 0, 0, NULL, 0, NULL),
(54, 3, 'all_children', NULL, NULL, 'text', NULL, NULL, 'text', NULL, NULL, NULL, 0, 0, NULL, 0, NULL),
(55, 3, 'path_in_store', NULL, NULL, 'text', NULL, NULL, 'text', NULL, NULL, NULL, 0, 0, NULL, 0, NULL),
(56, 3, 'children', NULL, NULL, 'text', NULL, NULL, 'text', NULL, NULL, NULL, 0, 0, NULL, 0, NULL),
(57, 3, 'url_path', NULL, NULL, 'varchar', NULL, NULL, 'text', NULL, NULL, NULL, 0, 0, NULL, 0, NULL),
(58, 3, 'custom_design', NULL, NULL, 'varchar', NULL, NULL, 'select', 'Custom Design', NULL, 'core/design_source_design', 0, 0, NULL, 0, NULL),
(59, 3, 'custom_design_from', NULL, 'eav/entity_attribute_backend_datetime', 'datetime', NULL, NULL, 'date', 'Active From', NULL, NULL, 0, 0, NULL, 0, NULL),
(60, 3, 'custom_design_to', NULL, 'eav/entity_attribute_backend_datetime', 'datetime', NULL, NULL, 'date', 'Active To', NULL, NULL, 0, 0, NULL, 0, NULL),
(61, 3, 'page_layout', NULL, NULL, 'varchar', NULL, NULL, 'select', 'Page Layout', NULL, 'catalog/category_attribute_source_layout', 0, 0, NULL, 0, NULL),
(62, 3, 'custom_layout_update', NULL, 'catalog/attribute_backend_customlayoutupdate', 'text', NULL, NULL, 'textarea', 'Custom Layout Update', NULL, NULL, 0, 0, NULL, 0, NULL),
(63, 3, 'level', NULL, NULL, 'static', NULL, NULL, 'text', 'Level', NULL, NULL, 0, 0, NULL, 0, NULL),
(64, 3, 'children_count', NULL, NULL, 'static', NULL, NULL, 'text', 'Children Count', NULL, NULL, 0, 0, NULL, 0, NULL),
(65, 3, 'available_sort_by', NULL, 'catalog/category_attribute_backend_sortby', 'text', NULL, NULL, 'multiselect', 'Available Product Listing Sort By', NULL, 'catalog/category_attribute_source_sortby', 1, 0, NULL, 0, NULL),
(66, 3, 'default_sort_by', NULL, 'catalog/category_attribute_backend_sortby', 'varchar', NULL, NULL, 'select', 'Default Product Listing Sort By', NULL, 'catalog/category_attribute_source_sortby', 1, 0, NULL, 0, NULL),
(67, 3, 'include_in_menu', NULL, NULL, 'int', NULL, NULL, 'select', 'Include in Navigation Menu', NULL, 'eav/entity_attribute_source_boolean', 1, 0, '1', 0, NULL),
(68, 3, 'custom_use_parent_settings', NULL, NULL, 'int', NULL, NULL, 'select', 'Use Parent Category Settings', NULL, 'eav/entity_attribute_source_boolean', 0, 0, NULL, 0, NULL),
(69, 3, 'custom_apply_to_products', NULL, NULL, 'int', NULL, NULL, 'select', 'Apply To Products', NULL, 'eav/entity_attribute_source_boolean', 0, 0, NULL, 0, NULL),
(70, 3, 'filter_price_range', NULL, NULL, 'decimal', NULL, NULL, 'text', 'Layered Navigation Price Step', NULL, NULL, 0, 0, NULL, 0, NULL),
(71, 4, 'name', NULL, NULL, 'varchar', NULL, NULL, 'text', 'Name', NULL, NULL, 1, 0, NULL, 0, NULL),
(72, 4, 'description', NULL, NULL, 'text', NULL, NULL, 'textarea', 'Description', NULL, NULL, 1, 0, NULL, 0, NULL),
(73, 4, 'short_description', NULL, NULL, 'text', NULL, NULL, 'textarea', 'Short Description', NULL, NULL, 1, 0, NULL, 0, NULL),
(74, 4, 'sku', NULL, 'catalog/product_attribute_backend_sku', 'static', NULL, NULL, 'text', 'SKU', NULL, NULL, 1, 0, NULL, 1, NULL),
(75, 4, 'price', NULL, 'catalog/product_attribute_backend_price', 'decimal', NULL, NULL, 'price', 'Price', NULL, NULL, 1, 0, NULL, 0, NULL),
(76, 4, 'special_price', NULL, 'catalog/product_attribute_backend_price', 'decimal', NULL, NULL, 'price', 'Special Price', NULL, NULL, 0, 0, NULL, 0, NULL),
(77, 4, 'special_from_date', NULL, 'catalog/product_attribute_backend_startdate', 'datetime', NULL, NULL, 'date', 'Special Price From Date', NULL, NULL, 0, 0, NULL, 0, NULL),
(78, 4, 'special_to_date', NULL, 'eav/entity_attribute_backend_datetime', 'datetime', NULL, NULL, 'date', 'Special Price To Date', NULL, NULL, 0, 0, NULL, 0, NULL),
(79, 4, 'cost', NULL, 'catalog/product_attribute_backend_price', 'decimal', NULL, NULL, 'price', 'Cost', NULL, NULL, 0, 1, NULL, 0, NULL),
(80, 4, 'weight', NULL, NULL, 'decimal', NULL, NULL, 'weight', 'Weight', NULL, NULL, 1, 0, NULL, 0, NULL),
(81, 4, 'manufacturer', NULL, NULL, 'int', NULL, NULL, 'select', 'Manufacturer', NULL, NULL, 0, 1, NULL, 0, NULL),
(82, 4, 'meta_title', NULL, NULL, 'varchar', NULL, NULL, 'text', 'Meta Title', NULL, NULL, 0, 0, NULL, 0, NULL),
(83, 4, 'meta_keyword', NULL, NULL, 'text', NULL, NULL, 'textarea', 'Meta Keywords', NULL, NULL, 0, 0, NULL, 0, NULL),
(84, 4, 'meta_description', NULL, NULL, 'varchar', NULL, NULL, 'textarea', 'Meta Description', NULL, NULL, 0, 0, NULL, 0, 'Maximum 255 chars'),
(85, 4, 'image', NULL, NULL, 'varchar', NULL, 'catalog/product_attribute_frontend_image', 'media_image', 'Base Image', NULL, NULL, 0, 0, NULL, 0, NULL),
(86, 4, 'small_image', NULL, NULL, 'varchar', NULL, 'catalog/product_attribute_frontend_image', 'media_image', 'Small Image', NULL, NULL, 0, 0, NULL, 0, NULL),
(87, 4, 'thumbnail', NULL, NULL, 'varchar', NULL, 'catalog/product_attribute_frontend_image', 'media_image', 'Thumbnail', NULL, NULL, 0, 0, NULL, 0, NULL),
(88, 4, 'media_gallery', NULL, 'catalog/product_attribute_backend_media', 'varchar', NULL, NULL, 'gallery', 'Media Gallery', NULL, NULL, 0, 0, NULL, 0, NULL),
(89, 4, 'old_id', NULL, NULL, 'int', NULL, NULL, 'text', NULL, NULL, NULL, 0, 0, NULL, 0, NULL),
(90, 4, 'group_price', NULL, 'catalog/product_attribute_backend_groupprice', 'decimal', NULL, NULL, 'text', 'Group Price', NULL, NULL, 0, 0, NULL, 0, NULL),
(91, 4, 'tier_price', NULL, 'catalog/product_attribute_backend_tierprice', 'decimal', NULL, NULL, 'text', 'Tier Price', NULL, NULL, 0, 0, NULL, 0, NULL),
(92, 4, 'color', NULL, NULL, 'int', NULL, NULL, 'select', 'Color', NULL, NULL, 0, 1, NULL, 0, NULL),
(93, 4, 'news_from_date', NULL, 'eav/entity_attribute_backend_datetime', 'datetime', NULL, NULL, 'date', 'Set Product as New from Date', NULL, NULL, 0, 0, NULL, 0, NULL),
(94, 4, 'news_to_date', NULL, 'eav/entity_attribute_backend_datetime', 'datetime', NULL, NULL, 'date', 'Set Product as New to Date', NULL, NULL, 0, 0, NULL, 0, NULL),
(95, 4, 'gallery', NULL, NULL, 'varchar', NULL, NULL, 'gallery', 'Image Gallery', NULL, NULL, 0, 0, NULL, 0, NULL),
(96, 4, 'status', NULL, NULL, 'int', NULL, NULL, 'select', 'Status', NULL, 'catalog/product_status', 1, 0, NULL, 0, NULL),
(97, 4, 'url_key', NULL, 'catalog/product_attribute_backend_urlkey', 'varchar', NULL, NULL, 'text', 'URL Key', NULL, NULL, 0, 0, NULL, 0, NULL),
(98, 4, 'url_path', NULL, NULL, 'varchar', NULL, NULL, 'text', NULL, NULL, NULL, 0, 0, NULL, 0, NULL),
(99, 4, 'minimal_price', NULL, NULL, 'decimal', NULL, NULL, 'price', 'Minimal Price', NULL, NULL, 0, 0, NULL, 0, NULL),
(100, 4, 'is_recurring', NULL, NULL, 'int', NULL, NULL, 'select', 'Enable Recurring Profile', NULL, 'eav/entity_attribute_source_boolean', 0, 0, NULL, 0, 'Products with recurring profile participate in catalog as nominal items.'),
(101, 4, 'recurring_profile', NULL, 'catalog/product_attribute_backend_recurring', 'text', NULL, NULL, 'text', 'Recurring Payment Profile', NULL, NULL, 0, 0, NULL, 0, NULL),
(102, 4, 'visibility', NULL, NULL, 'int', NULL, NULL, 'select', 'Visibility', NULL, 'catalog/product_visibility', 1, 0, '4', 0, NULL),
(103, 4, 'custom_design', NULL, NULL, 'varchar', NULL, NULL, 'select', 'Custom Design', NULL, 'core/design_source_design', 0, 0, NULL, 0, NULL),
(104, 4, 'custom_design_from', NULL, 'eav/entity_attribute_backend_datetime', 'datetime', NULL, NULL, 'date', 'Active From', NULL, NULL, 0, 0, NULL, 0, NULL),
(105, 4, 'custom_design_to', NULL, 'eav/entity_attribute_backend_datetime', 'datetime', NULL, NULL, 'date', 'Active To', NULL, NULL, 0, 0, NULL, 0, NULL),
(106, 4, 'custom_layout_update', NULL, 'catalog/attribute_backend_customlayoutupdate', 'text', NULL, NULL, 'textarea', 'Custom Layout Update', NULL, NULL, 0, 0, NULL, 0, NULL),
(107, 4, 'page_layout', NULL, NULL, 'varchar', NULL, NULL, 'select', 'Page Layout', NULL, 'catalog/product_attribute_source_layout', 0, 0, NULL, 0, NULL),
(108, 4, 'category_ids', NULL, NULL, 'static', NULL, NULL, 'text', NULL, NULL, NULL, 0, 0, NULL, 0, NULL),
(109, 4, 'options_container', NULL, NULL, 'varchar', NULL, NULL, 'select', 'Display Product Options In', NULL, 'catalog/entity_product_attribute_design_options_container', 0, 0, 'container2', 0, NULL),
(110, 4, 'required_options', NULL, NULL, 'static', NULL, NULL, 'text', NULL, NULL, NULL, 0, 0, NULL, 0, NULL),
(111, 4, 'has_options', NULL, NULL, 'static', NULL, NULL, 'text', NULL, NULL, NULL, 0, 0, NULL, 0, NULL),
(112, 4, 'image_label', NULL, NULL, 'varchar', NULL, NULL, 'text', 'Image Label', NULL, NULL, 0, 0, NULL, 0, NULL),
(113, 4, 'small_image_label', NULL, NULL, 'varchar', NULL, NULL, 'text', 'Small Image Label', NULL, NULL, 0, 0, NULL, 0, NULL),
(114, 4, 'thumbnail_label', NULL, NULL, 'varchar', NULL, NULL, 'text', 'Thumbnail Label', NULL, NULL, 0, 0, NULL, 0, NULL),
(115, 4, 'created_at', NULL, 'eav/entity_attribute_backend_time_created', 'static', NULL, NULL, 'text', NULL, NULL, NULL, 1, 0, NULL, 0, NULL),
(116, 4, 'updated_at', NULL, 'eav/entity_attribute_backend_time_updated', 'static', NULL, NULL, 'text', NULL, NULL, NULL, 1, 0, NULL, 0, NULL),
(117, 4, 'country_of_manufacture', NULL, NULL, 'varchar', NULL, NULL, 'select', 'Country of Manufacture', NULL, 'catalog/product_attribute_source_countryofmanufacture', 0, 0, NULL, 0, NULL),
(118, 4, 'msrp_enabled', NULL, 'catalog/product_attribute_backend_msrp', 'varchar', NULL, NULL, 'select', 'Apply MAP', NULL, 'catalog/product_attribute_source_msrp_type_enabled', 0, 0, '2', 0, NULL),
(119, 4, 'msrp_display_actual_price_type', NULL, 'catalog/product_attribute_backend_boolean', 'varchar', NULL, NULL, 'select', 'Display Actual Price', NULL, 'catalog/product_attribute_source_msrp_type_price', 0, 0, '4', 0, NULL),
(120, 4, 'msrp', NULL, 'catalog/product_attribute_backend_price', 'decimal', NULL, NULL, 'price', 'Manufacturer''s Suggested Retail Price', NULL, NULL, 0, 0, NULL, 0, NULL),
(121, 4, 'enable_googlecheckout', NULL, NULL, 'int', NULL, NULL, 'select', 'Is Product Available for Purchase with Google Checkout', NULL, 'eav/entity_attribute_source_boolean', 0, 0, '1', 0, NULL),
(122, 4, 'tax_class_id', NULL, NULL, 'int', NULL, NULL, 'select', 'Tax Class', NULL, 'tax/class_source_product', 1, 0, NULL, 0, NULL),
(123, 4, 'gift_message_available', NULL, 'catalog/product_attribute_backend_boolean', 'varchar', NULL, NULL, 'select', 'Allow Gift Message', NULL, 'eav/entity_attribute_source_boolean', 0, 0, NULL, 0, NULL),
(124, 4, 'price_type', NULL, NULL, 'int', NULL, NULL, NULL, NULL, NULL, NULL, 1, 0, NULL, 0, NULL),
(125, 4, 'sku_type', NULL, NULL, 'int', NULL, NULL, NULL, NULL, NULL, NULL, 1, 0, NULL, 0, NULL),
(126, 4, 'weight_type', NULL, NULL, 'int', NULL, NULL, NULL, NULL, NULL, NULL, 1, 0, NULL, 0, NULL),
(127, 4, 'price_view', NULL, NULL, 'int', NULL, NULL, 'select', 'Price View', NULL, 'bundle/product_attribute_source_price_view', 1, 0, NULL, 0, NULL),
(128, 4, 'shipment_type', NULL, NULL, 'int', NULL, NULL, NULL, 'Shipment', NULL, NULL, 1, 0, NULL, 0, NULL),
(129, 4, 'links_purchased_separately', NULL, NULL, 'int', NULL, NULL, NULL, 'Links can be purchased separately', NULL, NULL, 1, 0, NULL, 0, NULL),
(130, 4, 'samples_title', NULL, NULL, 'varchar', NULL, NULL, NULL, 'Samples title', NULL, NULL, 1, 0, NULL, 0, NULL),
(131, 4, 'links_title', NULL, NULL, 'varchar', NULL, NULL, NULL, 'Links title', NULL, NULL, 1, 0, NULL, 0, NULL),
(132, 4, 'links_exist', NULL, NULL, 'int', NULL, NULL, NULL, NULL, NULL, NULL, 0, 0, '0', 0, NULL),
(133, 3, 'thumbnail', NULL, 'catalog/category_attribute_backend_image', 'varchar', NULL, NULL, 'image', 'Thumbnail Image', NULL, NULL, 0, 0, NULL, 0, NULL);

-- --------------------------------------------------------

--
-- Table structure for table`mg_eav_attribute_group`
--

CREATE TABLE `mg_eav_attribute_group` (
  `attribute_group_id` smallint(5) unsigned NOT NULL AUTO_INCREMENT COMMENT 'Attribute Group Id',
  `attribute_set_id` smallint(5) unsigned NOT NULL DEFAULT '0' COMMENT 'Attribute Set Id',
  `attribute_group_name` varchar(255) DEFAULT NULL COMMENT 'Attribute Group Name',
  `sort_order` smallint(6) NOT NULL DEFAULT '0' COMMENT 'Sort Order',
  `default_id` smallint(5) unsigned DEFAULT '0' COMMENT 'Default Id',
  PRIMARY KEY (`attribute_group_id`),
  UNIQUE KEY `UNQ_mg_EAV_ATTR_GROUP_ATTR_SET_ID_ATTR_GROUP_NAME` (`attribute_set_id`,`attribute_group_name`),
  KEY `IDX_mg_EAV_ATTRIBUTE_GROUP_ATTRIBUTE_SET_ID_SORT_ORDER` (`attribute_set_id`,`sort_order`)
) ENGINE=InnoDB  DEFAULT CHARSET=utf8 COMMENT='Eav Attribute Group' AUTO_INCREMENT=18 ;

--
-- Dumping data for table 'mg_eav_attribute_group'
--

INSERT INTO `mg_eav_attribute_group` VALUES
(1, 1, 'General', 1, 1),
(2, 2, 'General', 1, 1),
(3, 3, 'General', 10, 1),
(4, 3, 'General Information', 2, 0),
(5, 3, 'Display Settings', 20, 0),
(6, 3, 'Custom Design', 30, 0),
(7, 4, 'General', 1, 1),
(8, 4, 'Prices', 2, 0),
(9, 4, 'Meta Information', 3, 0),
(10, 4, 'Images', 4, 0),
(11, 4, 'Recurring Profile', 5, 0),
(12, 4, 'Design', 6, 0),
(13, 5, 'General', 1, 1),
(14, 6, 'General', 1, 1),
(15, 7, 'General', 1, 1),
(16, 8, 'General', 1, 1),
(17, 4, 'Gift Options', 7, 0);

-- --------------------------------------------------------

--
-- Table structure for table`mg_eav_attribute_label`
--

CREATE TABLE `mg_eav_attribute_label` (
  `attribute_label_id` int(10) unsigned NOT NULL AUTO_INCREMENT COMMENT 'Attribute Label Id',
  `attribute_id` smallint(5) unsigned NOT NULL DEFAULT '0' COMMENT 'Attribute Id',
  `store_id` smallint(5) unsigned NOT NULL DEFAULT '0' COMMENT 'Store Id',
  `value` varchar(255) DEFAULT NULL COMMENT 'Value',
  PRIMARY KEY (`attribute_label_id`),
  KEY `IDX_mg_EAV_ATTRIBUTE_LABEL_ATTRIBUTE_ID` (`attribute_id`),
  KEY `IDX_mg_EAV_ATTRIBUTE_LABEL_STORE_ID` (`store_id`),
  KEY `IDX_mg_EAV_ATTRIBUTE_LABEL_ATTRIBUTE_ID_STORE_ID` (`attribute_id`,`store_id`)
) ENGINE=InnoDB DEFAULT CHARSET=utf8 COMMENT='Eav Attribute Label' AUTO_INCREMENT=1 ;

-- --------------------------------------------------------

--
-- Table structure for table`mg_eav_attribute_option`
--

CREATE TABLE `mg_eav_attribute_option` (
  `option_id` int(10) unsigned NOT NULL AUTO_INCREMENT COMMENT 'Option Id',
  `attribute_id` smallint(5) unsigned NOT NULL DEFAULT '0' COMMENT 'Attribute Id',
  `sort_order` smallint(5) unsigned NOT NULL DEFAULT '0' COMMENT 'Sort Order',
  PRIMARY KEY (`option_id`),
  KEY `IDX_mg_EAV_ATTRIBUTE_OPTION_ATTRIBUTE_ID` (`attribute_id`)
) ENGINE=InnoDB  DEFAULT CHARSET=utf8 COMMENT='Eav Attribute Option' AUTO_INCREMENT=3 ;

--
-- Dumping data for table 'mg_eav_attribute_option'
--

INSERT INTO `mg_eav_attribute_option` VALUES
(1, 18, 0),
(2, 18, 1);

-- --------------------------------------------------------

--
-- Table structure for table`mg_eav_attribute_option_value`
--

CREATE TABLE `mg_eav_attribute_option_value` (
  `value_id` int(10) unsigned NOT NULL AUTO_INCREMENT COMMENT 'Value Id',
  `option_id` int(10) unsigned NOT NULL DEFAULT '0' COMMENT 'Option Id',
  `store_id` smallint(5) unsigned NOT NULL DEFAULT '0' COMMENT 'Store Id',
  `value` varchar(255) DEFAULT NULL COMMENT 'Value',
  PRIMARY KEY (`value_id`),
  KEY `IDX_mg_EAV_ATTRIBUTE_OPTION_VALUE_OPTION_ID` (`option_id`),
  KEY `IDX_mg_EAV_ATTRIBUTE_OPTION_VALUE_STORE_ID` (`store_id`)
) ENGINE=InnoDB  DEFAULT CHARSET=utf8 COMMENT='Eav Attribute Option Value' AUTO_INCREMENT=3 ;

--
-- Dumping data for table 'mg_eav_attribute_option_value'
--

INSERT INTO `mg_eav_attribute_option_value` VALUES
(1, 1, 0, 'Male'),
(2, 2, 0, 'Female');

-- --------------------------------------------------------

--
-- Table structure for table`mg_eav_attribute_set`
--

CREATE TABLE `mg_eav_attribute_set` (
  `attribute_set_id` smallint(5) unsigned NOT NULL AUTO_INCREMENT COMMENT 'Attribute Set Id',
  `entity_type_id` smallint(5) unsigned NOT NULL DEFAULT '0' COMMENT 'Entity Type Id',
  `attribute_set_name` varchar(255) DEFAULT NULL COMMENT 'Attribute Set Name',
  `sort_order` smallint(6) NOT NULL DEFAULT '0' COMMENT 'Sort Order',
  PRIMARY KEY (`attribute_set_id`),
  UNIQUE KEY `UNQ_mg_EAV_ATTRIBUTE_SET_ENTITY_TYPE_ID_ATTRIBUTE_SET_NAME` (`entity_type_id`,`attribute_set_name`),
  KEY `IDX_mg_EAV_ATTRIBUTE_SET_ENTITY_TYPE_ID_SORT_ORDER` (`entity_type_id`,`sort_order`)
) ENGINE=InnoDB  DEFAULT CHARSET=utf8 COMMENT='Eav Attribute Set' AUTO_INCREMENT=9 ;

--
-- Dumping data for table 'mg_eav_attribute_set'
--

INSERT INTO `mg_eav_attribute_set` VALUES
(1, 1, 'Default', 1),
(2, 2, 'Default', 1),
(3, 3, 'Default', 1),
(4, 4, 'Default', 1),
(5, 5, 'Default', 1),
(6, 6, 'Default', 1),
(7, 7, 'Default', 1),
(8, 8, 'Default', 1);

-- --------------------------------------------------------

--
-- Table structure for table`mg_eav_entity`
--

CREATE TABLE `mg_eav_entity` (
  `entity_id` int(10) unsigned NOT NULL AUTO_INCREMENT COMMENT 'Entity Id',
  `entity_type_id` smallint(5) unsigned NOT NULL DEFAULT '0' COMMENT 'Entity Type Id',
  `attribute_set_id` smallint(5) unsigned NOT NULL DEFAULT '0' COMMENT 'Attribute Set Id',
  `increment_id` varchar(50) DEFAULT NULL COMMENT 'Increment Id',
  `parent_id` int(10) unsigned NOT NULL DEFAULT '0' COMMENT 'Parent Id',
  `store_id` smallint(5) unsigned NOT NULL DEFAULT '0' COMMENT 'Store Id',
  `created_at` timestamp NOT NULL DEFAULT CURRENT_TIMESTAMP ON UPDATE CURRENT_TIMESTAMP COMMENT 'Created At',
  `updated_at` timestamp NOT NULL DEFAULT '0000-00-00 00:00:00' COMMENT 'Updated At',
  `is_active` smallint(5) unsigned NOT NULL DEFAULT '1' COMMENT 'Defines Is Entity Active',
  PRIMARY KEY (`entity_id`),
  KEY `IDX_mg_EAV_ENTITY_ENTITY_TYPE_ID` (`entity_type_id`),
  KEY `IDX_mg_EAV_ENTITY_STORE_ID` (`store_id`)
) ENGINE=InnoDB DEFAULT CHARSET=utf8 COMMENT='Eav Entity' AUTO_INCREMENT=1 ;

-- --------------------------------------------------------

--
-- Table structure for table`mg_eav_entity_attribute`
--

CREATE TABLE `mg_eav_entity_attribute` (
  `entity_attribute_id` int(10) unsigned NOT NULL AUTO_INCREMENT COMMENT 'Entity Attribute Id',
  `entity_type_id` smallint(5) unsigned NOT NULL DEFAULT '0' COMMENT 'Entity Type Id',
  `attribute_set_id` smallint(5) unsigned NOT NULL DEFAULT '0' COMMENT 'Attribute Set Id',
  `attribute_group_id` smallint(5) unsigned NOT NULL DEFAULT '0' COMMENT 'Attribute Group Id',
  `attribute_id` smallint(5) unsigned NOT NULL DEFAULT '0' COMMENT 'Attribute Id',
  `sort_order` smallint(6) NOT NULL DEFAULT '0' COMMENT 'Sort Order',
  PRIMARY KEY (`entity_attribute_id`),
  UNIQUE KEY `UNQ_mg_EAV_ENTITY_ATTRIBUTE_ATTRIBUTE_SET_ID_ATTRIBUTE_ID` (`attribute_set_id`,`attribute_id`),
  UNIQUE KEY `UNQ_mg_EAV_ENTITY_ATTRIBUTE_ATTRIBUTE_GROUP_ID_ATTRIBUTE_ID` (`attribute_group_id`,`attribute_id`),
  KEY `IDX_mg_EAV_ENTITY_ATTRIBUTE_ATTRIBUTE_SET_ID_SORT_ORDER` (`attribute_set_id`,`sort_order`),
  KEY `IDX_mg_EAV_ENTITY_ATTRIBUTE_ATTRIBUTE_ID` (`attribute_id`)
) ENGINE=InnoDB  DEFAULT CHARSET=utf8 COMMENT='Eav Entity Attributes' AUTO_INCREMENT=132 ;

--
-- Dumping data for table 'mg_eav_entity_attribute'
--

INSERT INTO `mg_eav_entity_attribute` VALUES
(1, 1, 1, 1, 1, 10),
(2, 1, 1, 1, 2, 0),
(3, 1, 1, 1, 3, 20),
(4, 1, 1, 1, 4, 30),
(5, 1, 1, 1, 5, 40),
(6, 1, 1, 1, 6, 50),
(7, 1, 1, 1, 7, 60),
(8, 1, 1, 1, 8, 70),
(9, 1, 1, 1, 9, 80),
(10, 1, 1, 1, 10, 25),
(11, 1, 1, 1, 11, 90),
(12, 1, 1, 1, 12, 0),
(13, 1, 1, 1, 13, 0),
(14, 1, 1, 1, 14, 0),
(15, 1, 1, 1, 15, 100),
(16, 1, 1, 1, 16, 0),
(17, 1, 1, 1, 17, 86),
(18, 1, 1, 1, 18, 110),
(19, 2, 2, 2, 19, 10),
(20, 2, 2, 2, 20, 20),
(21, 2, 2, 2, 21, 30),
(22, 2, 2, 2, 22, 40),
(23, 2, 2, 2, 23, 50),
(24, 2, 2, 2, 24, 60),
(25, 2, 2, 2, 25, 70),
(26, 2, 2, 2, 26, 80),
(27, 2, 2, 2, 27, 90),
(28, 2, 2, 2, 28, 100),
(29, 2, 2, 2, 29, 100),
(30, 2, 2, 2, 30, 110),
(31, 2, 2, 2, 31, 120),
(32, 2, 2, 2, 32, 130),
(33, 1, 1, 1, 33, 111),
(34, 1, 1, 1, 34, 112),
(35, 1, 1, 1, 35, 28),
(36, 2, 2, 2, 36, 140),
(37, 2, 2, 2, 37, 132),
(38, 2, 2, 2, 38, 133),
(39, 2, 2, 2, 39, 134),
(40, 2, 2, 2, 40, 135),
(41, 3, 3, 4, 41, 1),
(42, 3, 3, 4, 42, 2),
(43, 3, 3, 4, 43, 3),
(44, 3, 3, 4, 44, 4),
(45, 3, 3, 4, 45, 5),
(46, 3, 3, 4, 46, 6),
(47, 3, 3, 4, 47, 7),
(48, 3, 3, 4, 48, 8),
(49, 3, 3, 5, 49, 10),
(50, 3, 3, 5, 50, 20),
(51, 3, 3, 5, 51, 30),
(52, 3, 3, 4, 52, 12),
(53, 3, 3, 4, 53, 13),
(54, 3, 3, 4, 54, 14),
(55, 3, 3, 4, 55, 15),
(56, 3, 3, 4, 56, 16),
(57, 3, 3, 4, 57, 17),
(58, 3, 3, 6, 58, 10),
(59, 3, 3, 6, 59, 30),
(60, 3, 3, 6, 60, 40),
(61, 3, 3, 6, 61, 50),
(62, 3, 3, 6, 62, 60),
(63, 3, 3, 4, 63, 24),
(64, 3, 3, 4, 64, 25),
(65, 3, 3, 5, 65, 40),
(66, 3, 3, 5, 66, 50),
(67, 3, 3, 4, 67, 10),
(68, 3, 3, 6, 68, 5),
(69, 3, 3, 6, 69, 6),
(70, 3, 3, 5, 70, 51),
(71, 4, 4, 7, 71, 1),
(72, 4, 4, 7, 72, 2),
(73, 4, 4, 7, 73, 3),
(74, 4, 4, 7, 74, 4),
(75, 4, 4, 8, 75, 1),
(76, 4, 4, 8, 76, 3),
(77, 4, 4, 8, 77, 4),
(78, 4, 4, 8, 78, 5),
(79, 4, 4, 8, 79, 6),
(80, 4, 4, 7, 80, 5),
(81, 4, 4, 9, 82, 1),
(82, 4, 4, 9, 83, 2),
(83, 4, 4, 9, 84, 3),
(84, 4, 4, 10, 85, 1),
(85, 4, 4, 10, 86, 2),
(86, 4, 4, 10, 87, 3),
(87, 4, 4, 10, 88, 4),
(88, 4, 4, 7, 89, 6),
(89, 4, 4, 8, 90, 2),
(90, 4, 4, 8, 91, 7),
(91, 4, 4, 7, 93, 7),
(92, 4, 4, 7, 94, 8),
(93, 4, 4, 10, 95, 5),
(94, 4, 4, 7, 96, 9),
(95, 4, 4, 7, 97, 10),
(96, 4, 4, 7, 98, 11),
(97, 4, 4, 8, 99, 8),
(98, 4, 4, 11, 100, 1),
(99, 4, 4, 11, 101, 2),
(100, 4, 4, 7, 102, 12),
(101, 4, 4, 12, 103, 1),
(102, 4, 4, 12, 104, 2),
(103, 4, 4, 12, 105, 3),
(104, 4, 4, 12, 106, 4),
(105, 4, 4, 12, 107, 5),
(106, 4, 4, 7, 108, 13),
(107, 4, 4, 12, 109, 6),
(108, 4, 4, 7, 110, 14),
(109, 4, 4, 7, 111, 15),
(110, 4, 4, 7, 112, 16),
(111, 4, 4, 7, 113, 17),
(112, 4, 4, 7, 114, 18),
(113, 4, 4, 7, 115, 19),
(114, 4, 4, 7, 116, 20),
(115, 4, 4, 7, 117, 21),
(116, 4, 4, 8, 118, 9),
(117, 4, 4, 8, 119, 10),
(118, 4, 4, 8, 120, 11),
(119, 4, 4, 8, 121, 12),
(120, 4, 4, 8, 122, 13),
(121, 4, 4, 17, 123, 1),
(122, 4, 4, 7, 124, 22),
(123, 4, 4, 7, 125, 23),
(124, 4, 4, 7, 126, 24),
(125, 4, 4, 8, 127, 14),
(126, 4, 4, 7, 128, 25),
(127, 4, 4, 7, 129, 26),
(128, 4, 4, 7, 130, 27),
(129, 4, 4, 7, 131, 28),
(130, 4, 4, 7, 132, 29),
(131, 3, 3, 4, 133, 4);

-- --------------------------------------------------------

--
-- Table structure for table`mg_eav_entity_datetime`
--

CREATE TABLE `mg_eav_entity_datetime` (
  `value_id` int(11) NOT NULL AUTO_INCREMENT COMMENT 'Value Id',
  `entity_type_id` smallint(5) unsigned NOT NULL DEFAULT '0' COMMENT 'Entity Type Id',
  `attribute_id` smallint(5) unsigned NOT NULL DEFAULT '0' COMMENT 'Attribute Id',
  `store_id` smallint(5) unsigned NOT NULL DEFAULT '0' COMMENT 'Store Id',
  `entity_id` int(10) unsigned NOT NULL DEFAULT '0' COMMENT 'Entity Id',
  `value` datetime NOT NULL DEFAULT '0000-00-00 00:00:00' COMMENT 'Attribute Value',
  PRIMARY KEY (`value_id`),
  UNIQUE KEY `UNQ_mg_EAV_ENTITY_DATETIME_ENTITY_ID_ATTRIBUTE_ID_STORE_ID` (`entity_id`,`attribute_id`,`store_id`),
  KEY `IDX_mg_EAV_ENTITY_DATETIME_ENTITY_TYPE_ID` (`entity_type_id`),
  KEY `IDX_mg_EAV_ENTITY_DATETIME_ATTRIBUTE_ID` (`attribute_id`),
  KEY `IDX_mg_EAV_ENTITY_DATETIME_STORE_ID` (`store_id`),
  KEY `IDX_mg_EAV_ENTITY_DATETIME_ENTITY_ID` (`entity_id`),
  KEY `IDX_mg_EAV_ENTITY_DATETIME_ATTRIBUTE_ID_VALUE` (`attribute_id`,`value`),
  KEY `IDX_mg_EAV_ENTITY_DATETIME_ENTITY_TYPE_ID_VALUE` (`entity_type_id`,`value`)
) ENGINE=InnoDB DEFAULT CHARSET=utf8 COMMENT='Eav Entity Value Prefix' AUTO_INCREMENT=1 ;

-- --------------------------------------------------------

--
-- Table structure for table`mg_eav_entity_decimal`
--

CREATE TABLE `mg_eav_entity_decimal` (
  `value_id` int(11) NOT NULL AUTO_INCREMENT COMMENT 'Value Id',
  `entity_type_id` smallint(5) unsigned NOT NULL DEFAULT '0' COMMENT 'Entity Type Id',
  `attribute_id` smallint(5) unsigned NOT NULL DEFAULT '0' COMMENT 'Attribute Id',
  `store_id` smallint(5) unsigned NOT NULL DEFAULT '0' COMMENT 'Store Id',
  `entity_id` int(10) unsigned NOT NULL DEFAULT '0' COMMENT 'Entity Id',
  `value` decimal(12,4) NOT NULL DEFAULT '0.0000' COMMENT 'Attribute Value',
  PRIMARY KEY (`value_id`),
  UNIQUE KEY `UNQ_mg_EAV_ENTITY_DECIMAL_ENTITY_ID_ATTRIBUTE_ID_STORE_ID` (`entity_id`,`attribute_id`,`store_id`),
  KEY `IDX_mg_EAV_ENTITY_DECIMAL_ENTITY_TYPE_ID` (`entity_type_id`),
  KEY `IDX_mg_EAV_ENTITY_DECIMAL_ATTRIBUTE_ID` (`attribute_id`),
  KEY `IDX_mg_EAV_ENTITY_DECIMAL_STORE_ID` (`store_id`),
  KEY `IDX_mg_EAV_ENTITY_DECIMAL_ENTITY_ID` (`entity_id`),
  KEY `IDX_mg_EAV_ENTITY_DECIMAL_ATTRIBUTE_ID_VALUE` (`attribute_id`,`value`),
  KEY `IDX_mg_EAV_ENTITY_DECIMAL_ENTITY_TYPE_ID_VALUE` (`entity_type_id`,`value`)
) ENGINE=InnoDB DEFAULT CHARSET=utf8 COMMENT='Eav Entity Value Prefix' AUTO_INCREMENT=1 ;

-- --------------------------------------------------------

--
-- Table structure for table`mg_eav_entity_int`
--

CREATE TABLE `mg_eav_entity_int` (
  `value_id` int(11) NOT NULL AUTO_INCREMENT COMMENT 'Value Id',
  `entity_type_id` smallint(5) unsigned NOT NULL DEFAULT '0' COMMENT 'Entity Type Id',
  `attribute_id` smallint(5) unsigned NOT NULL DEFAULT '0' COMMENT 'Attribute Id',
  `store_id` smallint(5) unsigned NOT NULL DEFAULT '0' COMMENT 'Store Id',
  `entity_id` int(10) unsigned NOT NULL DEFAULT '0' COMMENT 'Entity Id',
  `value` int(11) NOT NULL DEFAULT '0' COMMENT 'Attribute Value',
  PRIMARY KEY (`value_id`),
  UNIQUE KEY `UNQ_mg_EAV_ENTITY_INT_ENTITY_ID_ATTRIBUTE_ID_STORE_ID` (`entity_id`,`attribute_id`,`store_id`),
  KEY `IDX_mg_EAV_ENTITY_INT_ENTITY_TYPE_ID` (`entity_type_id`),
  KEY `IDX_mg_EAV_ENTITY_INT_ATTRIBUTE_ID` (`attribute_id`),
  KEY `IDX_mg_EAV_ENTITY_INT_STORE_ID` (`store_id`),
  KEY `IDX_mg_EAV_ENTITY_INT_ENTITY_ID` (`entity_id`),
  KEY `IDX_mg_EAV_ENTITY_INT_ATTRIBUTE_ID_VALUE` (`attribute_id`,`value`),
  KEY `IDX_mg_EAV_ENTITY_INT_ENTITY_TYPE_ID_VALUE` (`entity_type_id`,`value`)
) ENGINE=InnoDB DEFAULT CHARSET=utf8 COMMENT='Eav Entity Value Prefix' AUTO_INCREMENT=1 ;

-- --------------------------------------------------------

--
-- Table structure for table`mg_eav_entity_store`
--

CREATE TABLE `mg_eav_entity_store` (
  `entity_store_id` int(10) unsigned NOT NULL AUTO_INCREMENT COMMENT 'Entity Store Id',
  `entity_type_id` smallint(5) unsigned NOT NULL DEFAULT '0' COMMENT 'Entity Type Id',
  `store_id` smallint(5) unsigned NOT NULL DEFAULT '0' COMMENT 'Store Id',
  `increment_prefix` varchar(20) DEFAULT NULL COMMENT 'Increment Prefix',
  `increment_last_id` varchar(50) DEFAULT NULL COMMENT 'Last Incremented Id',
  PRIMARY KEY (`entity_store_id`),
  KEY `IDX_mg_EAV_ENTITY_STORE_ENTITY_TYPE_ID` (`entity_type_id`),
  KEY `IDX_mg_EAV_ENTITY_STORE_STORE_ID` (`store_id`)
) ENGINE=InnoDB DEFAULT CHARSET=utf8 COMMENT='Eav Entity Store' AUTO_INCREMENT=1 ;

-- --------------------------------------------------------

--
-- Table structure for table`mg_eav_entity_text`
--

CREATE TABLE `mg_eav_entity_text` (
  `value_id` int(11) NOT NULL AUTO_INCREMENT COMMENT 'Value Id',
  `entity_type_id` smallint(5) unsigned NOT NULL DEFAULT '0' COMMENT 'Entity Type Id',
  `attribute_id` smallint(5) unsigned NOT NULL DEFAULT '0' COMMENT 'Attribute Id',
  `store_id` smallint(5) unsigned NOT NULL DEFAULT '0' COMMENT 'Store Id',
  `entity_id` int(10) unsigned NOT NULL DEFAULT '0' COMMENT 'Entity Id',
  `value` text NOT NULL COMMENT 'Attribute Value',
  PRIMARY KEY (`value_id`),
  UNIQUE KEY `UNQ_mg_EAV_ENTITY_TEXT_ENTITY_ID_ATTRIBUTE_ID_STORE_ID` (`entity_id`,`attribute_id`,`store_id`),
  KEY `IDX_mg_EAV_ENTITY_TEXT_ENTITY_TYPE_ID` (`entity_type_id`),
  KEY `IDX_mg_EAV_ENTITY_TEXT_ATTRIBUTE_ID` (`attribute_id`),
  KEY `IDX_mg_EAV_ENTITY_TEXT_STORE_ID` (`store_id`),
  KEY `IDX_mg_EAV_ENTITY_TEXT_ENTITY_ID` (`entity_id`)
) ENGINE=InnoDB DEFAULT CHARSET=utf8 COMMENT='Eav Entity Value Prefix' AUTO_INCREMENT=1 ;

-- --------------------------------------------------------

--
-- Table structure for table`mg_eav_entity_type`
--

CREATE TABLE `mg_eav_entity_type` (
  `entity_type_id` smallint(5) unsigned NOT NULL AUTO_INCREMENT COMMENT 'Entity Type Id',
  `entity_type_code` varchar(50) NOT NULL COMMENT 'Entity Type Code',
  `entity_model` varchar(255) NOT NULL COMMENT 'Entity Model',
  `attribute_model` varchar(255) DEFAULT NULL COMMENT 'Attribute Model',
  `entity_table` varchar(255) DEFAULT NULL COMMENT 'Entity Table',
  `value_table_prefix` varchar(255) DEFAULT NULL COMMENT 'Value Table Prefix',
  `entity_id_field` varchar(255) DEFAULT NULL COMMENT 'Entity Id Field',
  `is_data_sharing` smallint(5) unsigned NOT NULL DEFAULT '1' COMMENT 'Defines Is Data Sharing',
  `data_sharing_key` varchar(100) DEFAULT 'default' COMMENT 'Data Sharing Key',
  `default_attribute_set_id` smallint(5) unsigned NOT NULL DEFAULT '0' COMMENT 'Default Attribute Set Id',
  `increment_model` varchar(255) DEFAULT '' COMMENT 'Increment Model',
  `increment_per_store` smallint(5) unsigned NOT NULL DEFAULT '0' COMMENT 'Increment Per Store',
  `increment_pad_length` smallint(5) unsigned NOT NULL DEFAULT '8' COMMENT 'Increment Pad Length',
  `increment_pad_char` varchar(1) NOT NULL DEFAULT '0' COMMENT 'Increment Pad Char',
  `additional_attribute_table` varchar(255) DEFAULT '' COMMENT 'Additional Attribute Table',
  `entity_attribute_collection` varchar(255) DEFAULT NULL COMMENT 'Entity Attribute Collection',
  PRIMARY KEY (`entity_type_id`),
  KEY `IDX_mg_EAV_ENTITY_TYPE_ENTITY_TYPE_CODE` (`entity_type_code`)
) ENGINE=InnoDB  DEFAULT CHARSET=utf8 COMMENT='Eav Entity Type' AUTO_INCREMENT=9 ;

--
-- Dumping data for table 'mg_eav_entity_type'
--

INSERT INTO `mg_eav_entity_type` VALUES
(1, 'customer', 'customer/customer', 'customer/attribute', 'customer/entity', NULL, NULL, 1, 'default', 1, 'eav/entity_increment_numeric', 0, 8, '0', 'customer/eav_attribute', 'customer/attribute_collection'),
(2, 'customer_address', 'customer/address', 'customer/attribute', 'customer/address_entity', NULL, NULL, 1, 'default', 2, NULL, 0, 8, '0', 'customer/eav_attribute', 'customer/address_attribute_collection'),
(3, 'catalog_category', 'catalog/category', 'catalog/resource_eav_attribute', 'catalog/category', NULL, NULL, 1, 'default', 3, NULL, 0, 8, '0', 'catalog/eav_attribute', 'catalog/category_attribute_collection'),
(4, 'catalog_product', 'catalog/product', 'catalog/resource_eav_attribute', 'catalog/product', NULL, NULL, 1, 'default', 4, NULL, 0, 8, '0', 'catalog/eav_attribute', 'catalog/product_attribute_collection'),
(5, 'order', 'sales/order', NULL, 'sales/order', NULL, NULL, 1, 'default', 0, 'eav/entity_increment_numeric', 1, 8, '0', NULL, NULL),
(6, 'invoice', 'sales/order_invoice', NULL, 'sales/invoice', NULL, NULL, 1, 'default', 0, 'eav/entity_increment_numeric', 1, 8, '0', NULL, NULL),
(7, 'creditmemo', 'sales/order_creditmemo', NULL, 'sales/creditmemo', NULL, NULL, 1, 'default', 0, 'eav/entity_increment_numeric', 1, 8, '0', NULL, NULL),
(8, 'shipment', 'sales/order_shipment', NULL, 'sales/shipment', NULL, NULL, 1, 'default', 0, 'eav/entity_increment_numeric', 1, 8, '0', NULL, NULL);

-- --------------------------------------------------------

--
-- Table structure for table`mg_eav_entity_varchar`
--

CREATE TABLE `mg_eav_entity_varchar` (
  `value_id` int(11) NOT NULL AUTO_INCREMENT COMMENT 'Value Id',
  `entity_type_id` smallint(5) unsigned NOT NULL DEFAULT '0' COMMENT 'Entity Type Id',
  `attribute_id` smallint(5) unsigned NOT NULL DEFAULT '0' COMMENT 'Attribute Id',
  `store_id` smallint(5) unsigned NOT NULL DEFAULT '0' COMMENT 'Store Id',
  `entity_id` int(10) unsigned NOT NULL DEFAULT '0' COMMENT 'Entity Id',
  `value` varchar(255) DEFAULT NULL COMMENT 'Attribute Value',
  PRIMARY KEY (`value_id`),
  UNIQUE KEY `UNQ_mg_EAV_ENTITY_VARCHAR_ENTITY_ID_ATTRIBUTE_ID_STORE_ID` (`entity_id`,`attribute_id`,`store_id`),
  KEY `IDX_mg_EAV_ENTITY_VARCHAR_ENTITY_TYPE_ID` (`entity_type_id`),
  KEY `IDX_mg_EAV_ENTITY_VARCHAR_ATTRIBUTE_ID` (`attribute_id`),
  KEY `IDX_mg_EAV_ENTITY_VARCHAR_STORE_ID` (`store_id`),
  KEY `IDX_mg_EAV_ENTITY_VARCHAR_ENTITY_ID` (`entity_id`),
  KEY `IDX_mg_EAV_ENTITY_VARCHAR_ATTRIBUTE_ID_VALUE` (`attribute_id`,`value`),
  KEY `IDX_mg_EAV_ENTITY_VARCHAR_ENTITY_TYPE_ID_VALUE` (`entity_type_id`,`value`)
) ENGINE=InnoDB DEFAULT CHARSET=utf8 COMMENT='Eav Entity Value Prefix' AUTO_INCREMENT=1 ;

-- --------------------------------------------------------

--
-- Table structure for table`mg_eav_form_element`
--

CREATE TABLE `mg_eav_form_element` (
  `element_id` int(10) unsigned NOT NULL AUTO_INCREMENT COMMENT 'Element Id',
  `type_id` smallint(5) unsigned NOT NULL COMMENT 'Type Id',
  `fieldset_id` smallint(5) unsigned DEFAULT NULL COMMENT 'Fieldset Id',
  `attribute_id` smallint(5) unsigned NOT NULL COMMENT 'Attribute Id',
  `sort_order` int(11) NOT NULL DEFAULT '0' COMMENT 'Sort Order',
  PRIMARY KEY (`element_id`),
  UNIQUE KEY `UNQ_mg_EAV_FORM_ELEMENT_TYPE_ID_ATTRIBUTE_ID` (`type_id`,`attribute_id`),
  KEY `IDX_mg_EAV_FORM_ELEMENT_TYPE_ID` (`type_id`),
  KEY `IDX_mg_EAV_FORM_ELEMENT_FIELDSET_ID` (`fieldset_id`),
  KEY `IDX_mg_EAV_FORM_ELEMENT_ATTRIBUTE_ID` (`attribute_id`)
) ENGINE=InnoDB  DEFAULT CHARSET=utf8 COMMENT='Eav Form Element' AUTO_INCREMENT=53 ;

--
-- Dumping data for table 'mg_eav_form_element'
--

INSERT INTO `mg_eav_form_element` VALUES
(1, 1, NULL, 20, 0),
(2, 1, NULL, 22, 1),
(3, 1, NULL, 24, 2),
(4, 1, NULL, 9, 3),
(5, 1, NULL, 25, 4),
(6, 1, NULL, 26, 5),
(7, 1, NULL, 28, 6),
(8, 1, NULL, 30, 7),
(9, 1, NULL, 27, 8),
(10, 1, NULL, 31, 9),
(11, 1, NULL, 32, 10),
(12, 2, NULL, 20, 0),
(13, 2, NULL, 22, 1),
(14, 2, NULL, 24, 2),
(15, 2, NULL, 9, 3),
(16, 2, NULL, 25, 4),
(17, 2, NULL, 26, 5),
(18, 2, NULL, 28, 6),
(19, 2, NULL, 30, 7),
(20, 2, NULL, 27, 8),
(21, 2, NULL, 31, 9),
(22, 2, NULL, 32, 10),
(23, 3, NULL, 20, 0),
(24, 3, NULL, 22, 1),
(25, 3, NULL, 24, 2),
(26, 3, NULL, 25, 3),
(27, 3, NULL, 26, 4),
(28, 3, NULL, 28, 5),
(29, 3, NULL, 30, 6),
(30, 3, NULL, 27, 7),
(31, 3, NULL, 31, 8),
(32, 3, NULL, 32, 9),
(33, 4, NULL, 20, 0),
(34, 4, NULL, 22, 1),
(35, 4, NULL, 24, 2),
(36, 4, NULL, 25, 3),
(37, 4, NULL, 26, 4),
(38, 4, NULL, 28, 5),
(39, 4, NULL, 30, 6),
(40, 4, NULL, 27, 7),
(41, 4, NULL, 31, 8),
(42, 4, NULL, 32, 9),
(43, 5, 1, 5, 0),
(44, 5, 1, 7, 1),
(45, 5, 1, 9, 2),
(46, 5, 2, 24, 0),
(47, 5, 2, 31, 1),
(48, 5, 2, 25, 2),
(49, 5, 2, 26, 3),
(50, 5, 2, 28, 4),
(51, 5, 2, 30, 5),
(52, 5, 2, 27, 6);

-- --------------------------------------------------------

--
-- Table structure for table`mg_eav_form_fieldset`
--

CREATE TABLE `mg_eav_form_fieldset` (
  `fieldset_id` smallint(5) unsigned NOT NULL AUTO_INCREMENT COMMENT 'Fieldset Id',
  `type_id` smallint(5) unsigned NOT NULL COMMENT 'Type Id',
  `code` varchar(64) NOT NULL COMMENT 'Code',
  `sort_order` int(11) NOT NULL DEFAULT '0' COMMENT 'Sort Order',
  PRIMARY KEY (`fieldset_id`),
  UNIQUE KEY `UNQ_mg_EAV_FORM_FIELDSET_TYPE_ID_CODE` (`type_id`,`code`),
  KEY `IDX_mg_EAV_FORM_FIELDSET_TYPE_ID` (`type_id`)
) ENGINE=InnoDB  DEFAULT CHARSET=utf8 COMMENT='Eav Form Fieldset' AUTO_INCREMENT=3 ;

--
-- Dumping data for table 'mg_eav_form_fieldset'
--

INSERT INTO `mg_eav_form_fieldset` VALUES
(1, 5, 'general', 1),
(2, 5, 'address', 2);

-- --------------------------------------------------------

--
-- Table structure for table`mg_eav_form_fieldset_label`
--

CREATE TABLE `mg_eav_form_fieldset_label` (
  `fieldset_id` smallint(5) unsigned NOT NULL COMMENT 'Fieldset Id',
  `store_id` smallint(5) unsigned NOT NULL COMMENT 'Store Id',
  `label` varchar(255) NOT NULL COMMENT 'Label',
  PRIMARY KEY (`fieldset_id`,`store_id`),
  KEY `IDX_mg_EAV_FORM_FIELDSET_LABEL_FIELDSET_ID` (`fieldset_id`),
  KEY `IDX_mg_EAV_FORM_FIELDSET_LABEL_STORE_ID` (`store_id`)
) ENGINE=InnoDB DEFAULT CHARSET=utf8 COMMENT='Eav Form Fieldset Label';

--
-- Dumping data for table 'mg_eav_form_fieldset_label'
--

INSERT INTO `mg_eav_form_fieldset_label` VALUES
(1, 0, 'Personal Information'),
(2, 0, 'Address Information');

-- --------------------------------------------------------

--
-- Table structure for table`mg_eav_form_type`
--

CREATE TABLE `mg_eav_form_type` (
  `type_id` smallint(5) unsigned NOT NULL AUTO_INCREMENT COMMENT 'Type Id',
  `code` varchar(64) NOT NULL COMMENT 'Code',
  `label` varchar(255) NOT NULL COMMENT 'Label',
  `is_system` smallint(5) unsigned NOT NULL DEFAULT '0' COMMENT 'Is System',
  `theme` varchar(64) DEFAULT NULL COMMENT 'Theme',
  `store_id` smallint(5) unsigned NOT NULL COMMENT 'Store Id',
  PRIMARY KEY (`type_id`),
  UNIQUE KEY `UNQ_mg_EAV_FORM_TYPE_CODE_THEME_STORE_ID` (`code`,`theme`,`store_id`),
  KEY `IDX_mg_EAV_FORM_TYPE_STORE_ID` (`store_id`)
) ENGINE=InnoDB  DEFAULT CHARSET=utf8 COMMENT='Eav Form Type' AUTO_INCREMENT=6 ;

--
-- Dumping data for table 'mg_eav_form_type'
--

INSERT INTO `mg_eav_form_type` VALUES
(1, 'checkout_onepage_register', 'checkout_onepage_register', 1, '', 0),
(2, 'checkout_onepage_register_guest', 'checkout_onepage_register_guest', 1, '', 0),
(3, 'checkout_onepage_billing_address', 'checkout_onepage_billing_address', 1, '', 0),
(4, 'checkout_onepage_shipping_address', 'checkout_onepage_shipping_address', 1, '', 0),
(5, 'checkout_multishipping_register', 'checkout_multishipping_register', 1, '', 0);

-- --------------------------------------------------------

--
-- Table structure for table`mg_eav_form_type_entity`
--

CREATE TABLE `mg_eav_form_type_entity` (
  `type_id` smallint(5) unsigned NOT NULL COMMENT 'Type Id',
  `entity_type_id` smallint(5) unsigned NOT NULL COMMENT 'Entity Type Id',
  PRIMARY KEY (`type_id`,`entity_type_id`),
  KEY `IDX_mg_EAV_FORM_TYPE_ENTITY_ENTITY_TYPE_ID` (`entity_type_id`)
) ENGINE=InnoDB DEFAULT CHARSET=utf8 COMMENT='Eav Form Type Entity';

--
-- Dumping data for table 'mg_eav_form_type_entity'
--

INSERT INTO `mg_eav_form_type_entity` VALUES
(1, 1),
(2, 1),
(5, 1),
(1, 2),
(2, 2),
(3, 2),
(4, 2),
(5, 2);

-- --------------------------------------------------------

--
-- Table structure for table`mg_gift_message`
--

CREATE TABLE `mg_gift_message` (
  `gift_message_id` int(10) unsigned NOT NULL AUTO_INCREMENT COMMENT 'GiftMessage Id',
  `customer_id` int(10) unsigned NOT NULL DEFAULT '0' COMMENT 'Customer id',
  `sender` varchar(255) DEFAULT NULL COMMENT 'Sender',
  `recipient` varchar(255) DEFAULT NULL COMMENT 'Recipient',
  `message` text COMMENT 'Message',
  PRIMARY KEY (`gift_message_id`)
) ENGINE=InnoDB DEFAULT CHARSET=utf8 COMMENT='Gift Message' AUTO_INCREMENT=1 ;

-- --------------------------------------------------------

--
-- Table structure for table`mg_googlecheckout_notification`
--

CREATE TABLE `mg_googlecheckout_notification` (
  `serial_number` varchar(64) NOT NULL COMMENT 'Serial Number',
  `started_at` timestamp NULL DEFAULT NULL COMMENT 'Started At',
  `status` smallint(5) unsigned NOT NULL DEFAULT '0' COMMENT 'Status',
  PRIMARY KEY (`serial_number`)
) ENGINE=InnoDB DEFAULT CHARSET=utf8 COMMENT='Google Checkout Notification Table';

-- --------------------------------------------------------

--
-- Table structure for table`mg_importexport_importdata`
--

CREATE TABLE `mg_importexport_importdata` (
  `id` int(10) unsigned NOT NULL AUTO_INCREMENT COMMENT 'Id',
  `entity` varchar(50) NOT NULL COMMENT 'Entity',
  `behavior` varchar(10) NOT NULL DEFAULT 'append' COMMENT 'Behavior',
  `data` longtext COMMENT 'Data',
  PRIMARY KEY (`id`)
) ENGINE=InnoDB DEFAULT CHARSET=utf8 COMMENT='Import Data Table' AUTO_INCREMENT=1 ;

-- --------------------------------------------------------

--
-- Table structure for table`mg_index_event`
--

CREATE TABLE `mg_index_event` (
  `event_id` bigint(20) unsigned NOT NULL AUTO_INCREMENT COMMENT 'Event Id',
  `type` varchar(64) NOT NULL COMMENT 'Type',
  `entity` varchar(64) NOT NULL COMMENT 'Entity',
  `entity_pk` bigint(20) DEFAULT NULL COMMENT 'Entity Primary Key',
  `created_at` timestamp NOT NULL DEFAULT CURRENT_TIMESTAMP ON UPDATE CURRENT_TIMESTAMP COMMENT 'Creation Time',
  `old_data` mediumtext COMMENT 'Old Data',
  `new_data` mediumtext COMMENT 'New Data',
  PRIMARY KEY (`event_id`),
  UNIQUE KEY `UNQ_mg_INDEX_EVENT_TYPE_ENTITY_ENTITY_PK` (`type`,`entity`,`entity_pk`)
) ENGINE=InnoDB  DEFAULT CHARSET=utf8 COMMENT='Index Event' AUTO_INCREMENT=79 ;

--
-- Dumping data for table 'mg_index_event'
--

INSERT INTO `mg_index_event` VALUES
(1, 'save', 'catalog_category', 1, '2013-01-24 12:06:24', NULL, 'a:5:{s:35:"cataloginventory_stock_match_result";b:0;s:34:"catalog_product_price_match_result";b:0;s:24:"catalog_url_match_result";b:1;s:37:"catalog_category_product_match_result";b:1;s:35:"catalogsearch_fulltext_match_result";b:1;}'),
(2, 'save', 'catalog_category', 2, '2013-01-24 12:06:24', NULL, 'a:6:{s:35:"cataloginventory_stock_match_result";b:0;s:34:"catalog_product_price_match_result";b:0;s:24:"catalog_url_match_result";b:1;s:33:"catalog_product_flat_match_result";b:0;s:37:"catalog_category_product_match_result";b:1;s:35:"catalogsearch_fulltext_match_result";b:1;}'),
(3, 'save', 'cataloginventory_stock_item', 1, '2013-01-25 06:53:16', NULL, 'a:6:{s:35:"cataloginventory_stock_match_result";b:1;s:34:"catalog_product_price_match_result";b:0;s:24:"catalog_url_match_result";b:0;s:33:"catalog_product_flat_match_result";b:0;s:37:"catalog_category_product_match_result";b:0;s:35:"catalogsearch_fulltext_match_result";b:0;}'),
(4, 'save', 'catalog_product', 1, '2013-01-25 06:53:16', NULL, 'a:6:{s:35:"cataloginventory_stock_match_result";b:1;s:34:"catalog_product_price_match_result";b:1;s:24:"catalog_url_match_result";b:1;s:33:"catalog_product_flat_match_result";b:1;s:37:"catalog_category_product_match_result";b:1;s:35:"catalogsearch_fulltext_match_result";b:1;}'),
(5, 'catalog_reindex_price', 'catalog_product', 1, '2013-01-25 06:53:16', NULL, 'a:6:{s:35:"cataloginventory_stock_match_result";b:0;s:34:"catalog_product_price_match_result";b:1;s:24:"catalog_url_match_result";b:0;s:33:"catalog_product_flat_match_result";b:0;s:37:"catalog_category_product_match_result";b:0;s:35:"catalogsearch_fulltext_match_result";b:0;}'),
(6, 'save', 'catalog_category', 3, '2013-01-29 18:15:16', NULL, 'a:6:{s:35:"cataloginventory_stock_match_result";b:0;s:34:"catalog_product_price_match_result";b:0;s:24:"catalog_url_match_result";b:1;s:33:"catalog_product_flat_match_result";b:0;s:37:"catalog_category_product_match_result";b:1;s:35:"catalogsearch_fulltext_match_result";b:1;}'),
(7, 'save', 'catalog_category', 4, '2013-01-29 18:15:44', NULL, 'a:6:{s:35:"cataloginventory_stock_match_result";b:0;s:34:"catalog_product_price_match_result";b:0;s:24:"catalog_url_match_result";b:1;s:33:"catalog_product_flat_match_result";b:0;s:37:"catalog_category_product_match_result";b:1;s:35:"catalogsearch_fulltext_match_result";b:1;}'),
(8, 'save', 'catalog_category', 5, '2013-01-31 15:09:13', NULL, 'a:6:{s:35:"cataloginventory_stock_match_result";b:0;s:34:"catalog_product_price_match_result";b:0;s:24:"catalog_url_match_result";b:1;s:33:"catalog_product_flat_match_result";b:0;s:37:"catalog_category_product_match_result";b:1;s:35:"catalogsearch_fulltext_match_result";b:1;}'),
(9, 'save', 'catalog_category', 6, '2013-01-31 15:17:18', NULL, 'a:6:{s:35:"cataloginventory_stock_match_result";b:0;s:34:"catalog_product_price_match_result";b:0;s:24:"catalog_url_match_result";b:1;s:33:"catalog_product_flat_match_result";b:0;s:37:"catalog_category_product_match_result";b:1;s:35:"catalogsearch_fulltext_match_result";b:1;}'),
(10, 'save', 'catalog_category', 7, '2013-01-31 15:19:03', NULL, 'a:6:{s:35:"cataloginventory_stock_match_result";b:0;s:34:"catalog_product_price_match_result";b:0;s:24:"catalog_url_match_result";b:1;s:33:"catalog_product_flat_match_result";b:0;s:37:"catalog_category_product_match_result";b:1;s:35:"catalogsearch_fulltext_match_result";b:1;}'),
(11, 'save', 'cataloginventory_stock_item', 2, '2013-01-31 16:26:22', NULL, 'a:6:{s:35:"cataloginventory_stock_match_result";b:1;s:34:"catalog_product_price_match_result";b:0;s:24:"catalog_url_match_result";b:0;s:33:"catalog_product_flat_match_result";b:0;s:37:"catalog_category_product_match_result";b:0;s:35:"catalogsearch_fulltext_match_result";b:0;}'),
(12, 'save', 'catalog_product', 2, '2013-01-31 16:26:23', NULL, 'a:6:{s:35:"cataloginventory_stock_match_result";b:1;s:34:"catalog_product_price_match_result";b:1;s:24:"catalog_url_match_result";b:1;s:33:"catalog_product_flat_match_result";b:1;s:37:"catalog_category_product_match_result";b:1;s:35:"catalogsearch_fulltext_match_result";b:1;}'),
(13, 'catalog_reindex_price', 'catalog_product', 2, '2013-01-31 16:26:23', NULL, 'a:6:{s:35:"cataloginventory_stock_match_result";b:0;s:34:"catalog_product_price_match_result";b:1;s:24:"catalog_url_match_result";b:0;s:33:"catalog_product_flat_match_result";b:0;s:37:"catalog_category_product_match_result";b:0;s:35:"catalogsearch_fulltext_match_result";b:0;}'),
(14, 'save', 'cataloginventory_stock_item', 3, '2013-01-31 16:39:16', NULL, 'a:6:{s:35:"cataloginventory_stock_match_result";b:1;s:34:"catalog_product_price_match_result";b:0;s:24:"catalog_url_match_result";b:0;s:33:"catalog_product_flat_match_result";b:0;s:37:"catalog_category_product_match_result";b:0;s:35:"catalogsearch_fulltext_match_result";b:0;}'),
(15, 'save', 'catalog_product', 3, '2013-01-31 16:39:16', NULL, 'a:6:{s:35:"cataloginventory_stock_match_result";b:1;s:34:"catalog_product_price_match_result";b:1;s:24:"catalog_url_match_result";b:1;s:33:"catalog_product_flat_match_result";b:1;s:37:"catalog_category_product_match_result";b:1;s:35:"catalogsearch_fulltext_match_result";b:1;}'),
(16, 'catalog_reindex_price', 'catalog_product', 3, '2013-01-31 16:39:16', NULL, 'a:6:{s:35:"cataloginventory_stock_match_result";b:0;s:34:"catalog_product_price_match_result";b:1;s:24:"catalog_url_match_result";b:0;s:33:"catalog_product_flat_match_result";b:0;s:37:"catalog_category_product_match_result";b:0;s:35:"catalogsearch_fulltext_match_result";b:0;}'),
(17, 'save', 'catalog_category', 8, '2013-01-31 16:44:33', NULL, 'a:6:{s:35:"cataloginventory_stock_match_result";b:0;s:34:"catalog_product_price_match_result";b:0;s:24:"catalog_url_match_result";b:1;s:33:"catalog_product_flat_match_result";b:0;s:37:"catalog_category_product_match_result";b:1;s:35:"catalogsearch_fulltext_match_result";b:1;}'),
(18, 'save', 'catalog_category', 9, '2013-01-31 16:46:52', NULL, 'a:6:{s:35:"cataloginventory_stock_match_result";b:0;s:34:"catalog_product_price_match_result";b:0;s:24:"catalog_url_match_result";b:1;s:33:"catalog_product_flat_match_result";b:0;s:37:"catalog_category_product_match_result";b:1;s:35:"catalogsearch_fulltext_match_result";b:1;}'),
(19, 'save', 'cataloginventory_stock_item', 4, '2013-01-31 16:54:32', NULL, 'a:6:{s:35:"cataloginventory_stock_match_result";b:1;s:34:"catalog_product_price_match_result";b:0;s:24:"catalog_url_match_result";b:0;s:33:"catalog_product_flat_match_result";b:0;s:37:"catalog_category_product_match_result";b:0;s:35:"catalogsearch_fulltext_match_result";b:0;}'),
(20, 'save', 'catalog_product', 4, '2013-01-31 16:54:32', NULL, 'a:6:{s:35:"cataloginventory_stock_match_result";b:1;s:34:"catalog_product_price_match_result";b:1;s:24:"catalog_url_match_result";b:1;s:33:"catalog_product_flat_match_result";b:1;s:37:"catalog_category_product_match_result";b:1;s:35:"catalogsearch_fulltext_match_result";b:1;}'),
(21, 'catalog_reindex_price', 'catalog_product', 4, '2013-01-31 16:54:32', NULL, 'a:6:{s:35:"cataloginventory_stock_match_result";b:0;s:34:"catalog_product_price_match_result";b:1;s:24:"catalog_url_match_result";b:0;s:33:"catalog_product_flat_match_result";b:0;s:37:"catalog_category_product_match_result";b:0;s:35:"catalogsearch_fulltext_match_result";b:0;}'),
(22, 'save', 'cataloginventory_stock_item', 5, '2013-01-31 16:59:00', NULL, 'a:6:{s:35:"cataloginventory_stock_match_result";b:1;s:34:"catalog_product_price_match_result";b:0;s:24:"catalog_url_match_result";b:0;s:33:"catalog_product_flat_match_result";b:0;s:37:"catalog_category_product_match_result";b:0;s:35:"catalogsearch_fulltext_match_result";b:0;}'),
(23, 'save', 'catalog_product', 5, '2013-01-31 16:59:00', NULL, 'a:6:{s:35:"cataloginventory_stock_match_result";b:1;s:34:"catalog_product_price_match_result";b:1;s:24:"catalog_url_match_result";b:1;s:33:"catalog_product_flat_match_result";b:1;s:37:"catalog_category_product_match_result";b:1;s:35:"catalogsearch_fulltext_match_result";b:1;}'),
(24, 'catalog_reindex_price', 'catalog_product', 5, '2013-01-31 16:59:00', NULL, 'a:6:{s:35:"cataloginventory_stock_match_result";b:0;s:34:"catalog_product_price_match_result";b:1;s:24:"catalog_url_match_result";b:0;s:33:"catalog_product_flat_match_result";b:0;s:37:"catalog_category_product_match_result";b:0;s:35:"catalogsearch_fulltext_match_result";b:0;}'),
(25, 'save', 'cataloginventory_stock_item', 6, '2013-01-31 17:24:20', NULL, 'a:6:{s:35:"cataloginventory_stock_match_result";b:1;s:34:"catalog_product_price_match_result";b:0;s:24:"catalog_url_match_result";b:0;s:33:"catalog_product_flat_match_result";b:0;s:37:"catalog_category_product_match_result";b:0;s:35:"catalogsearch_fulltext_match_result";b:0;}'),
(26, 'save', 'catalog_product', 6, '2013-01-31 17:24:20', NULL, 'a:6:{s:35:"cataloginventory_stock_match_result";b:1;s:34:"catalog_product_price_match_result";b:1;s:24:"catalog_url_match_result";b:1;s:33:"catalog_product_flat_match_result";b:1;s:37:"catalog_category_product_match_result";b:1;s:35:"catalogsearch_fulltext_match_result";b:1;}'),
(27, 'catalog_reindex_price', 'catalog_product', 6, '2013-01-31 17:24:20', NULL, 'a:6:{s:35:"cataloginventory_stock_match_result";b:0;s:34:"catalog_product_price_match_result";b:1;s:24:"catalog_url_match_result";b:0;s:33:"catalog_product_flat_match_result";b:0;s:37:"catalog_category_product_match_result";b:0;s:35:"catalogsearch_fulltext_match_result";b:0;}'),
(28, 'save', 'cataloginventory_stock_item', 7, '2013-01-31 17:56:14', NULL, 'a:6:{s:35:"cataloginventory_stock_match_result";b:1;s:34:"catalog_product_price_match_result";b:0;s:24:"catalog_url_match_result";b:0;s:33:"catalog_product_flat_match_result";b:0;s:37:"catalog_category_product_match_result";b:0;s:35:"catalogsearch_fulltext_match_result";b:0;}'),
(29, 'save', 'catalog_product', 7, '2013-01-31 17:56:15', NULL, 'a:6:{s:35:"cataloginventory_stock_match_result";b:1;s:34:"catalog_product_price_match_result";b:1;s:24:"catalog_url_match_result";b:1;s:33:"catalog_product_flat_match_result";b:1;s:37:"catalog_category_product_match_result";b:1;s:35:"catalogsearch_fulltext_match_result";b:1;}'),
(30, 'catalog_reindex_price', 'catalog_product', 7, '2013-01-31 17:56:15', NULL, 'a:6:{s:35:"cataloginventory_stock_match_result";b:0;s:34:"catalog_product_price_match_result";b:1;s:24:"catalog_url_match_result";b:0;s:33:"catalog_product_flat_match_result";b:0;s:37:"catalog_category_product_match_result";b:0;s:35:"catalogsearch_fulltext_match_result";b:0;}'),
(31, 'save', 'cataloginventory_stock_item', 8, '2013-01-31 17:58:43', NULL, 'a:6:{s:35:"cataloginventory_stock_match_result";b:1;s:34:"catalog_product_price_match_result";b:0;s:24:"catalog_url_match_result";b:0;s:33:"catalog_product_flat_match_result";b:0;s:37:"catalog_category_product_match_result";b:0;s:35:"catalogsearch_fulltext_match_result";b:0;}'),
(32, 'save', 'catalog_product', 8, '2013-01-31 17:58:44', NULL, 'a:6:{s:35:"cataloginventory_stock_match_result";b:1;s:34:"catalog_product_price_match_result";b:1;s:24:"catalog_url_match_result";b:1;s:33:"catalog_product_flat_match_result";b:1;s:37:"catalog_category_product_match_result";b:1;s:35:"catalogsearch_fulltext_match_result";b:1;}'),
(33, 'catalog_reindex_price', 'catalog_product', 8, '2013-01-31 17:58:44', NULL, 'a:6:{s:35:"cataloginventory_stock_match_result";b:0;s:34:"catalog_product_price_match_result";b:1;s:24:"catalog_url_match_result";b:0;s:33:"catalog_product_flat_match_result";b:0;s:37:"catalog_category_product_match_result";b:0;s:35:"catalogsearch_fulltext_match_result";b:0;}'),
(34, 'save', 'cataloginventory_stock_item', 9, '2013-01-31 18:02:22', NULL, 'a:6:{s:35:"cataloginventory_stock_match_result";b:1;s:34:"catalog_product_price_match_result";b:0;s:24:"catalog_url_match_result";b:0;s:33:"catalog_product_flat_match_result";b:0;s:37:"catalog_category_product_match_result";b:0;s:35:"catalogsearch_fulltext_match_result";b:0;}'),
(35, 'save', 'catalog_product', 9, '2013-01-31 18:02:23', NULL, 'a:6:{s:35:"cataloginventory_stock_match_result";b:1;s:34:"catalog_product_price_match_result";b:1;s:24:"catalog_url_match_result";b:1;s:33:"catalog_product_flat_match_result";b:1;s:37:"catalog_category_product_match_result";b:1;s:35:"catalogsearch_fulltext_match_result";b:1;}'),
(36, 'catalog_reindex_price', 'catalog_product', 9, '2013-01-31 18:02:23', NULL, 'a:6:{s:35:"cataloginventory_stock_match_result";b:0;s:34:"catalog_product_price_match_result";b:1;s:24:"catalog_url_match_result";b:0;s:33:"catalog_product_flat_match_result";b:0;s:37:"catalog_category_product_match_result";b:0;s:35:"catalogsearch_fulltext_match_result";b:0;}'),
(37, 'save', 'cataloginventory_stock_item', 10, '2013-01-31 18:05:15', NULL, 'a:6:{s:35:"cataloginventory_stock_match_result";b:1;s:34:"catalog_product_price_match_result";b:0;s:24:"catalog_url_match_result";b:0;s:33:"catalog_product_flat_match_result";b:0;s:37:"catalog_category_product_match_result";b:0;s:35:"catalogsearch_fulltext_match_result";b:0;}'),
(38, 'save', 'catalog_product', 10, '2013-01-31 18:05:15', NULL, 'a:6:{s:35:"cataloginventory_stock_match_result";b:1;s:34:"catalog_product_price_match_result";b:1;s:24:"catalog_url_match_result";b:1;s:33:"catalog_product_flat_match_result";b:1;s:37:"catalog_category_product_match_result";b:1;s:35:"catalogsearch_fulltext_match_result";b:1;}'),
(39, 'catalog_reindex_price', 'catalog_product', 10, '2013-01-31 18:05:18', NULL, 'a:6:{s:35:"cataloginventory_stock_match_result";b:0;s:34:"catalog_product_price_match_result";b:1;s:24:"catalog_url_match_result";b:0;s:33:"catalog_product_flat_match_result";b:0;s:37:"catalog_category_product_match_result";b:0;s:35:"catalogsearch_fulltext_match_result";b:0;}'),
(40, 'save', 'cataloginventory_stock_item', 11, '2013-01-31 18:09:48', NULL, 'a:6:{s:35:"cataloginventory_stock_match_result";b:1;s:34:"catalog_product_price_match_result";b:0;s:24:"catalog_url_match_result";b:0;s:33:"catalog_product_flat_match_result";b:0;s:37:"catalog_category_product_match_result";b:0;s:35:"catalogsearch_fulltext_match_result";b:0;}'),
(41, 'save', 'catalog_product', 11, '2013-01-31 18:09:48', NULL, 'a:6:{s:35:"cataloginventory_stock_match_result";b:1;s:34:"catalog_product_price_match_result";b:1;s:24:"catalog_url_match_result";b:1;s:33:"catalog_product_flat_match_result";b:1;s:37:"catalog_category_product_match_result";b:1;s:35:"catalogsearch_fulltext_match_result";b:1;}'),
(42, 'catalog_reindex_price', 'catalog_product', 11, '2013-01-31 18:09:48', NULL, 'a:6:{s:35:"cataloginventory_stock_match_result";b:0;s:34:"catalog_product_price_match_result";b:1;s:24:"catalog_url_match_result";b:0;s:33:"catalog_product_flat_match_result";b:0;s:37:"catalog_category_product_match_result";b:0;s:35:"catalogsearch_fulltext_match_result";b:0;}'),
(43, 'save', 'cataloginventory_stock_item', 12, '2013-01-31 18:13:07', NULL, 'a:6:{s:35:"cataloginventory_stock_match_result";b:1;s:34:"catalog_product_price_match_result";b:0;s:24:"catalog_url_match_result";b:0;s:33:"catalog_product_flat_match_result";b:0;s:37:"catalog_category_product_match_result";b:0;s:35:"catalogsearch_fulltext_match_result";b:0;}'),
(44, 'save', 'catalog_product', 12, '2013-01-31 18:13:07', NULL, 'a:6:{s:35:"cataloginventory_stock_match_result";b:1;s:34:"catalog_product_price_match_result";b:1;s:24:"catalog_url_match_result";b:1;s:33:"catalog_product_flat_match_result";b:1;s:37:"catalog_category_product_match_result";b:1;s:35:"catalogsearch_fulltext_match_result";b:1;}'),
(45, 'catalog_reindex_price', 'catalog_product', 12, '2013-01-31 18:13:07', NULL, 'a:6:{s:35:"cataloginventory_stock_match_result";b:0;s:34:"catalog_product_price_match_result";b:1;s:24:"catalog_url_match_result";b:0;s:33:"catalog_product_flat_match_result";b:0;s:37:"catalog_category_product_match_result";b:0;s:35:"catalogsearch_fulltext_match_result";b:0;}'),
(46, 'save', 'cataloginventory_stock_item', 13, '2013-01-31 18:16:45', NULL, 'a:6:{s:35:"cataloginventory_stock_match_result";b:1;s:34:"catalog_product_price_match_result";b:0;s:24:"catalog_url_match_result";b:0;s:33:"catalog_product_flat_match_result";b:0;s:37:"catalog_category_product_match_result";b:0;s:35:"catalogsearch_fulltext_match_result";b:0;}'),
(47, 'save', 'catalog_product', 13, '2013-01-31 18:16:45', NULL, 'a:6:{s:35:"cataloginventory_stock_match_result";b:1;s:34:"catalog_product_price_match_result";b:1;s:24:"catalog_url_match_result";b:1;s:33:"catalog_product_flat_match_result";b:1;s:37:"catalog_category_product_match_result";b:1;s:35:"catalogsearch_fulltext_match_result";b:1;}'),
(48, 'catalog_reindex_price', 'catalog_product', 13, '2013-01-31 18:16:45', NULL, 'a:6:{s:35:"cataloginventory_stock_match_result";b:0;s:34:"catalog_product_price_match_result";b:1;s:24:"catalog_url_match_result";b:0;s:33:"catalog_product_flat_match_result";b:0;s:37:"catalog_category_product_match_result";b:0;s:35:"catalogsearch_fulltext_match_result";b:0;}'),
(49, 'save', 'cataloginventory_stock_item', 14, '2013-01-31 18:20:58', NULL, 'a:6:{s:35:"cataloginventory_stock_match_result";b:1;s:34:"catalog_product_price_match_result";b:0;s:24:"catalog_url_match_result";b:0;s:33:"catalog_product_flat_match_result";b:0;s:37:"catalog_category_product_match_result";b:0;s:35:"catalogsearch_fulltext_match_result";b:0;}'),
(50, 'save', 'catalog_product', 14, '2013-01-31 18:20:58', NULL, 'a:6:{s:35:"cataloginventory_stock_match_result";b:1;s:34:"catalog_product_price_match_result";b:1;s:24:"catalog_url_match_result";b:1;s:33:"catalog_product_flat_match_result";b:1;s:37:"catalog_category_product_match_result";b:1;s:35:"catalogsearch_fulltext_match_result";b:1;}'),
(51, 'catalog_reindex_price', 'catalog_product', 14, '2013-01-31 18:20:58', NULL, 'a:6:{s:35:"cataloginventory_stock_match_result";b:0;s:34:"catalog_product_price_match_result";b:1;s:24:"catalog_url_match_result";b:0;s:33:"catalog_product_flat_match_result";b:0;s:37:"catalog_category_product_match_result";b:0;s:35:"catalogsearch_fulltext_match_result";b:0;}'),
(52, 'save', 'cataloginventory_stock_item', 15, '2013-01-31 18:23:10', NULL, 'a:6:{s:35:"cataloginventory_stock_match_result";b:1;s:34:"catalog_product_price_match_result";b:0;s:24:"catalog_url_match_result";b:0;s:33:"catalog_product_flat_match_result";b:0;s:37:"catalog_category_product_match_result";b:0;s:35:"catalogsearch_fulltext_match_result";b:0;}'),
(53, 'save', 'catalog_product', 15, '2013-01-31 18:23:14', NULL, 'a:6:{s:35:"cataloginventory_stock_match_result";b:1;s:34:"catalog_product_price_match_result";b:1;s:24:"catalog_url_match_result";b:1;s:33:"catalog_product_flat_match_result";b:1;s:37:"catalog_category_product_match_result";b:1;s:35:"catalogsearch_fulltext_match_result";b:1;}'),
(54, 'catalog_reindex_price', 'catalog_product', 15, '2013-01-31 18:23:14', NULL, 'a:6:{s:35:"cataloginventory_stock_match_result";b:0;s:34:"catalog_product_price_match_result";b:1;s:24:"catalog_url_match_result";b:0;s:33:"catalog_product_flat_match_result";b:0;s:37:"catalog_category_product_match_result";b:0;s:35:"catalogsearch_fulltext_match_result";b:0;}'),
(55, 'save', 'cataloginventory_stock_item', 16, '2013-01-31 18:27:15', NULL, 'a:6:{s:35:"cataloginventory_stock_match_result";b:1;s:34:"catalog_product_price_match_result";b:0;s:24:"catalog_url_match_result";b:0;s:33:"catalog_product_flat_match_result";b:0;s:37:"catalog_category_product_match_result";b:0;s:35:"catalogsearch_fulltext_match_result";b:0;}'),
(56, 'save', 'catalog_product', 16, '2013-01-31 18:27:15', NULL, 'a:6:{s:35:"cataloginventory_stock_match_result";b:1;s:34:"catalog_product_price_match_result";b:1;s:24:"catalog_url_match_result";b:1;s:33:"catalog_product_flat_match_result";b:1;s:37:"catalog_category_product_match_result";b:1;s:35:"catalogsearch_fulltext_match_result";b:1;}'),
(57, 'catalog_reindex_price', 'catalog_product', 16, '2013-01-31 18:27:15', NULL, 'a:6:{s:35:"cataloginventory_stock_match_result";b:0;s:34:"catalog_product_price_match_result";b:1;s:24:"catalog_url_match_result";b:0;s:33:"catalog_product_flat_match_result";b:0;s:37:"catalog_category_product_match_result";b:0;s:35:"catalogsearch_fulltext_match_result";b:0;}'),
(58, 'save', 'cataloginventory_stock_item', 17, '2013-01-31 18:31:11', NULL, 'a:6:{s:35:"cataloginventory_stock_match_result";b:1;s:34:"catalog_product_price_match_result";b:0;s:24:"catalog_url_match_result";b:0;s:33:"catalog_product_flat_match_result";b:0;s:37:"catalog_category_product_match_result";b:0;s:35:"catalogsearch_fulltext_match_result";b:0;}'),
(59, 'save', 'catalog_product', 17, '2013-01-31 18:31:12', NULL, 'a:6:{s:35:"cataloginventory_stock_match_result";b:1;s:34:"catalog_product_price_match_result";b:1;s:24:"catalog_url_match_result";b:1;s:33:"catalog_product_flat_match_result";b:1;s:37:"catalog_category_product_match_result";b:1;s:35:"catalogsearch_fulltext_match_result";b:1;}'),
(60, 'catalog_reindex_price', 'catalog_product', 17, '2013-01-31 18:31:12', NULL, 'a:6:{s:35:"cataloginventory_stock_match_result";b:0;s:34:"catalog_product_price_match_result";b:1;s:24:"catalog_url_match_result";b:0;s:33:"catalog_product_flat_match_result";b:0;s:37:"catalog_category_product_match_result";b:0;s:35:"catalogsearch_fulltext_match_result";b:0;}'),
(61, 'save', 'cataloginventory_stock_item', 18, '2013-01-31 18:35:35', NULL, 'a:6:{s:35:"cataloginventory_stock_match_result";b:1;s:34:"catalog_product_price_match_result";b:0;s:24:"catalog_url_match_result";b:0;s:33:"catalog_product_flat_match_result";b:0;s:37:"catalog_category_product_match_result";b:0;s:35:"catalogsearch_fulltext_match_result";b:0;}'),
(62, 'save', 'catalog_product', 18, '2013-01-31 18:35:35', NULL, 'a:6:{s:35:"cataloginventory_stock_match_result";b:1;s:34:"catalog_product_price_match_result";b:1;s:24:"catalog_url_match_result";b:1;s:33:"catalog_product_flat_match_result";b:1;s:37:"catalog_category_product_match_result";b:1;s:35:"catalogsearch_fulltext_match_result";b:1;}'),
(63, 'catalog_reindex_price', 'catalog_product', 18, '2013-01-31 18:35:36', NULL, 'a:6:{s:35:"cataloginventory_stock_match_result";b:0;s:34:"catalog_product_price_match_result";b:1;s:24:"catalog_url_match_result";b:0;s:33:"catalog_product_flat_match_result";b:0;s:37:"catalog_category_product_match_result";b:0;s:35:"catalogsearch_fulltext_match_result";b:0;}'),
(64, 'save', 'cataloginventory_stock_item', 19, '2013-01-31 18:38:31', NULL, 'a:6:{s:35:"cataloginventory_stock_match_result";b:1;s:34:"catalog_product_price_match_result";b:0;s:24:"catalog_url_match_result";b:0;s:33:"catalog_product_flat_match_result";b:0;s:37:"catalog_category_product_match_result";b:0;s:35:"catalogsearch_fulltext_match_result";b:0;}'),
(65, 'save', 'catalog_product', 19, '2013-01-31 18:38:31', NULL, 'a:6:{s:35:"cataloginventory_stock_match_result";b:1;s:34:"catalog_product_price_match_result";b:1;s:24:"catalog_url_match_result";b:1;s:33:"catalog_product_flat_match_result";b:1;s:37:"catalog_category_product_match_result";b:1;s:35:"catalogsearch_fulltext_match_result";b:1;}'),
(66, 'catalog_reindex_price', 'catalog_product', 19, '2013-01-31 18:38:31', NULL, 'a:6:{s:35:"cataloginventory_stock_match_result";b:0;s:34:"catalog_product_price_match_result";b:1;s:24:"catalog_url_match_result";b:0;s:33:"catalog_product_flat_match_result";b:0;s:37:"catalog_category_product_match_result";b:0;s:35:"catalogsearch_fulltext_match_result";b:0;}'),
(67, 'save', 'cataloginventory_stock_item', 20, '2013-01-31 18:42:09', NULL, 'a:6:{s:35:"cataloginventory_stock_match_result";b:1;s:34:"catalog_product_price_match_result";b:0;s:24:"catalog_url_match_result";b:0;s:33:"catalog_product_flat_match_result";b:0;s:37:"catalog_category_product_match_result";b:0;s:35:"catalogsearch_fulltext_match_result";b:0;}'),
(68, 'save', 'catalog_product', 20, '2013-01-31 18:42:09', NULL, 'a:6:{s:35:"cataloginventory_stock_match_result";b:1;s:34:"catalog_product_price_match_result";b:1;s:24:"catalog_url_match_result";b:1;s:33:"catalog_product_flat_match_result";b:1;s:37:"catalog_category_product_match_result";b:1;s:35:"catalogsearch_fulltext_match_result";b:1;}'),
(69, 'catalog_reindex_price', 'catalog_product', 20, '2013-01-31 18:42:09', NULL, 'a:6:{s:35:"cataloginventory_stock_match_result";b:0;s:34:"catalog_product_price_match_result";b:1;s:24:"catalog_url_match_result";b:0;s:33:"catalog_product_flat_match_result";b:0;s:37:"catalog_category_product_match_result";b:0;s:35:"catalogsearch_fulltext_match_result";b:0;}'),
(70, 'save', 'cataloginventory_stock_item', 21, '2013-01-31 18:46:07', NULL, 'a:6:{s:35:"cataloginventory_stock_match_result";b:1;s:34:"catalog_product_price_match_result";b:0;s:24:"catalog_url_match_result";b:0;s:33:"catalog_product_flat_match_result";b:0;s:37:"catalog_category_product_match_result";b:0;s:35:"catalogsearch_fulltext_match_result";b:0;}'),
(71, 'save', 'catalog_product', 21, '2013-01-31 18:46:07', NULL, 'a:6:{s:35:"cataloginventory_stock_match_result";b:1;s:34:"catalog_product_price_match_result";b:1;s:24:"catalog_url_match_result";b:1;s:33:"catalog_product_flat_match_result";b:1;s:37:"catalog_category_product_match_result";b:1;s:35:"catalogsearch_fulltext_match_result";b:1;}'),
(72, 'catalog_reindex_price', 'catalog_product', 21, '2013-01-31 18:46:07', NULL, 'a:6:{s:35:"cataloginventory_stock_match_result";b:0;s:34:"catalog_product_price_match_result";b:1;s:24:"catalog_url_match_result";b:0;s:33:"catalog_product_flat_match_result";b:0;s:37:"catalog_category_product_match_result";b:0;s:35:"catalogsearch_fulltext_match_result";b:0;}'),
(73, 'save', 'cataloginventory_stock_item', 22, '2013-01-31 18:48:22', NULL, 'a:6:{s:35:"cataloginventory_stock_match_result";b:1;s:34:"catalog_product_price_match_result";b:0;s:24:"catalog_url_match_result";b:0;s:33:"catalog_product_flat_match_result";b:0;s:37:"catalog_category_product_match_result";b:0;s:35:"catalogsearch_fulltext_match_result";b:0;}'),
(74, 'save', 'catalog_product', 22, '2013-01-31 18:48:22', NULL, 'a:6:{s:35:"cataloginventory_stock_match_result";b:1;s:34:"catalog_product_price_match_result";b:1;s:24:"catalog_url_match_result";b:1;s:33:"catalog_product_flat_match_result";b:1;s:37:"catalog_category_product_match_result";b:1;s:35:"catalogsearch_fulltext_match_result";b:1;}'),
(75, 'catalog_reindex_price', 'catalog_product', 22, '2013-01-31 18:48:22', NULL, 'a:6:{s:35:"cataloginventory_stock_match_result";b:0;s:34:"catalog_product_price_match_result";b:1;s:24:"catalog_url_match_result";b:0;s:33:"catalog_product_flat_match_result";b:0;s:37:"catalog_category_product_match_result";b:0;s:35:"catalogsearch_fulltext_match_result";b:0;}'),
(76, 'save', 'cataloginventory_stock_item', 23, '2013-01-31 18:50:50', NULL, 'a:6:{s:35:"cataloginventory_stock_match_result";b:1;s:34:"catalog_product_price_match_result";b:0;s:24:"catalog_url_match_result";b:0;s:33:"catalog_product_flat_match_result";b:0;s:37:"catalog_category_product_match_result";b:0;s:35:"catalogsearch_fulltext_match_result";b:0;}'),
(77, 'save', 'catalog_product', 23, '2013-01-31 18:50:50', NULL, 'a:6:{s:35:"cataloginventory_stock_match_result";b:1;s:34:"catalog_product_price_match_result";b:1;s:24:"catalog_url_match_result";b:1;s:33:"catalog_product_flat_match_result";b:1;s:37:"catalog_category_product_match_result";b:1;s:35:"catalogsearch_fulltext_match_result";b:1;}'),
(78, 'catalog_reindex_price', 'catalog_product', 23, '2013-01-31 18:50:50', NULL, 'a:6:{s:35:"cataloginventory_stock_match_result";b:0;s:34:"catalog_product_price_match_result";b:1;s:24:"catalog_url_match_result";b:0;s:33:"catalog_product_flat_match_result";b:0;s:37:"catalog_category_product_match_result";b:0;s:35:"catalogsearch_fulltext_match_result";b:0;}');

-- --------------------------------------------------------

--
-- Table structure for table`mg_index_process`
--

CREATE TABLE `mg_index_process` (
  `process_id` int(10) unsigned NOT NULL AUTO_INCREMENT COMMENT 'Process Id',
  `indexer_code` varchar(32) NOT NULL COMMENT 'Indexer Code',
  `status` varchar(15) NOT NULL DEFAULT 'pending' COMMENT 'Status',
  `started_at` timestamp NULL DEFAULT NULL COMMENT 'Started At',
  `ended_at` timestamp NULL DEFAULT NULL COMMENT 'Ended At',
  `mode` varchar(9) NOT NULL DEFAULT 'real_time' COMMENT 'Mode',
  PRIMARY KEY (`process_id`),
  UNIQUE KEY `UNQ_mg_INDEX_PROCESS_INDEXER_CODE` (`indexer_code`)
) ENGINE=InnoDB  DEFAULT CHARSET=utf8 COMMENT='Index Process' AUTO_INCREMENT=10 ;

--
-- Dumping data for table 'mg_index_process'
--

INSERT INTO `mg_index_process` VALUES
(1, 'catalog_product_attribute', 'pending', '2013-01-31 18:51:44', '2013-01-31 18:51:44', 'real_time'),
(2, 'catalog_product_price', 'pending', '2013-01-31 18:51:44', '2013-01-31 18:51:45', 'real_time'),
(3, 'catalog_url', 'pending', '2013-01-31 18:51:44', '2013-01-31 18:51:44', 'real_time'),
(4, 'catalog_product_flat', 'pending', '2013-01-31 18:51:44', '2013-01-31 18:51:44', 'real_time'),
(5, 'catalog_category_flat', 'pending', '2013-01-25 06:54:57', '2013-01-25 06:54:57', 'real_time'),
(6, 'catalog_category_product', 'pending', '2013-01-31 18:51:44', '2013-01-31 18:51:44', 'real_time'),
(7, 'catalogsearch_fulltext', 'pending', '2013-01-31 18:51:44', '2013-01-31 18:51:44', 'real_time'),
(8, 'cataloginventory_stock', 'pending', '2013-01-31 18:51:44', '2013-01-31 18:51:44', 'real_time'),
(9, 'tag_summary', 'pending', '2013-01-31 18:51:44', '2013-01-31 18:51:44', 'real_time');

-- --------------------------------------------------------

--
-- Table structure for table`mg_index_process_event`
--

CREATE TABLE `mg_index_process_event` (
  `process_id` int(10) unsigned NOT NULL COMMENT 'Process Id',
  `event_id` bigint(20) unsigned NOT NULL COMMENT 'Event Id',
  `status` varchar(7) NOT NULL DEFAULT 'new' COMMENT 'Status',
  PRIMARY KEY (`process_id`,`event_id`),
  KEY `IDX_mg_INDEX_PROCESS_EVENT_EVENT_ID` (`event_id`)
) ENGINE=InnoDB DEFAULT CHARSET=utf8 COMMENT='Index Process Event';

-- --------------------------------------------------------

--
-- Table structure for table`mg_log_customer`
--

CREATE TABLE `mg_log_customer` (
  `log_id` int(10) unsigned NOT NULL AUTO_INCREMENT COMMENT 'Log ID',
  `visitor_id` bigint(20) unsigned DEFAULT NULL COMMENT 'Visitor ID',
  `customer_id` int(11) NOT NULL DEFAULT '0' COMMENT 'Customer ID',
  `login_at` timestamp NOT NULL DEFAULT CURRENT_TIMESTAMP ON UPDATE CURRENT_TIMESTAMP COMMENT 'Login Time',
  `logout_at` timestamp NULL DEFAULT NULL COMMENT 'Logout Time',
  `store_id` smallint(5) unsigned NOT NULL COMMENT 'Store ID',
  PRIMARY KEY (`log_id`),
  KEY `IDX_mg_LOG_CUSTOMER_VISITOR_ID` (`visitor_id`)
) ENGINE=InnoDB  DEFAULT CHARSET=utf8 COMMENT='Log Customers Table' AUTO_INCREMENT=2 ;

--
-- Dumping data for table 'mg_log_customer'
--

INSERT INTO `mg_log_customer` VALUES
(1, 455, 1, '2013-01-31 18:53:14', NULL, 1);

-- --------------------------------------------------------

--
-- Table structure for table`mg_log_quote`
--

CREATE TABLE `mg_log_quote` (
  `quote_id` int(10) unsigned NOT NULL DEFAULT '0' COMMENT 'Quote ID',
  `visitor_id` bigint(20) unsigned DEFAULT NULL COMMENT 'Visitor ID',
  `created_at` timestamp NOT NULL DEFAULT CURRENT_TIMESTAMP ON UPDATE CURRENT_TIMESTAMP COMMENT 'Creation Time',
  `deleted_at` timestamp NULL DEFAULT NULL COMMENT 'Deletion Time',
  PRIMARY KEY (`quote_id`)
) ENGINE=InnoDB DEFAULT CHARSET=utf8 COMMENT='Log Quotes Table';

--
-- Dumping data for table 'mg_log_quote'
--

INSERT INTO `mg_log_quote` VALUES
(1, 317, '2013-01-30 06:30:52', NULL),
(2, 327, '2013-01-30 06:49:24', NULL),
(3, 422, '2013-01-31 12:19:56', NULL),
(4, 455, '2013-01-31 18:53:14', NULL);

-- --------------------------------------------------------

--
-- Table structure for table`mg_log_summary`
--

CREATE TABLE `mg_log_summary` (
  `summary_id` bigint(20) unsigned NOT NULL AUTO_INCREMENT COMMENT 'Summary ID',
  `store_id` smallint(5) unsigned NOT NULL COMMENT 'Store ID',
  `type_id` smallint(5) unsigned DEFAULT NULL COMMENT 'Type ID',
  `visitor_count` int(11) NOT NULL DEFAULT '0' COMMENT 'Visitor Count',
  `customer_count` int(11) NOT NULL DEFAULT '0' COMMENT 'Customer Count',
  `add_date` timestamp NOT NULL DEFAULT CURRENT_TIMESTAMP ON UPDATE CURRENT_TIMESTAMP COMMENT 'Date',
  PRIMARY KEY (`summary_id`)
) ENGINE=InnoDB DEFAULT CHARSET=utf8 COMMENT='Log Summary Table' AUTO_INCREMENT=1 ;

-- --------------------------------------------------------

--
-- Table structure for table`mg_log_summary_type`
--

CREATE TABLE `mg_log_summary_type` (
  `type_id` smallint(5) unsigned NOT NULL AUTO_INCREMENT COMMENT 'Type ID',
  `type_code` varchar(64) DEFAULT NULL COMMENT 'Type Code',
  `period` smallint(5) unsigned NOT NULL DEFAULT '0' COMMENT 'Period',
  `period_type` varchar(6) NOT NULL DEFAULT 'MINUTE' COMMENT 'Period Type',
  PRIMARY KEY (`type_id`)
) ENGINE=InnoDB  DEFAULT CHARSET=utf8 COMMENT='Log Summary Types Table' AUTO_INCREMENT=3 ;

--
-- Dumping data for table 'mg_log_summary_type'
--

INSERT INTO `mg_log_summary_type` VALUES
(1, 'hour', 1, 'HOUR'),
(2, 'day', 1, 'DAY');

-- --------------------------------------------------------

--
-- Table structure for table`mg_log_url`
--

CREATE TABLE `mg_log_url` (
  `url_id` bigint(20) unsigned NOT NULL DEFAULT '0' COMMENT 'URL ID',
  `visitor_id` bigint(20) unsigned DEFAULT NULL COMMENT 'Visitor ID',
  `visit_time` timestamp NOT NULL DEFAULT CURRENT_TIMESTAMP ON UPDATE CURRENT_TIMESTAMP COMMENT 'Visit Time',
  PRIMARY KEY (`url_id`),
  KEY `IDX_mg_LOG_URL_VISITOR_ID` (`visitor_id`)
) ENGINE=InnoDB DEFAULT CHARSET=utf8 COMMENT='Log URL Table';

--
-- Dumping data for table 'mg_log_url'
--

INSERT INTO `mg_log_url` VALUES
(1, 1, '2013-01-25 04:06:47'),
(2, 2, '2013-01-25 04:08:11'),
(3, 3, '2013-01-25 04:17:38'),
(4, 4, '2013-01-25 04:21:24'),
(5, 5, '2013-01-25 04:49:55'),
(6, 6, '2013-01-25 05:05:58'),
(7, 7, '2013-01-25 05:20:00'),
(8, 8, '2013-01-25 05:48:40'),
(9, 9, '2013-01-25 06:15:35'),
(10, 10, '2013-01-25 06:31:56'),
(11, 11, '2013-01-25 06:44:31'),
(12, 12, '2013-01-25 06:45:14'),
(13, 11, '2013-01-25 06:55:11'),
(14, 13, '2013-01-25 06:58:37'),
(15, 11, '2013-01-25 07:15:50'),
(16, 11, '2013-01-25 07:26:35'),
(17, 11, '2013-01-25 07:26:50'),
(18, 14, '2013-01-25 07:30:33'),
(19, 15, '2013-01-25 07:37:34'),
(20, 15, '2013-01-25 07:38:52'),
(21, 15, '2013-01-25 07:38:55'),
(22, 16, '2013-01-25 07:44:12'),
(23, 17, '2013-01-25 07:56:12'),
(24, 18, '2013-01-25 08:39:45'),
(25, 19, '2013-01-25 08:54:11'),
(26, 20, '2013-01-25 09:09:27'),
(27, 21, '2013-01-25 09:14:27'),
(28, 22, '2013-01-25 09:23:11'),
(29, 23, '2013-01-25 09:53:17'),
(30, 24, '2013-01-25 10:04:17'),
(31, 25, '2013-01-25 10:08:23'),
(32, 26, '2013-01-25 10:22:56'),
(33, 27, '2013-01-25 10:35:59'),
(34, 28, '2013-01-25 11:34:30'),
(35, 29, '2013-01-25 12:17:38'),
(36, 30, '2013-01-25 12:46:42'),
(37, 31, '2013-01-25 13:37:07'),
(38, 32, '2013-01-25 13:38:12'),
(39, 33, '2013-01-25 13:51:17'),
(40, 34, '2013-01-25 13:57:19'),
(41, 35, '2013-01-25 14:20:44'),
(42, 36, '2013-01-25 15:04:07'),
(43, 37, '2013-01-25 15:37:36'),
(44, 38, '2013-01-25 15:50:07'),
(45, 39, '2013-01-25 16:17:01'),
(46, 40, '2013-01-25 16:25:25'),
(47, 41, '2013-01-25 17:44:54'),
(48, 42, '2013-01-25 17:56:59'),
(49, 43, '2013-01-25 19:30:56'),
(50, 44, '2013-01-25 19:38:51'),
(51, 45, '2013-01-25 20:35:46'),
(52, 46, '2013-01-25 20:52:38'),
(53, 47, '2013-01-25 21:21:14'),
(54, 48, '2013-01-25 22:01:55'),
(55, 49, '2013-01-25 22:30:55'),
(56, 50, '2013-01-25 22:46:18'),
(57, 51, '2013-01-25 23:30:52'),
(58, 52, '2013-01-25 23:47:42'),
(59, 53, '2013-01-25 23:57:53'),
(60, 54, '2013-01-26 00:26:48'),
(61, 55, '2013-01-26 00:39:58'),
(62, 56, '2013-01-26 01:04:18'),
(63, 57, '2013-01-26 01:11:41'),
(64, 58, '2013-01-26 01:38:29'),
(65, 59, '2013-01-26 01:52:30'),
(66, 60, '2013-01-26 02:20:30'),
(67, 61, '2013-01-26 02:44:16'),
(68, 62, '2013-01-26 03:05:45'),
(69, 63, '2013-01-26 03:33:27'),
(70, 64, '2013-01-26 03:36:25'),
(71, 65, '2013-01-26 03:36:26'),
(72, 66, '2013-01-26 03:36:27'),
(73, 67, '2013-01-26 03:46:40'),
(74, 68, '2013-01-26 03:47:27'),
(75, 69, '2013-01-26 04:17:18'),
(76, 70, '2013-01-26 04:32:21'),
(77, 71, '2013-01-26 04:59:00'),
(78, 72, '2013-01-26 05:29:48'),
(79, 73, '2013-01-26 05:42:05'),
(80, 74, '2013-01-26 06:26:38'),
(81, 75, '2013-01-26 06:56:20'),
(82, 76, '2013-01-26 07:22:01'),
(83, 77, '2013-01-26 07:38:23'),
(84, 78, '2013-01-26 08:08:28'),
(85, 79, '2013-01-26 08:35:24'),
(86, 80, '2013-01-26 08:49:00'),
(87, 81, '2013-01-26 09:32:46'),
(88, 82, '2013-01-26 10:03:15'),
(89, 83, '2013-01-26 10:29:17'),
(90, 84, '2013-01-26 10:44:42'),
(91, 85, '2013-01-26 11:09:25'),
(92, 85, '2013-01-26 12:03:13'),
(93, 86, '2013-01-26 12:24:32'),
(94, 87, '2013-01-26 14:29:33'),
(95, 88, '2013-01-26 14:58:54'),
(96, 89, '2013-01-26 15:27:57'),
(97, 90, '2013-01-26 16:25:07'),
(98, 91, '2013-01-26 17:22:10'),
(99, 92, '2013-01-26 20:37:26'),
(100, 93, '2013-01-26 21:26:26'),
(101, 94, '2013-01-26 21:42:08'),
(102, 95, '2013-01-26 22:08:35'),
(103, 96, '2013-01-26 23:05:21'),
(104, 97, '2013-01-26 23:29:20'),
(105, 98, '2013-01-26 23:36:40'),
(106, 99, '2013-01-27 00:05:16'),
(107, 100, '2013-01-27 01:02:29'),
(108, 101, '2013-01-27 01:29:33'),
(109, 102, '2013-01-27 01:43:40'),
(110, 103, '2013-01-27 02:42:17'),
(111, 104, '2013-01-27 03:00:08'),
(112, 105, '2013-01-27 03:12:34'),
(113, 106, '2013-01-27 03:41:32'),
(114, 107, '2013-01-27 04:39:18'),
(115, 108, '2013-01-27 05:35:18'),
(116, 109, '2013-01-27 06:17:39'),
(117, 110, '2013-01-27 06:45:53'),
(118, 111, '2013-01-27 07:45:15'),
(119, 112, '2013-01-27 08:14:02'),
(120, 113, '2013-01-27 09:40:24'),
(121, 114, '2013-01-27 10:24:46'),
(122, 115, '2013-01-27 10:52:01'),
(123, 116, '2013-01-27 11:41:32'),
(124, 117, '2013-01-27 12:17:37'),
(125, 118, '2013-01-27 14:40:51'),
(126, 119, '2013-01-27 15:09:36'),
(127, 120, '2013-01-27 15:22:25'),
(128, 121, '2013-01-27 15:51:47'),
(129, 122, '2013-01-27 16:07:16'),
(130, 123, '2013-01-27 16:34:53'),
(131, 124, '2013-01-27 17:05:25'),
(132, 125, '2013-01-27 17:19:57'),
(133, 126, '2013-01-27 17:33:54'),
(134, 127, '2013-01-27 18:00:09'),
(135, 128, '2013-01-27 18:15:24'),
(136, 129, '2013-01-27 18:45:00'),
(137, 130, '2013-01-27 18:58:45'),
(138, 131, '2013-01-27 19:28:40'),
(139, 132, '2013-01-27 19:43:20'),
(140, 133, '2013-01-27 19:56:23'),
(141, 134, '2013-01-27 20:11:03'),
(142, 135, '2013-01-27 20:15:31'),
(143, 136, '2013-01-27 20:15:33'),
(144, 137, '2013-01-27 20:15:34'),
(145, 138, '2013-01-27 20:25:27'),
(146, 139, '2013-01-27 21:10:33'),
(147, 140, '2013-01-27 21:23:06'),
(148, 141, '2013-01-27 21:35:49'),
(149, 142, '2013-01-27 21:53:14'),
(150, 143, '2013-01-27 22:06:54'),
(151, 144, '2013-01-27 22:35:11'),
(152, 145, '2013-01-27 22:50:44'),
(153, 146, '2013-01-27 23:04:27'),
(154, 147, '2013-01-27 23:16:17'),
(155, 148, '2013-01-27 23:33:10'),
(156, 149, '2013-01-28 00:01:02'),
(157, 150, '2013-01-28 00:16:22'),
(158, 151, '2013-01-28 00:31:07'),
(159, 152, '2013-01-28 00:45:11'),
(160, 153, '2013-01-28 00:59:58'),
(161, 154, '2013-01-28 01:27:14'),
(162, 155, '2013-01-28 01:41:33'),
(163, 156, '2013-01-28 01:55:23'),
(164, 157, '2013-01-28 02:09:17'),
(165, 158, '2013-01-28 02:25:43'),
(166, 159, '2013-01-28 02:40:02'),
(167, 160, '2013-01-28 03:06:56'),
(168, 161, '2013-01-28 03:23:32'),
(169, 162, '2013-01-28 03:36:40'),
(170, 163, '2013-01-28 03:52:19'),
(171, 164, '2013-01-28 04:05:29'),
(172, 165, '2013-01-28 04:32:20'),
(173, 166, '2013-01-28 04:49:21'),
(174, 167, '2013-01-28 06:04:17'),
(175, 168, '2013-01-28 06:16:19'),
(176, 169, '2013-01-28 06:29:39'),
(177, 170, '2013-01-28 06:44:09'),
(178, 171, '2013-01-28 06:45:19'),
(179, 172, '2013-01-28 06:58:15'),
(180, 173, '2013-01-28 07:00:20'),
(181, 174, '2013-01-28 07:25:39'),
(182, 175, '2013-01-28 07:41:13'),
(183, 176, '2013-01-28 07:54:31'),
(184, 177, '2013-01-28 08:10:29'),
(185, 178, '2013-01-28 08:24:38'),
(186, 179, '2013-01-28 09:05:53'),
(187, 180, '2013-01-28 09:15:09'),
(188, 181, '2013-01-28 09:21:22'),
(189, 182, '2013-01-28 09:37:13'),
(190, 183, '2013-01-28 09:51:45'),
(191, 184, '2013-01-28 10:06:31'),
(192, 185, '2013-01-28 10:32:53'),
(193, 186, '2013-01-28 10:46:52'),
(194, 187, '2013-01-28 11:03:33'),
(195, 188, '2013-01-28 11:17:15'),
(196, 189, '2013-01-28 12:28:27'),
(197, 190, '2013-01-28 15:02:39'),
(198, 191, '2013-01-28 16:58:43'),
(199, 192, '2013-01-28 17:14:23'),
(200, 193, '2013-01-28 17:53:49'),
(201, 194, '2013-01-28 18:17:08'),
(202, 195, '2013-01-28 18:32:37'),
(203, 196, '2013-01-28 18:57:46'),
(204, 197, '2013-01-28 19:07:45'),
(205, 198, '2013-01-28 19:48:46'),
(206, 199, '2013-01-28 20:09:37'),
(207, 200, '2013-01-28 20:09:44'),
(208, 201, '2013-01-28 20:09:51'),
(209, 202, '2013-01-28 20:09:58'),
(210, 203, '2013-01-28 20:10:06'),
(211, 204, '2013-01-28 20:14:58'),
(212, 205, '2013-01-28 20:24:55'),
(213, 206, '2013-01-28 20:51:05'),
(214, 207, '2013-01-28 21:28:50'),
(215, 208, '2013-01-28 21:31:46'),
(216, 209, '2013-01-28 21:31:49'),
(217, 210, '2013-01-28 21:31:52'),
(218, 211, '2013-01-28 21:31:54'),
(219, 212, '2013-01-28 21:31:57'),
(220, 213, '2013-01-28 22:07:33'),
(221, 214, '2013-01-28 22:10:52'),
(222, 215, '2013-01-28 22:10:52'),
(223, 216, '2013-01-28 22:10:53'),
(224, 217, '2013-01-28 22:10:54'),
(225, 218, '2013-01-28 22:10:54'),
(226, 219, '2013-01-28 22:19:59'),
(227, 220, '2013-01-28 22:32:22'),
(228, 221, '2013-01-28 23:09:57'),
(229, 222, '2013-01-28 23:18:07'),
(230, 223, '2013-01-28 23:37:11'),
(231, 224, '2013-01-28 23:51:11'),
(232, 225, '2013-01-29 00:14:11'),
(233, 226, '2013-01-29 00:28:17'),
(234, 227, '2013-01-29 01:06:59'),
(235, 228, '2013-01-29 01:32:25'),
(236, 229, '2013-01-29 01:43:31'),
(237, 230, '2013-01-29 02:11:14'),
(238, 231, '2013-01-29 02:46:00'),
(239, 232, '2013-01-29 03:00:46'),
(240, 233, '2013-01-29 03:24:43'),
(241, 234, '2013-01-29 03:38:28'),
(242, 235, '2013-01-29 03:49:52'),
(243, 236, '2013-01-29 04:28:31'),
(244, 237, '2013-01-29 04:57:24'),
(245, 238, '2013-01-29 05:07:52'),
(246, 239, '2013-01-29 05:34:28'),
(247, 240, '2013-01-29 05:45:07'),
(248, 241, '2013-01-29 06:25:15'),
(249, 242, '2013-01-29 06:48:10'),
(250, 243, '2013-01-29 07:03:52'),
(251, 244, '2013-01-29 07:26:53'),
(252, 245, '2013-01-29 07:39:18'),
(253, 246, '2013-01-29 08:07:30'),
(254, 247, '2013-01-29 08:17:45'),
(255, 248, '2013-01-29 08:42:49'),
(256, 249, '2013-01-29 08:52:33'),
(257, 250, '2013-01-29 08:58:57'),
(258, 251, '2013-01-29 09:10:04'),
(259, 252, '2013-01-29 09:34:57'),
(260, 253, '2013-01-29 09:47:43'),
(261, 254, '2013-01-29 10:12:51'),
(262, 255, '2013-01-29 10:24:55'),
(263, 256, '2013-01-29 10:51:27'),
(264, 257, '2013-01-29 11:02:42'),
(265, 258, '2013-01-29 11:28:48'),
(266, 259, '2013-01-29 11:43:26'),
(267, 260, '2013-01-29 12:06:23'),
(268, 261, '2013-01-29 12:19:53'),
(269, 262, '2013-01-29 12:31:19'),
(270, 263, '2013-01-29 12:42:50'),
(271, 263, '2013-01-29 12:42:51'),
(272, 263, '2013-01-29 12:42:52'),
(273, 264, '2013-01-29 12:44:46'),
(274, 265, '2013-01-29 12:59:54'),
(275, 266, '2013-01-29 13:13:51'),
(276, 267, '2013-01-29 13:41:50'),
(277, 268, '2013-01-29 13:57:46'),
(278, 269, '2013-01-29 14:12:25'),
(279, 270, '2013-01-29 14:56:29'),
(280, 271, '2013-01-29 15:08:24'),
(281, 272, '2013-01-29 15:53:53'),
(282, 273, '2013-01-29 16:08:10'),
(283, 274, '2013-01-29 16:20:08'),
(284, 275, '2013-01-29 16:29:53'),
(285, 276, '2013-01-29 16:35:59'),
(286, 277, '2013-01-29 17:06:17'),
(287, 278, '2013-01-29 17:18:41'),
(288, 279, '2013-01-29 17:20:30'),
(289, 279, '2013-01-29 17:22:52'),
(290, 279, '2013-01-29 17:24:53'),
(291, 280, '2013-01-29 17:32:58'),
(292, 281, '2013-01-29 17:48:53'),
(293, 282, '2013-01-29 17:48:57'),
(294, 283, '2013-01-29 17:49:01'),
(295, 279, '2013-01-29 18:11:26'),
(296, 279, '2013-01-29 18:12:57'),
(297, 279, '2013-01-29 18:16:03'),
(298, 279, '2013-01-29 18:16:15'),
(299, 279, '2013-01-29 18:16:24'),
(300, 279, '2013-01-29 18:16:48'),
(301, 284, '2013-01-29 18:16:53'),
(302, 279, '2013-01-29 18:17:13'),
(303, 279, '2013-01-29 18:17:13'),
(304, 279, '2013-01-29 18:17:20'),
(305, 279, '2013-01-29 18:17:25'),
(306, 279, '2013-01-29 18:18:50'),
(307, 279, '2013-01-29 18:22:18'),
(308, 279, '2013-01-29 18:23:51'),
(309, 279, '2013-01-29 18:26:21'),
(310, 279, '2013-01-29 18:27:42'),
(311, 279, '2013-01-29 18:30:08'),
(312, 285, '2013-01-29 18:30:51'),
(313, 279, '2013-01-29 18:31:32'),
(314, 279, '2013-01-29 18:33:18'),
(315, 279, '2013-01-29 18:34:08'),
(316, 279, '2013-01-29 18:35:48'),
(317, 279, '2013-01-29 18:36:00'),
(318, 279, '2013-01-29 18:36:38'),
(319, 279, '2013-01-29 18:36:49'),
(320, 279, '2013-01-29 18:37:27'),
(321, 279, '2013-01-29 18:38:14'),
(322, 279, '2013-01-29 18:38:40'),
(323, 279, '2013-01-29 18:39:17'),
(324, 279, '2013-01-29 18:39:31'),
(325, 279, '2013-01-29 18:40:05'),
(326, 279, '2013-01-29 18:40:15'),
(327, 279, '2013-01-29 18:40:44'),
(328, 279, '2013-01-29 18:41:05'),
(329, 286, '2013-01-29 18:44:07'),
(330, 279, '2013-01-29 18:44:18'),
(331, 279, '2013-01-29 18:49:42'),
(332, 279, '2013-01-29 18:49:48'),
(333, 279, '2013-01-29 18:49:57'),
(334, 279, '2013-01-29 18:49:59'),
(335, 279, '2013-01-29 18:50:05'),
(336, 279, '2013-01-29 18:51:08'),
(337, 279, '2013-01-29 18:51:12'),
(338, 287, '2013-01-29 19:15:10'),
(339, 288, '2013-01-29 19:43:20'),
(340, 289, '2013-01-29 20:10:08'),
(341, 290, '2013-01-29 20:25:04'),
(342, 291, '2013-01-29 20:28:37'),
(343, 292, '2013-01-29 20:40:29'),
(344, 293, '2013-01-29 20:53:20'),
(345, 294, '2013-01-29 21:22:32'),
(346, 295, '2013-01-29 21:36:39'),
(347, 296, '2013-01-29 21:51:17'),
(348, 297, '2013-01-29 22:19:40'),
(349, 298, '2013-01-29 22:35:31'),
(350, 299, '2013-01-29 22:50:46'),
(351, 300, '2013-01-29 23:03:32'),
(352, 301, '2013-01-29 23:47:33'),
(353, 302, '2013-01-30 00:02:33'),
(354, 303, '2013-01-30 00:10:41'),
(355, 304, '2013-01-30 00:29:40'),
(356, 305, '2013-01-30 00:42:15'),
(357, 306, '2013-01-30 00:45:24'),
(358, 307, '2013-01-30 00:59:24'),
(359, 308, '2013-01-30 01:14:24'),
(360, 309, '2013-01-30 01:41:50'),
(361, 310, '2013-01-30 01:56:24'),
(362, 311, '2013-01-30 02:12:33'),
(363, 312, '2013-01-30 02:26:55'),
(364, 313, '2013-01-30 02:53:59'),
(365, 314, '2013-01-30 02:59:14'),
(366, 315, '2013-01-30 03:09:03'),
(367, 316, '2013-01-30 03:22:25'),
(368, 317, '2013-01-30 03:35:48'),
(369, 317, '2013-01-30 03:36:08'),
(370, 317, '2013-01-30 03:36:17'),
(371, 318, '2013-01-30 03:51:19'),
(372, 319, '2013-01-30 04:06:25'),
(373, 320, '2013-01-30 04:21:10'),
(374, 321, '2013-01-30 04:33:18'),
(375, 317, '2013-01-30 04:34:33'),
(376, 322, '2013-01-30 04:35:21'),
(377, 317, '2013-01-30 04:37:32'),
(378, 317, '2013-01-30 04:57:55'),
(379, 322, '2013-01-30 04:58:14'),
(380, 323, '2013-01-30 05:05:24'),
(381, 317, '2013-01-30 05:11:04'),
(382, 317, '2013-01-30 05:12:12'),
(383, 317, '2013-01-30 05:13:07'),
(384, 317, '2013-01-30 05:13:41'),
(385, 317, '2013-01-30 05:14:16'),
(386, 317, '2013-01-30 05:14:44'),
(387, 317, '2013-01-30 05:16:12'),
(388, 324, '2013-01-30 05:17:00'),
(389, 317, '2013-01-30 05:20:38'),
(390, 317, '2013-01-30 05:28:38'),
(391, 325, '2013-01-30 05:33:39'),
(392, 317, '2013-01-30 05:33:40'),
(393, 317, '2013-01-30 05:34:38'),
(394, 317, '2013-01-30 05:36:23'),
(395, 317, '2013-01-30 05:44:38'),
(396, 326, '2013-01-30 06:15:17'),
(397, 327, '2013-01-30 06:23:50'),
(398, 327, '2013-01-30 06:24:01'),
(399, 317, '2013-01-30 06:25:04'),
(400, 317, '2013-01-30 06:25:24'),
(401, 317, '2013-01-30 06:26:17'),
(402, 317, '2013-01-30 06:28:17'),
(403, 317, '2013-01-30 06:29:09'),
(404, 317, '2013-01-30 06:29:15'),
(405, 328, '2013-01-30 06:29:46'),
(406, 317, '2013-01-30 06:30:43'),
(407, 317, '2013-01-30 06:30:52'),
(408, 317, '2013-01-30 06:30:54'),
(409, 317, '2013-01-30 06:31:17'),
(410, 317, '2013-01-30 06:31:19'),
(411, 317, '2013-01-30 06:31:31'),
(412, 317, '2013-01-30 06:32:05'),
(413, 317, '2013-01-30 06:38:34'),
(414, 317, '2013-01-30 06:40:52'),
(415, 317, '2013-01-30 06:42:22'),
(416, 317, '2013-01-30 06:43:33'),
(417, 329, '2013-01-30 06:43:38'),
(418, 317, '2013-01-30 06:44:53'),
(419, 327, '2013-01-30 06:49:00'),
(420, 327, '2013-01-30 06:49:16'),
(421, 327, '2013-01-30 06:49:24'),
(422, 327, '2013-01-30 06:49:25'),
(423, 327, '2013-01-30 06:49:39'),
(424, 330, '2013-01-30 07:01:08'),
(425, 317, '2013-01-30 07:01:35'),
(426, 317, '2013-01-30 07:01:42'),
(427, 317, '2013-01-30 07:02:53'),
(428, 330, '2013-01-30 07:02:56'),
(429, 330, '2013-01-30 07:03:11'),
(430, 330, '2013-01-30 07:03:12'),
(431, 330, '2013-01-30 07:03:14'),
(432, 330, '2013-01-30 07:03:17'),
(433, 317, '2013-01-30 07:05:38'),
(434, 317, '2013-01-30 07:05:51'),
(435, 331, '2013-01-30 07:12:13'),
(436, 332, '2013-01-30 07:27:44'),
(437, 333, '2013-01-30 07:40:43'),
(438, 334, '2013-01-30 07:55:30'),
(439, 335, '2013-01-30 08:09:26'),
(440, 336, '2013-01-30 08:23:51'),
(441, 337, '2013-01-30 08:38:52'),
(442, 338, '2013-01-30 08:54:47'),
(443, 339, '2013-01-30 09:07:38'),
(444, 339, '2013-01-30 09:11:08'),
(445, 340, '2013-01-30 10:18:37'),
(446, 341, '2013-01-30 11:45:40'),
(447, 342, '2013-01-30 12:25:46'),
(448, 343, '2013-01-30 12:40:48'),
(449, 344, '2013-01-30 13:39:35'),
(450, 345, '2013-01-30 13:53:00'),
(451, 346, '2013-01-30 14:09:55'),
(452, 347, '2013-01-30 14:39:01'),
(453, 348, '2013-01-30 14:50:44'),
(454, 349, '2013-01-30 15:36:24'),
(455, 350, '2013-01-30 15:49:14'),
(456, 351, '2013-01-30 16:05:17'),
(457, 352, '2013-01-30 16:31:25'),
(458, 353, '2013-01-30 16:46:38'),
(459, 354, '2013-01-30 17:31:25'),
(460, 355, '2013-01-30 17:44:14'),
(461, 356, '2013-01-30 17:59:20'),
(462, 357, '2013-01-30 18:26:31'),
(463, 358, '2013-01-30 18:42:22'),
(464, 359, '2013-01-30 19:09:51'),
(465, 360, '2013-01-30 19:21:09'),
(466, 361, '2013-01-30 19:38:28'),
(467, 362, '2013-01-30 20:02:23'),
(468, 363, '2013-01-30 20:07:33'),
(469, 364, '2013-01-30 20:38:03'),
(470, 365, '2013-01-30 20:42:44'),
(471, 366, '2013-01-30 21:07:01'),
(472, 367, '2013-01-30 21:22:59'),
(473, 368, '2013-01-30 21:24:16'),
(474, 369, '2013-01-30 21:33:13'),
(475, 370, '2013-01-30 21:47:45'),
(476, 371, '2013-01-30 21:49:31'),
(477, 372, '2013-01-30 21:50:51'),
(478, 373, '2013-01-30 21:52:11'),
(479, 374, '2013-01-30 21:53:31'),
(480, 375, '2013-01-30 21:53:39'),
(481, 376, '2013-01-30 22:05:03'),
(482, 377, '2013-01-30 22:31:59'),
(483, 378, '2013-01-30 23:02:07'),
(484, 379, '2013-01-30 23:28:34'),
(485, 380, '2013-01-30 23:42:27'),
(486, 381, '2013-01-30 23:43:36'),
(487, 382, '2013-01-30 23:44:46'),
(488, 383, '2013-01-30 23:44:55'),
(489, 384, '2013-01-30 23:45:55'),
(490, 385, '2013-01-30 23:46:02'),
(491, 386, '2013-01-30 23:56:51'),
(492, 387, '2013-01-31 00:42:15'),
(493, 388, '2013-01-31 00:56:00'),
(494, 389, '2013-01-31 01:08:38'),
(495, 390, '2013-01-31 01:37:14'),
(496, 391, '2013-01-31 01:39:13'),
(497, 392, '2013-01-31 01:39:16'),
(498, 393, '2013-01-31 01:39:20'),
(499, 394, '2013-01-31 01:54:58'),
(500, 395, '2013-01-31 02:36:38'),
(501, 396, '2013-01-31 02:49:34'),
(502, 397, '2013-01-31 03:03:49'),
(503, 398, '2013-01-31 03:22:46'),
(504, 399, '2013-01-31 03:34:43'),
(505, 400, '2013-01-31 03:47:07'),
(506, 401, '2013-01-31 04:01:46'),
(507, 402, '2013-01-31 04:32:57'),
(508, 403, '2013-01-31 04:46:14'),
(509, 404, '2013-01-31 05:01:02'),
(510, 405, '2013-01-31 05:30:32'),
(511, 406, '2013-01-31 05:44:30'),
(512, 407, '2013-01-31 06:25:53'),
(513, 408, '2013-01-31 06:40:53'),
(514, 409, '2013-01-31 06:56:21'),
(515, 410, '2013-01-31 07:08:42'),
(516, 411, '2013-01-31 07:32:58'),
(517, 412, '2013-01-31 07:38:34'),
(518, 413, '2013-01-31 08:06:21'),
(519, 414, '2013-01-31 08:34:20'),
(520, 415, '2013-01-31 08:51:45'),
(521, 416, '2013-01-31 09:03:04'),
(522, 417, '2013-01-31 09:34:22'),
(523, 418, '2013-01-31 09:46:38'),
(524, 419, '2013-01-31 10:03:02'),
(525, 420, '2013-01-31 10:32:34'),
(526, 421, '2013-01-31 11:29:00'),
(527, 422, '2013-01-31 12:19:39'),
(528, 422, '2013-01-31 12:19:56'),
(529, 422, '2013-01-31 12:19:59'),
(530, 422, '2013-01-31 12:20:12'),
(531, 422, '2013-01-31 12:56:00'),
(532, 422, '2013-01-31 13:17:35'),
(533, 422, '2013-01-31 13:17:45'),
(534, 423, '2013-01-31 14:13:03'),
(535, 424, '2013-01-31 14:21:01'),
(536, 425, '2013-01-31 14:21:10'),
(537, 426, '2013-01-31 14:21:12'),
(538, 427, '2013-01-31 14:21:14'),
(539, 428, '2013-01-31 14:21:16'),
(540, 429, '2013-01-31 14:21:20'),
(541, 430, '2013-01-31 14:21:22'),
(542, 431, '2013-01-31 14:21:24'),
(543, 432, '2013-01-31 14:21:26'),
(544, 433, '2013-01-31 14:21:28'),
(545, 434, '2013-01-31 14:21:31'),
(546, 435, '2013-01-31 14:21:33'),
(547, 437, '2013-01-31 14:21:37'),
(548, 438, '2013-01-31 14:21:40'),
(549, 439, '2013-01-31 14:21:42'),
(550, 440, '2013-01-31 14:21:44'),
(551, 441, '2013-01-31 14:21:45'),
(552, 442, '2013-01-31 14:21:46'),
(553, 443, '2013-01-31 14:21:48'),
(554, 444, '2013-01-31 14:21:50'),
(555, 445, '2013-01-31 14:21:52'),
(556, 446, '2013-01-31 14:22:27'),
(557, 448, '2013-01-31 14:33:08'),
(558, 449, '2013-01-31 14:48:00'),
(559, 450, '2013-01-31 14:52:41'),
(560, 451, '2013-01-31 15:14:37'),
(561, 452, '2013-01-31 15:19:20'),
(562, 452, '2013-01-31 15:19:40'),
(563, 452, '2013-01-31 15:20:08'),
(564, 453, '2013-01-31 15:44:29'),
(565, 452, '2013-01-31 16:03:25'),
(566, 452, '2013-01-31 16:03:33'),
(567, 452, '2013-01-31 16:03:52'),
(568, 452, '2013-01-31 16:04:14'),
(569, 454, '2013-01-31 16:06:29'),
(570, 452, '2013-01-31 16:06:59'),
(571, 452, '2013-01-31 16:07:11'),
(572, 452, '2013-01-31 16:07:40'),
(573, 452, '2013-01-31 16:07:56'),
(574, 455, '2013-01-31 16:08:30'),
(575, 452, '2013-01-31 16:10:25'),
(576, 455, '2013-01-31 16:10:37'),
(577, 455, '2013-01-31 16:11:14'),
(578, 452, '2013-01-31 16:12:46'),
(579, 452, '2013-01-31 16:13:48'),
(580, 452, '2013-01-31 16:14:05'),
(581, 456, '2013-01-31 16:14:16'),
(582, 452, '2013-01-31 16:28:55'),
(583, 457, '2013-01-31 16:29:14'),
(584, 452, '2013-01-31 16:31:00'),
(585, 452, '2013-01-31 16:31:41'),
(586, 452, '2013-01-31 16:31:47'),
(587, 455, '2013-01-31 16:32:00'),
(588, 455, '2013-01-31 16:32:06'),
(589, 455, '2013-01-31 16:32:12'),
(590, 455, '2013-01-31 16:32:16'),
(591, 455, '2013-01-31 16:32:22'),
(592, 455, '2013-01-31 16:34:06'),
(593, 455, '2013-01-31 16:34:10'),
(594, 455, '2013-01-31 16:34:14'),
(595, 454, '2013-01-31 16:34:16'),
(596, 455, '2013-01-31 16:34:17'),
(597, 455, '2013-01-31 16:34:21'),
(598, 454, '2013-01-31 16:34:21'),
(599, 455, '2013-01-31 16:34:24'),
(600, 454, '2013-01-31 16:34:30'),
(601, 454, '2013-01-31 16:34:34'),
(602, 455, '2013-01-31 16:40:07'),
(603, 455, '2013-01-31 16:40:28'),
(604, 455, '2013-01-31 16:40:52'),
(605, 455, '2013-01-31 16:41:10'),
(606, 455, '2013-01-31 16:41:16'),
(607, 455, '2013-01-31 16:41:20'),
(608, 455, '2013-01-31 16:45:41'),
(609, 455, '2013-01-31 16:46:59'),
(610, 455, '2013-01-31 16:47:06'),
(611, 455, '2013-01-31 16:47:13'),
(612, 455, '2013-01-31 16:47:28'),
(613, 455, '2013-01-31 16:48:16'),
(614, 458, '2013-01-31 16:56:30'),
(615, 455, '2013-01-31 16:59:07'),
(616, 455, '2013-01-31 16:59:15'),
(617, 455, '2013-01-31 16:59:22'),
(618, 455, '2013-01-31 17:00:14'),
(619, 459, '2013-01-31 17:10:41'),
(620, 455, '2013-01-31 17:12:25'),
(621, 455, '2013-01-31 17:24:28'),
(622, 455, '2013-01-31 17:24:35'),
(623, 460, '2013-01-31 17:24:46'),
(624, 455, '2013-01-31 17:24:49'),
(625, 455, '2013-01-31 17:24:56'),
(626, 455, '2013-01-31 17:25:14'),
(627, 455, '2013-01-31 17:25:29'),
(628, 455, '2013-01-31 17:36:36'),
(629, 455, '2013-01-31 17:50:05'),
(630, 455, '2013-01-31 17:50:14'),
(631, 455, '2013-01-31 17:50:23'),
(632, 455, '2013-01-31 17:50:26'),
(633, 461, '2013-01-31 17:53:11'),
(634, 462, '2013-01-31 18:09:56'),
(635, 455, '2013-01-31 18:17:02'),
(636, 463, '2013-01-31 18:18:06'),
(637, 455, '2013-01-31 18:23:21'),
(638, 464, '2013-01-31 18:23:31'),
(639, 455, '2013-01-31 18:24:16'),
(640, 465, '2013-01-31 18:39:10'),
(641, 455, '2013-01-31 18:51:03'),
(642, 455, '2013-01-31 18:51:13'),
(643, 455, '2013-01-31 18:51:52'),
(644, 455, '2013-01-31 18:51:59'),
(645, 455, '2013-01-31 18:52:15'),
(646, 455, '2013-01-31 18:52:23'),
(647, 455, '2013-01-31 18:52:27'),
(648, 455, '2013-01-31 18:52:33'),
(649, 455, '2013-01-31 18:52:37'),
(650, 455, '2013-01-31 18:52:44'),
(651, 455, '2013-01-31 18:53:14'),
(652, 455, '2013-01-31 18:53:16'),
(653, 455, '2013-01-31 18:53:23'),
(654, 455, '2013-01-31 18:53:26'),
(655, 455, '2013-01-31 18:53:29'),
(656, 455, '2013-01-31 18:53:35'),
(657, 455, '2013-01-31 18:56:21'),
(658, 455, '2013-01-31 18:56:50'),
(659, 455, '2013-01-31 18:56:57'),
(660, 455, '2013-01-31 18:59:23'),
(661, 467, '2013-01-31 19:00:34'),
(662, 468, '2013-01-31 19:07:31'),
(663, 469, '2013-01-31 19:10:41'),
(664, 470, '2013-01-31 19:10:43'),
(665, 471, '2013-01-31 19:10:47'),
(666, 472, '2013-01-31 19:21:36'),
(667, 473, '2013-01-31 19:35:00'),
(668, 474, '2013-01-31 20:05:34'),
(669, 475, '2013-01-31 20:43:30'),
(670, 476, '2013-01-31 20:47:04'),
(671, 477, '2013-01-31 21:15:25'),
(672, 478, '2013-01-31 21:32:15'),
(673, 479, '2013-01-31 21:45:40'),
(674, 480, '2013-01-31 21:45:48'),
(675, 481, '2013-01-31 21:45:55'),
(676, 482, '2013-01-31 21:46:03'),
(677, 483, '2013-01-31 21:46:10'),
(678, 484, '2013-01-31 21:46:41'),
(679, 485, '2013-01-31 22:12:43'),
(680, 486, '2013-01-31 22:15:43'),
(681, 487, '2013-01-31 22:15:44'),
(682, 488, '2013-01-31 22:15:45'),
(683, 489, '2013-01-31 22:15:45'),
(684, 490, '2013-01-31 22:15:45'),
(685, 491, '2013-01-31 22:15:46'),
(686, 488, '2013-01-31 22:15:53'),
(687, 488, '2013-01-31 22:16:01'),
(688, 488, '2013-01-31 22:16:31'),
(689, 488, '2013-01-31 22:22:49'),
(690, 488, '2013-01-31 22:22:57'),
(691, 488, '2013-01-31 22:23:02'),
(692, 488, '2013-01-31 22:23:11'),
(693, 492, '2013-01-31 22:43:21'),
(694, 492, '2013-01-31 22:43:47'),
(695, 493, '2013-01-31 22:43:49'),
(696, 488, '2013-01-31 22:50:18'),
(697, 488, '2013-01-31 22:50:20');

-- --------------------------------------------------------

--
-- Table structure for table`mg_log_url_info`
--

CREATE TABLE `mg_log_url_info` (
  `url_id` bigint(20) unsigned NOT NULL AUTO_INCREMENT COMMENT 'URL ID',
  `url` varchar(255) DEFAULT NULL COMMENT 'URL',
  `referer` varchar(255) DEFAULT NULL COMMENT 'Referrer',
  PRIMARY KEY (`url_id`)
) ENGINE=InnoDB  DEFAULT CHARSET=utf8 COMMENT='Log URL Info Table' AUTO_INCREMENT=698 ;

--
-- Dumping data for table 'mg_log_url_info'
--

INSERT INTO `mg_log_url_info` VALUES
(1, 'http://silvertobor.com/', NULL),
(2, 'http://silvertobor.com/', NULL),
(3, 'http://silvertobor.com/robots.txt', NULL),
(4, 'http://silvertobor.com/', NULL),
(5, 'http://silvertobor.com/', NULL),
(6, 'http://silvertobor.com/', NULL),
(7, 'http://silvertobor.com/', NULL),
(8, 'http://silvertobor.com/', NULL),
(9, 'http://silvertobor.com/', NULL),
(10, 'http://silvertobor.com/', NULL),
(11, 'http://silvertobor.com/', NULL),
(12, 'http://silvertobor.com/', NULL),
(13, 'http://silvertobor.com/', NULL),
(14, 'http://silvertobor.com/', NULL),
(15, 'http://silvertobor.com/', NULL),
(16, 'http://silvertobor.com/', NULL),
(17, 'http://silvertobor.com/index.php/', 'http://silvertobor.com/'),
(18, 'http://silvertobor.com/', NULL),
(19, 'http://silvertobor.com/', NULL),
(20, 'http://silvertobor.com/index.php/checkout/cart', 'http://silvertobor.com/'),
(21, 'http://silvertobor.com/', NULL),
(22, 'http://silvertobor.com/', NULL),
(23, 'http://silvertobor.com/', NULL),
(24, 'http://silvertobor.com/', NULL),
(25, 'http://silvertobor.com/', NULL),
(26, 'http://silvertobor.com/', NULL),
(27, 'http://silvertobor.com/', NULL),
(28, 'http://silvertobor.com/', NULL),
(29, 'http://silvertobor.com/', NULL),
(30, 'http://silvertobor.com/', NULL),
(31, 'http://silvertobor.com/', NULL),
(32, 'http://silvertobor.com/', NULL),
(33, 'http://silvertobor.com/', NULL),
(34, 'http://silvertobor.com/', NULL),
(35, 'http://silvertobor.com/index.php/contacts/', NULL),
(36, 'http://silvertobor.com/', NULL),
(37, 'http://silvertobor.com/', NULL),
(38, 'http://silvertobor.com/', NULL),
(39, 'http://silvertobor.com/', NULL),
(40, 'http://silvertobor.com/', NULL),
(41, 'http://silvertobor.com/', NULL),
(42, 'http://silvertobor.com/', NULL),
(43, 'http://silvertobor.com/index.php/catalogsearch/term/popular/', NULL),
(44, 'http://silvertobor.com/', NULL),
(45, 'http://silvertobor.com/', NULL),
(46, 'http://silvertobor.com/index.php/sales/guest/form/', NULL),
(47, 'http://silvertobor.com/index.php/customer/account/login/', 'http://silvertobor.com/index.php/'),
(48, 'http://silvertobor.com/index.php/catalogsearch/advanced/', NULL),
(49, 'http://silvertobor.com/index.php/', NULL),
(50, 'http://silvertobor.com/', NULL),
(51, 'http://silvertobor.com/', NULL),
(52, 'http://silvertobor.com/', NULL),
(53, 'http://silvertobor.com/', NULL),
(54, 'http://silvertobor.com/', NULL),
(55, 'http://silvertobor.com/', NULL),
(56, 'http://silvertobor.com/', NULL),
(57, 'http://silvertobor.com/', NULL),
(58, 'http://silvertobor.com/', NULL),
(59, 'http://silvertobor.com/', NULL),
(60, 'http://silvertobor.com/', NULL),
(61, 'http://silvertobor.com/', NULL),
(62, 'http://silvertobor.com/index.php/catalog/seo_sitemap/category/', NULL),
(63, 'http://silvertobor.com/', NULL),
(64, 'http://silvertobor.com/', NULL),
(65, 'http://silvertobor.com/', NULL),
(66, 'http://silvertobor.com/', NULL),
(67, 'http://silvertobor.com/index.php/checkout/cart', NULL),
(68, 'http://silvertobor.com/', NULL),
(69, 'http://silvertobor.com/', NULL),
(70, 'http://silvertobor.com/robots.txt', NULL),
(71, 'http://silvertobor.com/', NULL),
(72, 'http://silvertobor.com/', NULL),
(73, 'http://silvertobor.com/', NULL),
(74, 'http://silvertobor.com/robots.txt', NULL),
(75, 'http://silvertobor.com/', NULL),
(76, 'http://silvertobor.com/', NULL),
(77, 'http://silvertobor.com/', NULL),
(78, 'http://silvertobor.com/', NULL),
(79, 'http://silvertobor.com/', NULL),
(80, 'http://silvertobor.com/', NULL),
(81, 'http://silvertobor.com/', NULL),
(82, 'http://silvertobor.com/', NULL),
(83, 'http://silvertobor.com/', NULL),
(84, 'http://silvertobor.com/', NULL),
(85, 'http://silvertobor.com/', NULL),
(86, 'http://silvertobor.com/', NULL),
(87, 'http://silvertobor.com/', NULL),
(88, 'http://silvertobor.com/', NULL),
(89, 'http://silvertobor.com/', NULL),
(90, 'http://silvertobor.com/', NULL),
(91, 'http://silvertobor.com/', NULL),
(92, 'http://silvertobor.com/', NULL),
(93, 'http://silvertobor.com/', NULL),
(94, 'http://silvertobor.com/', NULL),
(95, 'http://silvertobor.com/', NULL),
(96, 'http://silvertobor.com/', NULL),
(97, 'http://silvertobor.com/', NULL),
(98, 'http://silvertobor.com/', NULL),
(99, 'http://silvertobor.com/', NULL),
(100, 'http://silvertobor.com/', NULL),
(101, 'http://silvertobor.com/', NULL),
(102, 'http://silvertobor.com/', NULL),
(103, 'http://silvertobor.com/', NULL),
(104, 'http://silvertobor.com/robots.txt', NULL),
(105, 'http://silvertobor.com/', NULL),
(106, 'http://silvertobor.com/', NULL),
(107, 'http://silvertobor.com/', NULL),
(108, 'http://silvertobor.com/', NULL),
(109, 'http://silvertobor.com/', NULL),
(110, 'http://silvertobor.com/', NULL),
(111, 'http://silvertobor.com/', NULL),
(112, 'http://silvertobor.com/', NULL),
(113, 'http://silvertobor.com/', NULL),
(114, 'http://silvertobor.com/', NULL),
(115, 'http://silvertobor.com/', NULL),
(116, 'http://silvertobor.com/', NULL),
(117, 'http://silvertobor.com/', NULL),
(118, 'http://silvertobor.com/', NULL),
(119, 'http://silvertobor.com/', NULL),
(120, 'http://silvertobor.com/', NULL),
(121, 'http://silvertobor.com/', NULL),
(122, 'http://silvertobor.com/', NULL),
(123, 'http://silvertobor.com/', NULL),
(124, 'http://silvertobor.com/', NULL),
(125, 'http://silvertobor.com/', NULL),
(126, 'http://silvertobor.com/', NULL),
(127, 'http://silvertobor.com/', NULL),
(128, 'http://silvertobor.com/', NULL),
(129, 'http://silvertobor.com/', NULL),
(130, 'http://silvertobor.com/', NULL),
(131, 'http://silvertobor.com/', NULL),
(132, 'http://silvertobor.com/', NULL),
(133, 'http://silvertobor.com/', NULL),
(134, 'http://silvertobor.com/', NULL),
(135, 'http://silvertobor.com/', NULL),
(136, 'http://silvertobor.com/', NULL),
(137, 'http://silvertobor.com/', NULL),
(138, 'http://silvertobor.com/', NULL),
(139, 'http://silvertobor.com/', NULL),
(140, 'http://silvertobor.com/', NULL),
(141, 'http://silvertobor.com/', NULL),
(142, 'http://silvertobor.com/robots.txt', NULL),
(143, 'http://silvertobor.com/', NULL),
(144, 'http://silvertobor.com/', NULL),
(145, 'http://silvertobor.com/', NULL),
(146, 'http://silvertobor.com/', NULL),
(147, 'http://silvertobor.com/', NULL),
(148, 'http://silvertobor.com/', NULL),
(149, 'http://silvertobor.com/', NULL),
(150, 'http://silvertobor.com/', NULL),
(151, 'http://silvertobor.com/', NULL),
(152, 'http://silvertobor.com/', NULL),
(153, 'http://silvertobor.com/', NULL),
(154, 'http://silvertobor.com/', NULL),
(155, 'http://silvertobor.com/', NULL),
(156, 'http://silvertobor.com/', NULL),
(157, 'http://silvertobor.com/', NULL),
(158, 'http://silvertobor.com/', NULL),
(159, 'http://silvertobor.com/', NULL),
(160, 'http://silvertobor.com/', NULL),
(161, 'http://silvertobor.com/', NULL),
(162, 'http://silvertobor.com/', NULL),
(163, 'http://silvertobor.com/', NULL),
(164, 'http://silvertobor.com/', NULL),
(165, 'http://silvertobor.com/', NULL),
(166, 'http://silvertobor.com/', NULL),
(167, 'http://silvertobor.com/', NULL),
(168, 'http://silvertobor.com/', NULL),
(169, 'http://silvertobor.com/', NULL),
(170, 'http://silvertobor.com/', NULL),
(171, 'http://silvertobor.com/', NULL),
(172, 'http://silvertobor.com/', NULL),
(173, 'http://silvertobor.com/', NULL),
(174, 'http://silvertobor.com/', NULL),
(175, 'http://silvertobor.com/', NULL),
(176, 'http://silvertobor.com/', NULL),
(177, 'http://silvertobor.com/', NULL),
(178, 'http://silvertobor.com/', NULL),
(179, 'http://silvertobor.com/', NULL),
(180, 'http://silvertobor.com/', NULL),
(181, 'http://silvertobor.com/', NULL),
(182, 'http://silvertobor.com/', NULL),
(183, 'http://silvertobor.com/', NULL),
(184, 'http://silvertobor.com/', NULL),
(185, 'http://silvertobor.com/', NULL),
(186, 'http://silvertobor.com/', NULL),
(187, 'http://silvertobor.com/robots.txt', NULL),
(188, 'http://silvertobor.com/', NULL),
(189, 'http://silvertobor.com/', NULL),
(190, 'http://silvertobor.com/', NULL),
(191, 'http://silvertobor.com/', NULL),
(192, 'http://silvertobor.com/', NULL),
(193, 'http://silvertobor.com/', NULL),
(194, 'http://silvertobor.com/', NULL),
(195, 'http://silvertobor.com/', NULL),
(196, 'http://silvertobor.com/', NULL),
(197, 'http://silvertobor.com/', NULL),
(198, 'http://silvertobor.com/', NULL),
(199, 'http://silvertobor.com/', NULL),
(200, 'http://silvertobor.com/', NULL),
(201, 'http://silvertobor.com/', NULL),
(202, 'http://silvertobor.com/', NULL),
(203, 'http://silvertobor.com/', NULL),
(204, 'http://silvertobor.com/', NULL),
(205, 'http://silvertobor.com/', NULL),
(206, 'http://silvertobor.com/', NULL),
(207, 'http://silvertobor.com/', NULL),
(208, 'http://silvertobor.com/', NULL),
(209, 'http://silvertobor.com/', NULL),
(210, 'http://silvertobor.com/', NULL),
(211, 'http://silvertobor.com/', NULL),
(212, 'http://silvertobor.com/', NULL),
(213, 'http://silvertobor.com/', NULL),
(214, 'http://silvertobor.com/', NULL),
(215, 'http://silvertobor.com/', NULL),
(216, 'http://silvertobor.com/', NULL),
(217, 'http://silvertobor.com/', NULL),
(218, 'http://silvertobor.com/', NULL),
(219, 'http://silvertobor.com/', NULL),
(220, 'http://silvertobor.com/', NULL),
(221, 'http://silvertobor.com/', NULL),
(222, 'http://silvertobor.com/', NULL),
(223, 'http://silvertobor.com/', NULL),
(224, 'http://silvertobor.com/', NULL),
(225, 'http://silvertobor.com/', NULL),
(226, 'http://silvertobor.com/', NULL),
(227, 'http://silvertobor.com/', NULL),
(228, 'http://silvertobor.com/', NULL),
(229, 'http://silvertobor.com/', NULL),
(230, 'http://silvertobor.com/', NULL),
(231, 'http://silvertobor.com/', NULL),
(232, 'http://silvertobor.com/', NULL),
(233, 'http://silvertobor.com/', NULL),
(234, 'http://silvertobor.com/', NULL),
(235, 'http://silvertobor.com/', NULL),
(236, 'http://silvertobor.com/', NULL),
(237, 'http://silvertobor.com/', NULL),
(238, 'http://silvertobor.com/', NULL),
(239, 'http://silvertobor.com/', NULL),
(240, 'http://silvertobor.com/', NULL),
(241, 'http://silvertobor.com/', NULL),
(242, 'http://silvertobor.com/', NULL),
(243, 'http://silvertobor.com/', NULL),
(244, 'http://silvertobor.com/', NULL),
(245, 'http://silvertobor.com/', NULL),
(246, 'http://silvertobor.com/', NULL),
(247, 'http://silvertobor.com/', NULL),
(248, 'http://silvertobor.com/', NULL),
(249, 'http://silvertobor.com/', NULL),
(250, 'http://silvertobor.com/', NULL),
(251, 'http://silvertobor.com/', NULL),
(252, 'http://silvertobor.com/', NULL),
(253, 'http://silvertobor.com/', NULL),
(254, 'http://silvertobor.com/', NULL),
(255, 'http://silvertobor.com/', NULL),
(256, 'http://silvertobor.com/', NULL),
(257, 'http://silvertobor.com/', NULL),
(258, 'http://silvertobor.com/', NULL),
(259, 'http://silvertobor.com/', NULL),
(260, 'http://silvertobor.com/', NULL),
(261, 'http://silvertobor.com/', NULL),
(262, 'http://silvertobor.com/', NULL),
(263, 'http://silvertobor.com/', NULL),
(264, 'http://silvertobor.com/', NULL),
(265, 'http://silvertobor.com/', NULL),
(266, 'http://silvertobor.com/', NULL),
(267, 'http://silvertobor.com/', NULL),
(268, 'http://silvertobor.com/', NULL),
(269, 'http://silvertobor.com/', NULL),
(270, 'http://silvertobor.com/index.php/checkout/', NULL),
(271, 'http://silvertobor.com/index.php/checkout/onepage/', NULL),
(272, 'http://silvertobor.com/index.php/checkout/cart/', NULL),
(273, 'http://silvertobor.com/', NULL),
(274, 'http://silvertobor.com/', NULL),
(275, 'http://silvertobor.com/', NULL),
(276, 'http://silvertobor.com/', NULL),
(277, 'http://silvertobor.com/', NULL),
(278, 'http://silvertobor.com/', NULL),
(279, 'http://silvertobor.com/', NULL),
(280, 'http://silvertobor.com/', NULL),
(281, 'http://silvertobor.com/', NULL),
(282, 'http://silvertobor.com/', NULL),
(283, 'http://silvertobor.com/', NULL),
(284, 'http://silvertobor.com/', NULL),
(285, 'http://silvertobor.com/', NULL),
(286, 'http://silvertobor.com/', NULL),
(287, 'http://silvertobor.com/', NULL),
(288, 'http://silvertobor.com/', NULL),
(289, 'http://silvertobor.com/', NULL),
(290, 'http://silvertobor.com/', NULL),
(291, 'http://silvertobor.com/', NULL),
(292, 'http://silvertobor.com/robots.txt', NULL),
(293, 'http://silvertobor.com/', NULL),
(294, 'http://silvertobor.com/', NULL),
(295, 'http://silvertobor.com/', NULL),
(296, 'http://silvertobor.com/', NULL),
(297, 'http://silvertobor.com/', NULL),
(298, 'http://silvertobor.com/index.php/customer/account/login/', 'http://silvertobor.com/'),
(299, 'http://silvertobor.com/index.php/customer/account/create/', 'http://silvertobor.com/index.php/customer/account/login/'),
(300, 'http://silvertobor.com/index.php/', 'http://silvertobor.com/index.php/customer/account/create/'),
(301, 'http://silvertobor.com/', NULL),
(302, 'http://silvertobor.com/index.php/checkout/cart', 'http://silvertobor.com/index.php/'),
(303, 'http://silvertobor.com/index.php/customer/account/login/', 'http://silvertobor.com/index.php/'),
(304, 'http://silvertobor.com/index.php/checkout/cart', 'http://silvertobor.com/index.php/customer/account/login/'),
(305, 'http://silvertobor.com/index.php/', 'http://silvertobor.com/index.php/checkout/cart'),
(306, 'http://silvertobor.com/index.php/', 'http://silvertobor.com/index.php/checkout/cart'),
(307, 'http://silvertobor.com/index.php/', 'http://silvertobor.com/index.php/checkout/cart'),
(308, 'http://silvertobor.com/index.php/', 'http://silvertobor.com/index.php/checkout/cart'),
(309, 'http://silvertobor.com/index.php/', 'http://silvertobor.com/index.php/checkout/cart'),
(310, 'http://silvertobor.com/index.php/', 'http://silvertobor.com/index.php/checkout/cart'),
(311, 'http://silvertobor.com/index.php/', 'http://silvertobor.com/index.php/checkout/cart'),
(312, 'http://silvertobor.com/', NULL),
(313, 'http://silvertobor.com/index.php/', 'http://silvertobor.com/index.php/checkout/cart'),
(314, 'http://silvertobor.com/index.php/', 'http://silvertobor.com/index.php/checkout/cart'),
(315, 'http://silvertobor.com/index.php/', 'http://silvertobor.com/index.php/checkout/cart'),
(316, 'http://silvertobor.com/index.php/about-magento-demo-store/?___store=default', 'http://silvertobor.com/index.php/admin/cms_page/index/key/6efe4fab9f62a71fea08b4e25ee4606f/'),
(317, 'http://silvertobor.com/index.php/contacts/', 'http://silvertobor.com/index.php/about-magento-demo-store/?___store=default'),
(318, 'http://silvertobor.com/index.php/about-magento-demo-store/?___store=default', 'http://silvertobor.com/index.php/admin/cms_page/index/key/6efe4fab9f62a71fea08b4e25ee4606f/'),
(319, 'http://silvertobor.com/index.php/contacts/', 'http://silvertobor.com/index.php/about-magento-demo-store/?___store=default'),
(320, 'http://silvertobor.com/index.php/customer-service/?___store=default', 'http://silvertobor.com/index.php/admin/cms_page/index/key/6efe4fab9f62a71fea08b4e25ee4606f/'),
(321, 'http://silvertobor.com/index.php/customer-service/?___store=default', 'http://silvertobor.com/index.php/admin/cms_page/index/key/6efe4fab9f62a71fea08b4e25ee4606f/'),
(322, 'http://silvertobor.com/index.php/no-route/?___store=default', 'http://silvertobor.com/index.php/admin/cms_page/index/key/6efe4fab9f62a71fea08b4e25ee4606f/'),
(323, 'http://silvertobor.com/index.php/no-route/?___store=default', 'http://silvertobor.com/index.php/admin/cms_page/index/key/6efe4fab9f62a71fea08b4e25ee4606f/'),
(324, 'http://silvertobor.com/index.php/privacy-policy-cookie-restriction-mode/?___store=default', 'http://silvertobor.com/index.php/admin/cms_page/index/key/6efe4fab9f62a71fea08b4e25ee4606f/'),
(325, 'http://silvertobor.com/index.php/privacy-policy-cookie-restriction-mode/?___store=default', 'http://silvertobor.com/index.php/admin/cms_page/index/key/6efe4fab9f62a71fea08b4e25ee4606f/'),
(326, 'http://silvertobor.com/index.php/enable-cookies/?___store=default', 'http://silvertobor.com/index.php/admin/cms_page/index/key/6efe4fab9f62a71fea08b4e25ee4606f/'),
(327, 'http://silvertobor.com/index.php/', 'http://silvertobor.com/index.php/checkout/cart'),
(328, 'http://silvertobor.com/index.php/catalogsearch/advanced/', 'http://silvertobor.com/index.php/'),
(329, 'http://silvertobor.com/', NULL),
(330, 'http://silvertobor.com/index.php/catalogsearch/advanced/', 'http://silvertobor.com/index.php/'),
(331, 'http://silvertobor.com/index.php/catalog/seo_sitemap/category/', 'http://silvertobor.com/index.php/catalogsearch/advanced/'),
(332, 'http://silvertobor.com/index.php/catalog/seo_sitemap/product/', 'http://silvertobor.com/index.php/catalog/seo_sitemap/category/'),
(333, 'http://silvertobor.com/index.php/catalog/seo_sitemap/category/', 'http://silvertobor.com/index.php/catalogsearch/advanced/'),
(334, 'http://silvertobor.com/index.php/catalogsearch/advanced/', 'http://silvertobor.com/index.php/'),
(335, 'http://silvertobor.com/index.php/sales/guest/form/', 'http://silvertobor.com/index.php/catalogsearch/advanced/'),
(336, 'http://silvertobor.com/index.php/sales/guest/form/', 'http://silvertobor.com/index.php/catalogsearch/advanced/'),
(337, 'http://silvertobor.com/index.php/', 'http://silvertobor.com/index.php/sales/guest/form/'),
(338, 'http://silvertobor.com/', NULL),
(339, 'http://silvertobor.com/', NULL),
(340, 'http://silvertobor.com/', NULL),
(341, 'http://silvertobor.com/', NULL),
(342, 'http://silvertobor.com/', NULL),
(343, 'http://silvertobor.com/', NULL),
(344, 'http://silvertobor.com/', NULL),
(345, 'http://silvertobor.com/', NULL),
(346, 'http://silvertobor.com/', NULL),
(347, 'http://silvertobor.com/', NULL),
(348, 'http://silvertobor.com/', NULL),
(349, 'http://silvertobor.com/', NULL),
(350, 'http://silvertobor.com/', NULL),
(351, 'http://silvertobor.com/', NULL),
(352, 'http://silvertobor.com/', NULL),
(353, 'http://silvertobor.com/', NULL),
(354, 'http://silvertobor.com/', NULL),
(355, 'http://silvertobor.com/', NULL),
(356, 'http://silvertobor.com/robots.txt', NULL),
(357, 'http://silvertobor.com/', NULL),
(358, 'http://silvertobor.com/', NULL),
(359, 'http://silvertobor.com/', NULL),
(360, 'http://silvertobor.com/', NULL),
(361, 'http://silvertobor.com/', NULL),
(362, 'http://silvertobor.com/', NULL),
(363, 'http://silvertobor.com/', NULL),
(364, 'http://silvertobor.com/', NULL),
(365, 'http://silvertobor.com/', NULL),
(366, 'http://silvertobor.com/', NULL),
(367, 'http://silvertobor.com/', NULL),
(368, 'http://silvertobor.com/index.php/', 'http://silvertobor.com/index.php/sales/guest/form/'),
(369, 'http://silvertobor.com/index.php/customer/account/login/', 'http://silvertobor.com/index.php/'),
(370, 'http://silvertobor.com/index.php/', 'http://silvertobor.com/index.php/customer/account/login/'),
(371, 'http://silvertobor.com/', NULL),
(372, 'http://silvertobor.com/', NULL),
(373, 'http://silvertobor.com/', NULL),
(374, 'http://silvertobor.com/', NULL),
(375, 'http://silvertobor.com/', NULL),
(376, 'http://silvertobor.com/', NULL),
(377, 'http://silvertobor.com/', NULL),
(378, 'http://silvertobor.com/', NULL),
(379, 'http://silvertobor.com/', NULL),
(380, 'http://silvertobor.com/', NULL),
(381, 'http://silvertobor.com/', NULL),
(382, 'http://silvertobor.com/', NULL),
(383, 'http://silvertobor.com/', NULL),
(384, 'http://silvertobor.com/', NULL),
(385, 'http://silvertobor.com/', NULL),
(386, 'http://silvertobor.com/', NULL),
(387, 'http://silvertobor.com/', NULL),
(388, 'http://silvertobor.com/', NULL),
(389, 'http://silvertobor.com/', NULL),
(390, 'http://silvertobor.com/', NULL),
(391, 'http://silvertobor.com/', NULL),
(392, 'http://silvertobor.com/', NULL),
(393, 'http://silvertobor.com/', NULL),
(394, 'http://silvertobor.com/', NULL),
(395, 'http://silvertobor.com/', NULL),
(396, 'http://silvertobor.com/', NULL),
(397, 'http://silvertobor.com/', NULL),
(398, 'http://silvertobor.com/', NULL),
(399, 'http://silvertobor.com/', NULL),
(400, 'http://silvertobor.com/index.php/catalog/product/view/id/1', 'http://silvertobor.com/'),
(401, 'http://silvertobor.com/index.php/', 'http://silvertobor.com/index.php/designer-chair.html'),
(402, 'http://silvertobor.com/index.php/', 'http://silvertobor.com/index.php/designer-chair.html'),
(403, 'http://silvertobor.com/index.php/catalog/product/view/id/1', 'http://silvertobor.com/index.php/'),
(404, 'http://silvertobor.com/index.php/catalog/product/view/id/1', 'http://silvertobor.com/index.php/'),
(405, 'http://silvertobor.com/', NULL),
(406, 'http://silvertobor.com/index.php/catalog/product/view/id/1', 'http://silvertobor.com/index.php/'),
(407, 'http://silvertobor.com/index.php/checkout/cart/add/uenc/aHR0cDovL3NpbHZlcnRvYm9yLmNvbS9pbmRleC5waHAvZGVzaWduZXItY2hhaXIuaHRtbA,,/product/1/', 'http://silvertobor.com/index.php/designer-chair.html'),
(408, 'http://silvertobor.com/index.php/checkout/cart/', 'http://silvertobor.com/index.php/designer-chair.html'),
(409, 'http://silvertobor.com/index.php/checkout/cart/estimatePost/', 'http://silvertobor.com/index.php/checkout/cart/'),
(410, 'http://silvertobor.com/index.php/checkout/cart/', 'http://silvertobor.com/index.php/checkout/cart/'),
(411, 'http://silvertobor.com/index.php/checkout/onepage/', 'http://silvertobor.com/index.php/checkout/cart/'),
(412, 'http://silvertobor.com/index.php/', 'http://silvertobor.com/index.php/checkout/onepage/'),
(413, 'http://silvertobor.com/index.php/', 'http://silvertobor.com/index.php/checkout/onepage/'),
(414, 'http://silvertobor.com/index.php/', 'http://silvertobor.com/index.php/checkout/onepage/'),
(415, 'http://silvertobor.com/index.php/', 'http://silvertobor.com/index.php/checkout/onepage/'),
(416, 'http://silvertobor.com/index.php/', 'http://silvertobor.com/index.php/checkout/onepage/'),
(417, 'http://silvertobor.com/', NULL),
(418, 'http://silvertobor.com/index.php/', 'http://silvertobor.com/index.php/checkout/onepage/'),
(419, 'http://silvertobor.com/', NULL),
(420, 'http://silvertobor.com/index.php/catalog/product/view/id/1', 'http://silvertobor.com/'),
(421, 'http://silvertobor.com/index.php/checkout/cart/add/uenc/aHR0cDovL3NpbHZlcnRvYm9yLmNvbS9pbmRleC5waHAvZGVzaWduZXItY2hhaXIuaHRtbA,,/product/1/', 'http://silvertobor.com/index.php/designer-chair.html'),
(422, 'http://silvertobor.com/index.php/checkout/cart/', 'http://silvertobor.com/index.php/designer-chair.html'),
(423, 'http://silvertobor.com/index.php/', 'http://silvertobor.com/index.php/checkout/cart/'),
(424, 'http://silvertobor.com/', NULL),
(425, 'http://silvertobor.com/index.php/', 'http://silvertobor.com/index.php/checkout/onepage/'),
(426, 'http://silvertobor.com/index.php/customer/account/login/', 'http://silvertobor.com/index.php/'),
(427, 'http://silvertobor.com/index.php/', 'http://silvertobor.com/index.php/customer/account/login/'),
(428, 'http://silvertobor.com/index.php/catalog/product/view/id/1', 'http://silvertobor.com/'),
(429, 'http://silvertobor.com/index.php/catalog/product_compare/add/product/1/uenc/aHR0cDovL3NpbHZlcnRvYm9yLmNvbS9pbmRleC5waHAvZGVzaWduZXItY2hhaXIuaHRtbA,,/', 'http://silvertobor.com/index.php/designer-chair.html'),
(430, 'http://silvertobor.com/index.php/catalog/product/view/id/1', 'http://silvertobor.com/index.php/designer-chair.html'),
(431, 'http://silvertobor.com/index.php/catalog/product/view/id/1', 'http://silvertobor.com/'),
(432, 'http://silvertobor.com/index.php/', 'http://silvertobor.com/index.php/designer-chair.html'),
(433, 'http://silvertobor.com/index.php/catalog/product/view/id/1', 'http://silvertobor.com/index.php/'),
(434, 'http://silvertobor.com/index.php/catalog/product/gallery/id/1/image/1/', 'http://silvertobor.com/index.php/designer-chair.html'),
(435, 'http://silvertobor.com/', NULL),
(436, 'http://silvertobor.com/', NULL),
(437, 'http://silvertobor.com/', NULL),
(438, 'http://silvertobor.com/robots.txt', NULL),
(439, 'http://silvertobor.com/', NULL),
(440, 'http://silvertobor.com/', NULL),
(441, 'http://silvertobor.com/', NULL),
(442, 'http://silvertobor.com/', NULL),
(443, 'http://silvertobor.com/index.php/', 'http://silvertobor.com/index.php/designer-chair.html'),
(444, 'http://silvertobor.com/index.php/', 'http://silvertobor.com/index.php/designer-chair.html'),
(445, 'http://silvertobor.com/index.php/', 'http://silvertobor.com/index.php/designer-chair.html'),
(446, 'http://silvertobor.com/index.php/', 'http://silvertobor.com/index.php/designer-chair.html'),
(447, 'http://silvertobor.com/index.php/about-magento-demo-store', NULL),
(448, 'http://silvertobor.com/index.php/checkout/cart/', NULL),
(449, 'http://silvertobor.com/', NULL),
(450, 'http://silvertobor.com/', NULL),
(451, 'http://silvertobor.com/', NULL),
(452, 'http://silvertobor.com/', NULL),
(453, 'http://silvertobor.com/', NULL),
(454, 'http://silvertobor.com/', NULL),
(455, 'http://silvertobor.com/', NULL),
(456, 'http://silvertobor.com/', NULL),
(457, 'http://silvertobor.com/', NULL),
(458, 'http://silvertobor.com/', NULL),
(459, 'http://silvertobor.com/', NULL),
(460, 'http://silvertobor.com/', NULL),
(461, 'http://silvertobor.com/', NULL),
(462, 'http://silvertobor.com/', NULL),
(463, 'http://silvertobor.com/', NULL),
(464, 'http://silvertobor.com/', NULL),
(465, 'http://silvertobor.com/', NULL),
(466, 'http://silvertobor.com/', NULL),
(467, 'http://silvertobor.com/', NULL),
(468, 'http://silvertobor.com/', NULL),
(469, 'http://silvertobor.com/', NULL),
(470, 'http://silvertobor.com/', NULL),
(471, 'http://silvertobor.com/', NULL),
(472, 'http://silvertobor.com/', NULL),
(473, 'http://silvertobor.com/', NULL),
(474, 'http://silvertobor.com/', NULL),
(475, 'http://silvertobor.com/', NULL),
(476, 'http://silvertobor.com/', NULL),
(477, 'http://silvertobor.com/', NULL),
(478, 'http://silvertobor.com/', NULL),
(479, 'http://silvertobor.com/', NULL),
(480, 'http://silvertobor.com/', NULL),
(481, 'http://silvertobor.com/', NULL),
(482, 'http://silvertobor.com/', NULL),
(483, 'http://silvertobor.com/', NULL),
(484, 'http://silvertobor.com/', NULL),
(485, 'http://silvertobor.com/', NULL),
(486, 'http://silvertobor.com/', NULL),
(487, 'http://silvertobor.com/', NULL),
(488, 'http://silvertobor.com/', NULL),
(489, 'http://silvertobor.com/', NULL),
(490, 'http://silvertobor.com/', NULL),
(491, 'http://silvertobor.com/', NULL),
(492, 'http://silvertobor.com/', NULL),
(493, 'http://silvertobor.com/', NULL),
(494, 'http://silvertobor.com/', NULL),
(495, 'http://silvertobor.com/', NULL),
(496, 'http://silvertobor.com/robots.txt', NULL),
(497, 'http://silvertobor.com/', NULL),
(498, 'http://silvertobor.com/', NULL),
(499, 'http://silvertobor.com/', NULL),
(500, 'http://silvertobor.com/', NULL),
(501, 'http://silvertobor.com/', NULL),
(502, 'http://silvertobor.com/', NULL),
(503, 'http://silvertobor.com/', NULL),
(504, 'http://silvertobor.com/', NULL),
(505, 'http://silvertobor.com/', NULL),
(506, 'http://silvertobor.com/', NULL),
(507, 'http://silvertobor.com/', NULL),
(508, 'http://silvertobor.com/', NULL),
(509, 'http://silvertobor.com/', NULL),
(510, 'http://silvertobor.com/', NULL),
(511, 'http://silvertobor.com/', NULL),
(512, 'http://silvertobor.com/', NULL),
(513, 'http://silvertobor.com/', NULL),
(514, 'http://silvertobor.com/', NULL),
(515, 'http://silvertobor.com/', NULL),
(516, 'http://silvertobor.com/', NULL),
(517, 'http://silvertobor.com/', NULL),
(518, 'http://silvertobor.com/', NULL),
(519, 'http://silvertobor.com/', NULL),
(520, 'http://silvertobor.com/', NULL),
(521, 'http://silvertobor.com/', NULL),
(522, 'http://silvertobor.com/', NULL),
(523, 'http://silvertobor.com/', NULL),
(524, 'http://silvertobor.com/', NULL),
(525, 'http://silvertobor.com/', NULL),
(526, 'http://silvertobor.com/', NULL),
(527, 'http://silvertobor.com/index.php/catalog/product/gallery/id/1/image/1/', 'http://silvertobor.com/index.php/designer-chair.html'),
(528, 'http://silvertobor.com/index.php/checkout/cart/add/uenc/aHR0cDovL3NpbHZlcnRvYm9yLmNvbS9pbmRleC5waHAvZGVzaWduZXItY2hhaXIuaHRtbA,,/product/1/', 'http://silvertobor.com/index.php/designer-chair.html'),
(529, 'http://silvertobor.com/index.php/checkout/cart/', 'http://silvertobor.com/index.php/designer-chair.html'),
(530, 'http://silvertobor.com/index.php/', 'http://silvertobor.com/index.php/checkout/cart/'),
(531, 'http://silvertobor.com/', NULL),
(532, 'http://silvertobor.com/index.php/customer/account/login/', 'http://silvertobor.com/index.php/'),
(533, 'http://silvertobor.com/index.php/', 'http://silvertobor.com/index.php/checkout/cart/'),
(534, 'http://silvertobor.com/', NULL),
(535, 'http://silvertobor.com/', NULL),
(536, 'http://silvertobor.com/index.php/checkout/cart', NULL),
(537, 'http://silvertobor.com/index.php/customer/account/login/', NULL),
(538, 'http://silvertobor.com/index.php/', NULL),
(539, 'http://silvertobor.com/index.php/customer/account/login/', NULL),
(540, 'http://silvertobor.com/index.php/catalog/product/view/id/1', NULL),
(541, 'http://silvertobor.com/index.php/catalog/seo_sitemap/category/', NULL),
(542, 'http://silvertobor.com/index.php/catalogsearch/term/popular/', NULL),
(543, 'http://silvertobor.com/index.php/catalogsearch/advanced/', NULL),
(544, 'http://silvertobor.com/index.php/sales/guest/form/', NULL),
(545, 'http://silvertobor.com/index.php/contacts/', NULL),
(546, 'http://silvertobor.com/index.php/customer/account/forgotpassword/', NULL),
(547, 'http://silvertobor.com/index.php/customer/account/login/', NULL),
(548, 'http://silvertobor.com/index.php/review/product/list/id/1/', NULL),
(549, 'http://silvertobor.com/index.php/wishlist/index/add/product/1/', NULL),
(550, 'http://silvertobor.com/index.php/enable-cookies', NULL),
(551, 'http://silvertobor.com/index.php/catalog/product_compare/add/product/1/uenc/ahr0cdovl3npbhzlcnrvym9ylmnvbs9pbmrlec5wahavzgvzawduzxity2hhaxiuahrtba,,/', NULL),
(552, 'http://silvertobor.com/index.php/enable-cookies', NULL),
(553, 'http://silvertobor.com/index.php/catalog/seo_sitemap/product/', NULL),
(554, 'http://silvertobor.com/index.php/catalog/product_compare/add/product/1/uenc/ahr0cdovl3npbhzlcnrvym9ylmnvbs9pbmrlec5wahavcmv2awv3l3byb2r1y3qvbglzdc9pzc8xlw,,/', NULL),
(555, 'http://silvertobor.com/index.php/enable-cookies', NULL),
(556, 'http://silvertobor.com/', 'http://torrentland.biz'),
(557, 'http://silvertobor.com/index.php/customer/account/login/', NULL),
(558, 'http://silvertobor.com/index.php/customer-service', NULL),
(559, 'http://silvertobor.com/', NULL),
(560, 'http://silvertobor.com/index.php/privacy-policy-cookie-restriction-mode', NULL),
(561, 'http://silvertobor.com/index.php/', 'http://silvertobor.com/index.php/checkout/cart/'),
(562, 'http://silvertobor.com/index.php/catalog/category/view/id/5', 'http://silvertobor.com/index.php/'),
(563, 'http://silvertobor.com/index.php/', 'http://silvertobor.com/index.php/home-decor.html'),
(564, 'http://silvertobor.com/', NULL),
(565, 'http://silvertobor.com/index.php/', 'http://silvertobor.com/index.php/home-decor.html'),
(566, 'http://silvertobor.com/index.php/', 'http://silvertobor.com/index.php/home-decor.html'),
(567, 'http://silvertobor.com/index.php/', NULL),
(568, 'http://silvertobor.com/index.php/', NULL),
(569, 'http://silvertobor.com/index.php/', 'http://silvertobor.com/index.php/designer-chair.html'),
(570, 'http://silvertobor.com/index.php/catalog/category/view/id/6', 'http://silvertobor.com/index.php/'),
(571, 'http://silvertobor.com/index.php/', NULL),
(572, 'http://silvertobor.com/index.php/', NULL),
(573, 'http://silvertobor.com/', NULL),
(574, 'http://silvertobor.com/', NULL),
(575, 'http://silvertobor.com/', NULL),
(576, 'http://silvertobor.com/', NULL),
(577, 'http://silvertobor.com/index.php/catalog/category/view/id/5', 'http://silvertobor.com/'),
(578, 'http://silvertobor.com/index.php/catalog/category/view/id/5', 'http://silvertobor.com/index.php/'),
(579, 'http://silvertobor.com/index.php/home/?___store=default', 'http://silvertobor.com/index.php/admin/cms_page/index/key/c286d1b6427ea966f62f76b89cb41bdf/'),
(580, 'http://silvertobor.com/index.php/catalog/category/view/id/5', 'http://silvertobor.com/index.php/home/?___store=default'),
(581, 'http://silvertobor.com/', NULL),
(582, 'http://silvertobor.com/index.php/catalog/category/view/id/5', 'http://silvertobor.com/'),
(583, 'http://silvertobor.com/', NULL),
(584, 'http://silvertobor.com/index.php/catalog/category/view/id/5', 'http://silvertobor.com/index.php/home-decor.html'),
(585, 'http://silvertobor.com/index.php/catalog/category/view/id/5', 'http://silvertobor.com/index.php/home-decor.html'),
(586, 'http://silvertobor.com/index.php/catalog/category/view/id/5', 'http://silvertobor.com/index.php/home-decor.html'),
(587, 'http://silvertobor.com/', NULL),
(588, 'http://silvertobor.com/index.php/catalog/category/view/id/5', 'http://silvertobor.com/'),
(589, 'http://silvertobor.com/index.php/catalog/category/view/id/5', 'http://silvertobor.com/'),
(590, 'http://silvertobor.com/index.php/catalog/category/view/id/6', 'http://silvertobor.com/index.php/home-decor.html'),
(591, 'http://silvertobor.com/index.php/catalog/category/view/id/5', 'http://silvertobor.com/index.php/accessories.html'),
(592, 'http://silvertobor.com/index.php/catalog/category/view/id/5', 'http://silvertobor.com/index.php/home-decor.html'),
(593, 'http://silvertobor.com/index.php/catalog/category/view/id/5', 'http://silvertobor.com/index.php/home-decor.html'),
(594, 'http://silvertobor.com/index.php/', 'http://silvertobor.com/index.php/home-decor.html'),
(595, 'http://silvertobor.com/index.php/catalog/category/view/id/5', 'http://silvertobor.com/index.php/'),
(596, 'http://silvertobor.com/index.php/catalog/category/view/id/6', 'http://silvertobor.com/index.php/'),
(597, 'http://silvertobor.com/index.php/catalog/category/view/id/5', 'http://silvertobor.com/index.php/accessories.html'),
(598, 'http://silvertobor.com/index.php/', 'http://silvertobor.com/index.php/home-decor.html'),
(599, 'http://silvertobor.com/index.php/catalog/category/view/id/7', 'http://silvertobor.com/index.php/home-decor.html'),
(600, 'http://silvertobor.com/index.php/catalog/category/view/id/6', 'http://silvertobor.com/index.php/'),
(601, 'http://silvertobor.com/index.php/', 'http://silvertobor.com/index.php/accessories.html'),
(602, 'http://silvertobor.com/index.php/catalog/category/view/id/6', 'http://silvertobor.com/index.php/gadgets.html'),
(603, 'http://silvertobor.com/index.php/catalog/product/view/id/3/category/6', 'http://silvertobor.com/index.php/accessories.html'),
(604, 'http://silvertobor.com/index.php/catalog/product/view/id/3/category/6', 'http://silvertobor.com/index.php/accessories.html'),
(605, 'http://silvertobor.com/index.php/catalog/product/view/id/3/category/6', 'http://silvertobor.com/index.php/accessories.html'),
(606, 'http://silvertobor.com/index.php/catalog/category/view/id/5', 'http://silvertobor.com/index.php/accessories/carpets.html'),
(607, 'http://silvertobor.com/index.php/catalog/category/view/id/6', 'http://silvertobor.com/index.php/home-decor.html'),
(608, 'http://silvertobor.com/index.php/', 'http://silvertobor.com/index.php/accessories.html'),
(609, 'http://silvertobor.com/index.php/', 'http://silvertobor.com/index.php/accessories.html'),
(610, 'http://silvertobor.com/index.php/catalog/category/view/id/9', 'http://silvertobor.com/index.php/'),
(611, 'http://silvertobor.com/index.php/catalog/category/view/id/8', 'http://silvertobor.com/index.php/gadgets.html'),
(612, 'http://silvertobor.com/index.php/catalog/category/view/id/5', 'http://silvertobor.com/index.php/accessories.html'),
(613, 'http://silvertobor.com/index.php/catalog/category/view/id/8', 'http://silvertobor.com/index.php/home-decor.html'),
(614, 'http://silvertobor.com/', NULL),
(615, 'http://silvertobor.com/', NULL),
(616, 'http://silvertobor.com/index.php/catalog/category/view/id/8', 'http://silvertobor.com/'),
(617, 'http://silvertobor.com/index.php/catalog/product/view/id/5/category/8', 'http://silvertobor.com/index.php/accessories.html'),
(618, 'http://silvertobor.com/index.php/catalog/product/view/id/5/category/8', 'http://silvertobor.com/index.php/accessories.html'),
(619, 'http://silvertobor.com/', NULL),
(620, 'http://silvertobor.com/index.php/catalog/category/view/id/8', 'http://silvertobor.com/index.php/accessories/ivory-necklace.html'),
(621, 'http://silvertobor.com/index.php/catalog/category/view/id/8', 'http://silvertobor.com/index.php/accessories/ivory-necklace.html'),
(622, 'http://silvertobor.com/index.php/catalog/product/view/id/6/category/8', 'http://silvertobor.com/index.php/accessories.html'),
(623, 'http://silvertobor.com/', NULL),
(624, 'http://silvertobor.com/index.php/catalog/category/view/id/8', 'http://silvertobor.com/index.php/accessories/environmental-friendly-shopping-bag.html'),
(625, 'http://silvertobor.com/index.php/catalog/category/view/id/8', 'http://silvertobor.com/index.php/accessories/environmental-friendly-shopping-bag.html'),
(626, 'http://silvertobor.com/index.php/catalog/category/view/id/8?mode=list', 'http://silvertobor.com/index.php/accessories.html'),
(627, 'http://silvertobor.com/index.php/catalog/category/view/id/8?mode=grid', 'http://silvertobor.com/index.php/accessories.html?mode=list'),
(628, 'http://silvertobor.com/index.php/', 'http://silvertobor.com/index.php/accessories.html?mode=grid'),
(629, 'http://silvertobor.com/index.php/catalog/category/view/id/8', 'http://silvertobor.com/index.php/'),
(630, 'http://silvertobor.com/index.php/catalog/product/view/id/6/category/8', 'http://silvertobor.com/index.php/accessories.html'),
(631, 'http://silvertobor.com/index.php/catalog/category/view/id/8', 'http://silvertobor.com/index.php/'),
(632, 'http://silvertobor.com/index.php/catalog/product/view/id/5/category/8', 'http://silvertobor.com/index.php/accessories.html'),
(633, 'http://silvertobor.com/', NULL),
(634, 'http://silvertobor.com/', NULL),
(635, 'http://silvertobor.com/index.php/catalog/category/view/id/9', 'http://silvertobor.com/index.php/accessories/ivory-necklace.html'),
(636, 'http://silvertobor.com/index.php/catalog/category/view/id/5', 'http://silvertobor.com/index.php/'),
(637, 'http://silvertobor.com/index.php/catalog/category/view/id/5', 'http://silvertobor.com/index.php/gadgets.html'),
(638, 'http://silvertobor.com/', NULL),
(639, 'http://silvertobor.com/index.php/catalog/category/view/id/5', 'http://silvertobor.com/index.php/home-decor.html'),
(640, 'http://silvertobor.com/', NULL),
(641, 'http://silvertobor.com/index.php/', 'http://silvertobor.com/index.php/home-decor.html'),
(642, 'http://silvertobor.com/index.php/catalog/category/view/id/5', 'http://silvertobor.com/index.php/'),
(643, 'http://silvertobor.com/index.php/catalog/category/view/id/5', 'http://silvertobor.com/index.php/'),
(644, 'http://silvertobor.com/index.php/catalog/product/view/id/20/category/5', 'http://silvertobor.com/index.php/home-decor.html'),
(645, 'http://silvertobor.com/index.php/catalog/category/view/id/8', 'http://silvertobor.com/index.php/home-decor/feng-shui-screen.html'),
(646, 'http://silvertobor.com/index.php/catalog/category/view/id/9', 'http://silvertobor.com/index.php/accessories.html'),
(647, 'http://silvertobor.com/index.php/', 'http://silvertobor.com/index.php/gadgets.html'),
(648, 'http://silvertobor.com/index.php/catalog/category/view/id/5', 'http://silvertobor.com/index.php/'),
(649, 'http://silvertobor.com/index.php/customer/account/login/', 'http://silvertobor.com/index.php/home-decor.html'),
(650, 'http://silvertobor.com/index.php/customer/account/create/', 'http://silvertobor.com/index.php/customer/account/login/'),
(651, 'http://silvertobor.com/index.php/customer/account/createpost/', 'http://silvertobor.com/index.php/customer/account/create/'),
(652, 'http://silvertobor.com/index.php/customer/account/index/', 'http://silvertobor.com/index.php/customer/account/create/'),
(653, 'http://silvertobor.com/index.php/customer/account/edit/', 'http://silvertobor.com/index.php/customer/account/index/'),
(654, 'http://silvertobor.com/index.php/sales/order/history/', 'http://silvertobor.com/index.php/customer/account/edit/'),
(655, 'http://silvertobor.com/index.php/oauth/customer_token/', 'http://silvertobor.com/index.php/sales/order/history/'),
(656, 'http://silvertobor.com/index.php/', 'http://silvertobor.com/index.php/oauth/customer_token/'),
(657, 'http://silvertobor.com/index.php/', 'http://silvertobor.com/index.php/oauth/customer_token/'),
(658, 'http://silvertobor.com/index.php/catalog/category/view/id/5', 'http://silvertobor.com/index.php/'),
(659, 'http://silvertobor.com/index.php/catalog/product/view/id/13/category/5', 'http://silvertobor.com/index.php/home-decor.html'),
(660, 'http://silvertobor.com/index.php/', 'http://silvertobor.com/index.php/home-decor/bench.html'),
(661, 'http://silvertobor.com/index.php/customer/account/login/', NULL),
(662, 'http://silvertobor.com/', NULL),
(663, 'http://silvertobor.com/robots.txt', NULL),
(664, 'http://silvertobor.com/', NULL),
(665, 'http://silvertobor.com/', NULL),
(666, 'http://silvertobor.com/', NULL),
(667, 'http://silvertobor.com/', NULL),
(668, 'http://silvertobor.com/', NULL),
(669, 'http://silvertobor.com/', NULL),
(670, 'http://silvertobor.com/', NULL),
(671, 'http://silvertobor.com/', NULL),
(672, 'http://silvertobor.com/', NULL),
(673, 'http://silvertobor.com/', NULL),
(674, 'http://silvertobor.com/', NULL),
(675, 'http://silvertobor.com/', NULL),
(676, 'http://silvertobor.com/', NULL),
(677, 'http://silvertobor.com/', NULL),
(678, 'http://silvertobor.com/', NULL),
(679, 'http://silvertobor.com/', NULL),
(680, 'http://silvertobor.com/', NULL),
(681, 'http://silvertobor.com/', NULL),
(682, 'http://silvertobor.com/index.php/', 'http://silvertobor.com/index.php/'),
(683, 'http://silvertobor.com/', NULL),
(684, 'http://silvertobor.com/', NULL),
(685, 'http://silvertobor.com/', NULL),
(686, 'http://silvertobor.com/index.php/catalog/category/view/id/5', 'http://silvertobor.com/index.php/'),
(687, 'http://silvertobor.com/index.php/catalog/category/view/id/5?limit=30', 'http://silvertobor.com/index.php/home-decor.html'),
(688, 'http://silvertobor.com/index.php/catalog/category/view/id/8', 'http://silvertobor.com/index.php/home-decor.html?limit=30'),
(689, 'http://silvertobor.com/index.php/', 'http://silvertobor.com/index.php/accessories.html'),
(690, 'http://silvertobor.com/index.php/catalog/category/view/id/5', 'http://silvertobor.com/index.php/'),
(691, 'http://silvertobor.com/index.php/catalog/product/view/id/13/category/5', 'http://silvertobor.com/index.php/home-decor.html'),
(692, 'http://silvertobor.com/index.php/customer/account/login/', 'http://silvertobor.com/index.php/home-decor/bench.html'),
(693, 'http://silvertobor.com/', NULL),
(694, 'http://silvertobor.com/index.php/catalog/category/view/id/9', 'http://silvertobor.com/'),
(695, 'http://silvertobor.com/', NULL),
(696, 'http://silvertobor.com/index.php/catalog/category/view/id/5', 'http://silvertobor.com/index.php/customer/account/login/'),
(697, 'http://silvertobor.com/index.php/', 'http://silvertobor.com/index.php/home-decor.html');

-- --------------------------------------------------------

--
-- Table structure for table`mg_log_visitor_info`
--

CREATE TABLE `mg_log_visitor_info` (
  `visitor_id` bigint(20) unsigned NOT NULL DEFAULT '0' COMMENT 'Visitor ID',
  `http_referer` varchar(255) DEFAULT NULL COMMENT 'HTTP Referrer',
  `http_user_agent` varchar(255) DEFAULT NULL COMMENT 'HTTP User-Agent',
  `http_accept_charset` varchar(255) DEFAULT NULL COMMENT 'HTTP Accept-Charset',
  `http_accept_language` varchar(255) DEFAULT NULL COMMENT 'HTTP Accept-Language',
  `server_addr` bigint(20) DEFAULT NULL COMMENT 'Server Address',
  `remote_addr` bigint(20) DEFAULT NULL COMMENT 'Remote Address',
  PRIMARY KEY (`visitor_id`)
) ENGINE=InnoDB DEFAULT CHARSET=utf8 COMMENT='Log Visitor Info Table';

--
-- Dumping data for table 'mg_log_visitor_info'
--

INSERT INTO `mg_log_visitor_info` VALUES
(1, NULL, 'Mozilla/5.0 (Macintosh; Intel Mac OS X 10_5_8) AppleWebKit/534.50.2 (KHTML, like Gecko) Version/5.0.6 Safari/533.22.3', NULL, 'en-us', 3448168683, 2112281068),
(2, NULL, 'Mozilla/5.0 (compatible; Baiduspider/2.0; +http://www.baidu.com/search/spider.html)', NULL, 'en-US', 3448168683, 3024880959),
(3, NULL, 'Mozilla/5.0 (Windows NT 5.1; rv:6.0.2) Gecko/20100101 Firefox/6.0.2', NULL, NULL, 3448168683, 2071807836),
(4, NULL, 'Mozilla/5.0 (compatible; Baiduspider/2.0; +http://www.baidu.com/search/spider.html)', NULL, 'en-US', 3448168683, 3024881064),
(5, NULL, 'Mozilla/5.0 (compatible; Baiduspider/2.0; +http://www.baidu.com/search/spider.html)', NULL, 'en-US', 3448168683, 3024880996),
(6, NULL, 'Mozilla/5.0 (compatible; Baiduspider/2.0; +http://www.baidu.com/search/spider.html)', NULL, 'en-US', 3448168683, 3024881065),
(7, NULL, 'Mozilla/5.0 (compatible; Baiduspider/2.0; +http://www.baidu.com/search/spider.html)', NULL, 'en-US', 3448168683, 3024880947),
(8, NULL, 'Mozilla/5.0 (compatible; Baiduspider/2.0; +http://www.baidu.com/search/spider.html)', NULL, 'en-US', 3448168683, 3024880945),
(9, NULL, 'Mozilla/5.0 (compatible; Baiduspider/2.0; +http://www.baidu.com/search/spider.html)', NULL, 'en-US', 3448168683, 3024881034),
(10, NULL, 'Mozilla/5.0 (compatible; Baiduspider/2.0; +http://www.baidu.com/search/spider.html)', NULL, 'en-US', 3448168683, 3024881083),
(11, NULL, 'Mozilla/5.0 (Macintosh; Intel Mac OS X 10_5_8) AppleWebKit/534.50.2 (KHTML, like Gecko) Version/5.0.6 Safari/533.22.3', NULL, 'en-us', 3448168683, 2112281068),
(12, NULL, 'Mozilla/5.0 (compatible; Baiduspider/2.0; +http://www.baidu.com/search/spider.html)', NULL, 'en-US', 3448168683, 3024881032),
(13, NULL, 'Mozilla/5.0 (compatible; Baiduspider/2.0; +http://www.baidu.com/search/spider.html)', NULL, 'en-US', 3448168683, 3024881067),
(14, NULL, 'Mozilla/5.0 (compatible; Baiduspider/2.0; +http://www.baidu.com/search/spider.html)', NULL, 'en-US', 3448168683, 3024880997),
(15, NULL, 'Mozilla/5.0 (Macintosh; Intel Mac OS X 10_8_2) AppleWebKit/536.26.17 (KHTML, like Gecko) Version/6.0.2 Safari/536.26.17', NULL, 'en-us', 3448168683, 1886818270),
(16, NULL, 'Mozilla/5.0 (compatible; Baiduspider/2.0; +http://www.baidu.com/search/spider.html)', NULL, 'en-US', 3448168683, 3024880983),
(17, NULL, 'Mozilla/5.0 (compatible; Baiduspider/2.0; +http://www.baidu.com/search/spider.html)', NULL, 'en-US', 3448168683, 3024881061),
(18, NULL, 'Mozilla/5.0 (compatible; Baiduspider/2.0; +http://www.baidu.com/search/spider.html)', NULL, 'en-US', 3448168683, 3024880956),
(19, NULL, 'Mozilla/5.0 (compatible; Baiduspider/2.0; +http://www.baidu.com/search/spider.html)', NULL, 'en-US', 3448168683, 3024881041),
(20, NULL, 'Mozilla/5.0 (compatible; Baiduspider/2.0; +http://www.baidu.com/search/spider.html)', NULL, 'en-US', 3448168683, 3024880994),
(21, NULL, 'Baiduspider-image+(+http://www.baidu.com/search/spider.htm)', NULL, NULL, 3448168683, 2071807826),
(22, NULL, 'Mozilla/5.0 (compatible; Baiduspider/2.0; +http://www.baidu.com/search/spider.html)', NULL, 'en-US', 3448168683, 3024880999),
(23, NULL, 'Mozilla/5.0 (compatible; Baiduspider/2.0; +http://www.baidu.com/search/spider.html)', NULL, 'en-US', 3448168683, 3024880986),
(24, NULL, 'Mozilla/5.0 (compatible; Baiduspider/2.0; +http://www.baidu.com/search/spider.html)', NULL, 'zh-cn,zh-tw', 3448168683, 2071807785),
(25, NULL, 'Mozilla/5.0 (compatible; Baiduspider/2.0; +http://www.baidu.com/search/spider.html)', NULL, 'en-US', 3448168683, 3024881040),
(26, NULL, 'Mozilla/5.0 (compatible; Baiduspider/2.0; +http://www.baidu.com/search/spider.html)', NULL, 'en-US', 3448168683, 3024880993),
(27, NULL, 'Mozilla/5.0 (compatible; Baiduspider/2.0; +http://www.baidu.com/search/spider.html)', NULL, 'en-US', 3448168683, 3024880993),
(28, NULL, 'Mozilla/5.0 (compatible; Baiduspider/2.0; +http://www.baidu.com/search/spider.html)', NULL, 'en-US', 3448168683, 3024881060),
(29, NULL, 'Mozilla/5.0 (compatible; Baiduspider/2.0; +http://www.baidu.com/search/spider.html)', NULL, 'zh-cn,zh-tw', 3448168683, 2071807801),
(30, NULL, 'Mozilla/5.0 (compatible; Baiduspider/2.0; +http://www.baidu.com/search/spider.html)', NULL, 'en-US', 3448168683, 3024881049),
(31, NULL, 'Mozilla/5.0 (compatible; Baiduspider/2.0; +http://www.baidu.com/search/spider.html)', NULL, 'en-US', 3448168683, 3024881036),
(32, NULL, 'Mozilla/5.0 (compatible; Baiduspider/2.0; +http://www.baidu.com/search/spider.html)', NULL, 'en-US', 3448168683, 3024881042),
(33, NULL, 'Mozilla/5.0 (compatible; Baiduspider/2.0; +http://www.baidu.com/search/spider.html)', NULL, 'en-US', 3448168683, 3024880958),
(34, NULL, 'Mozilla/5.0 (compatible; Baiduspider/2.0; +http://www.baidu.com/search/spider.html)', NULL, 'en-US', 3448168683, 3024881187),
(35, NULL, 'Mozilla/5.0 (compatible; Baiduspider/2.0; +http://www.baidu.com/search/spider.html)', NULL, 'en-US', 3448168683, 3024881068),
(36, NULL, 'Mozilla/5.0 (compatible; Baiduspider/2.0; +http://www.baidu.com/search/spider.html)', NULL, 'en-US', 3448168683, 3024880991),
(37, NULL, 'Mozilla/5.0 (compatible; Baiduspider/2.0; +http://www.baidu.com/search/spider.html)', NULL, 'zh-cn,zh-tw', 3448168683, 2071807820),
(38, NULL, 'Mozilla/5.0 (compatible; Baiduspider/2.0; +http://www.baidu.com/search/spider.html)', NULL, 'en-US', 3448168683, 3024881076),
(39, NULL, 'Mozilla/5.0 (compatible; Baiduspider/2.0; +http://www.baidu.com/search/spider.html)', NULL, 'en-US', 3448168683, 3024880962),
(40, NULL, 'Mozilla/5.0 (compatible; Baiduspider/2.0; +http://www.baidu.com/search/spider.html)', NULL, 'zh-cn,zh-tw', 3448168683, 2071807790),
(41, 'http://silvertobor.com/index.php/', 'Mozilla/5.0 (Macintosh; Intel Mac OS X 10_5_8) AppleWebKit/534.50.2 (KHTML, like Gecko) Version/5.0.6 Safari/533.22.3', NULL, 'en-us', 3448168683, 2112281068),
(42, NULL, 'Mozilla/5.0 (compatible; Baiduspider/2.0; +http://www.baidu.com/search/spider.html)', NULL, 'zh-cn,zh-tw', 3448168683, 2071807844),
(43, NULL, 'Mozilla/5.0 (compatible; Baiduspider/2.0; +http://www.baidu.com/search/spider.html)', NULL, 'zh-cn,zh-tw', 3448168683, 2071807785),
(44, NULL, 'Mozilla/5.0 (compatible; Baiduspider/2.0; +http://www.baidu.com/search/spider.html)', NULL, 'en-US', 3448168683, 3024881087),
(45, NULL, 'Mozilla/5.0 (compatible; Baiduspider/2.0; +http://www.baidu.com/search/spider.html)', NULL, 'en-US', 3448168683, 3024881056),
(46, NULL, 'Mozilla/5.0 (compatible; Baiduspider/2.0; +http://www.baidu.com/search/spider.html)', NULL, 'en-US', 3448168683, 3024881061),
(47, NULL, 'Mozilla/5.0 (compatible; Baiduspider/2.0; +http://www.baidu.com/search/spider.html)', NULL, 'en-US', 3448168683, 3024881086),
(48, NULL, 'Mozilla/5.0 (compatible; Baiduspider/2.0; +http://www.baidu.com/search/spider.html)', NULL, 'en-US', 3448168683, 3024880958),
(49, NULL, 'Mozilla/5.0 (compatible; Baiduspider/2.0; +http://www.baidu.com/search/spider.html)', NULL, 'en-US', 3448168683, 3024881058),
(50, NULL, 'Mozilla/5.0 (compatible; Baiduspider/2.0; +http://www.baidu.com/search/spider.html)', NULL, 'en-US', 3448168683, 3024881083),
(51, NULL, 'Mozilla/5.0 (compatible; Baiduspider/2.0; +http://www.baidu.com/search/spider.html)', NULL, 'en-US', 3448168683, 3024880950),
(52, NULL, 'Mozilla/5.0 (Windows NT 5.1; rv:6.0.2) Gecko/20100101 Firefox/6.0.2', NULL, NULL, 3448168683, 3024880961),
(53, NULL, 'Mozilla/5.0 (compatible; Baiduspider/2.0; +http://www.baidu.com/search/spider.html)', NULL, 'en-US', 3448168683, 3024881066),
(54, NULL, 'Mozilla/5.0 (compatible; Baiduspider/2.0; +http://www.baidu.com/search/spider.html)', NULL, 'en-US', 3448168683, 3024880952),
(55, NULL, 'Mozilla/5.0 (compatible; Baiduspider/2.0; +http://www.baidu.com/search/spider.html)', NULL, 'en-US', 3448168683, 3024881043),
(56, NULL, 'Mozilla/5.0 (compatible; Baiduspider/2.0; +http://www.baidu.com/search/spider.html)', NULL, 'zh-cn,zh-tw', 3448168683, 2071807836),
(57, NULL, 'Mozilla/5.0 (compatible; Baiduspider/2.0; +http://www.baidu.com/search/spider.html)', NULL, 'en-US', 3448168683, 3024880999),
(58, NULL, 'Mozilla/5.0 (compatible; Baiduspider/2.0; +http://www.baidu.com/search/spider.html)', NULL, 'en-US', 3448168683, 3024881007),
(59, NULL, 'Mozilla/5.0 (compatible; Baiduspider/2.0; +http://www.baidu.com/search/spider.html)', NULL, 'en-US', 3448168683, 3024881364),
(60, NULL, 'Mozilla/5.0 (compatible; Baiduspider/2.0; +http://www.baidu.com/search/spider.html)', NULL, 'en-US', 3448168683, 3024881006),
(61, NULL, 'Mozilla/5.0 (compatible; Baiduspider/2.0; +http://www.baidu.com/search/spider.html)', NULL, 'zh-cn,zh-tw', 3448168683, 2071807764),
(62, NULL, 'Mozilla/5.0 (compatible; Baiduspider/2.0; +http://www.baidu.com/search/spider.html)', NULL, 'en-US', 3448168683, 3024881187),
(63, NULL, 'Mozilla/5.0 (compatible; Baiduspider/2.0; +http://www.baidu.com/search/spider.html)', NULL, 'en-US', 3448168683, 3024881035),
(64, NULL, 'Mozilla/5.0 (compatible; YandexBot/3.0; +http://yandex.com/bots)', NULL, NULL, 3448168683, 1570673416),
(65, NULL, 'Mozilla/5.0 (compatible; YandexBot/3.0; +http://yandex.com/bots)', NULL, 'ru, uk;q=0.8, be;q=0.8, en;q=0.7, *;q=0.01', 3448168683, 1570673416),
(66, NULL, 'Mozilla/5.0 (compatible; YandexBot/3.0; +http://yandex.com/bots)', NULL, 'ru, uk;q=0.8, be;q=0.8, en;q=0.7, *;q=0.01', 3448168683, 1570673416),
(67, NULL, 'Mozilla/5.0 (compatible; Baiduspider/2.0; +http://www.baidu.com/search/spider.html)', NULL, 'en-US', 3448168683, 3024881090),
(68, NULL, 'Mozilla/5.0 (Windows NT 5.1; rv:6.0.2) Gecko/20100101 Firefox/6.0.2', NULL, NULL, 3448168683, 3024881385),
(69, NULL, 'Mozilla/5.0 (compatible; Baiduspider/2.0; +http://www.baidu.com/search/spider.html)', NULL, 'en-US', 3448168683, 3024880987),
(70, NULL, 'Mozilla/5.0 (compatible; Baiduspider/2.0; +http://www.baidu.com/search/spider.html)', NULL, 'en-US', 3448168683, 3024881173),
(71, NULL, 'Mozilla/5.0 (compatible; Baiduspider/2.0; +http://www.baidu.com/search/spider.html)', NULL, 'en-US', 3448168683, 3024880989),
(72, NULL, 'Mozilla/5.0 (compatible; Baiduspider/2.0; +http://www.baidu.com/search/spider.html)', NULL, 'en-US', 3448168683, 3024881082),
(73, NULL, 'Mozilla/5.0 (compatible; Baiduspider/2.0; +http://www.baidu.com/search/spider.html)', NULL, 'en-US', 3448168683, 3024881188),
(74, NULL, 'Mozilla/5.0 (compatible; Baiduspider/2.0; +http://www.baidu.com/search/spider.html)', NULL, 'en-US', 3448168683, 3024881189),
(75, NULL, 'Mozilla/5.0 (compatible; Baiduspider/2.0; +http://www.baidu.com/search/spider.html)', NULL, 'en-US', 3448168683, 3024880945),
(76, NULL, 'Mozilla/5.0 (compatible; Baiduspider/2.0; +http://www.baidu.com/search/spider.html)', NULL, 'en-US', 3448168683, 3024881038),
(77, NULL, 'Mozilla/5.0 (compatible; Baiduspider/2.0; +http://www.baidu.com/search/spider.html)', NULL, 'en-US', 3448168683, 3024880956),
(78, NULL, 'Mozilla/5.0 (compatible; Baiduspider/2.0; +http://www.baidu.com/search/spider.html)', NULL, 'en-US', 3448168683, 3024880963),
(79, NULL, 'Mozilla/5.0 (compatible; Baiduspider/2.0; +http://www.baidu.com/search/spider.html)', NULL, 'en-US', 3448168683, 3024880946),
(80, NULL, 'Mozilla/5.0 (compatible; Baiduspider/2.0; +http://www.baidu.com/search/spider.html)', NULL, 'en-US', 3448168683, 3024881032),
(81, NULL, 'Mozilla/5.0 (compatible; Baiduspider/2.0; +http://www.baidu.com/search/spider.html)', NULL, 'en-US', 3448168683, 3024881051),
(82, NULL, 'Mozilla/5.0 (compatible; Baiduspider/2.0; +http://www.baidu.com/search/spider.html)', NULL, 'en-US', 3448168683, 3024881091),
(83, NULL, 'Mozilla/5.0 (compatible; Baiduspider/2.0; +http://www.baidu.com/search/spider.html)', NULL, 'en-US', 3448168683, 3024881384),
(84, NULL, 'Mozilla/5.0 (compatible; Baiduspider/2.0; +http://www.baidu.com/search/spider.html)', NULL, 'en-US', 3448168683, 3024881383),
(85, NULL, 'Mozilla/5.0 (Macintosh; Intel Mac OS X 10_8_2) AppleWebKit/536.26.17 (KHTML, like Gecko) Version/6.0.2 Safari/536.26.17', NULL, 'en-us', 3448168683, 1886818270),
(86, NULL, 'Mozilla/5.0 (compatible; Baiduspider/2.0; +http://www.baidu.com/search/spider.html)', NULL, 'en-US', 3448168683, 3024881072),
(87, NULL, 'Mozilla/5.0 (compatible; Baiduspider/2.0; +http://www.baidu.com/search/spider.html)', NULL, 'en-US', 3448168683, 3024880960),
(88, NULL, 'Mozilla/5.0 (compatible; Baiduspider/2.0; +http://www.baidu.com/search/spider.html)', NULL, 'en-US', 3448168683, 3024880993),
(89, NULL, 'Mozilla/5.0 (compatible; Baiduspider/2.0; +http://www.baidu.com/search/spider.html)', NULL, 'en-US', 3448168683, 3024881057),
(90, NULL, 'Mozilla/5.0 (compatible; Baiduspider/2.0; +http://www.baidu.com/search/spider.html)', NULL, 'en-US', 3448168683, 3024880996),
(91, NULL, 'Mozilla/5.0 (compatible; Baiduspider/2.0; +http://www.baidu.com/search/spider.html)', NULL, 'en-US', 3448168683, 3024881085),
(92, NULL, 'Mozilla/5.0 (Macintosh; Intel Mac OS X 10_8_2) AppleWebKit/536.26.17 (KHTML, like Gecko) Version/6.0.2 Safari/536.26.17', NULL, 'en-us', 3448168683, 1886818270),
(93, NULL, 'Mozilla/5.0 (compatible; Baiduspider/2.0; +http://www.baidu.com/search/spider.html)', NULL, 'en-US', 3448168683, 3024881065),
(94, NULL, 'Mozilla/5.0 (compatible; Baiduspider/2.0; +http://www.baidu.com/search/spider.html)', NULL, 'en-US', 3448168683, 3024880995),
(95, NULL, 'Mozilla/5.0 (compatible; Baiduspider/2.0; +http://www.baidu.com/search/spider.html)', NULL, 'en-US', 3448168683, 3024880991),
(96, NULL, 'Mozilla/5.0 (compatible; Baiduspider/2.0; +http://www.baidu.com/search/spider.html)', NULL, 'en-US', 3448168683, 3024881364),
(97, NULL, 'Mozilla/5.0 (compatible; YandexBot/3.0; +http://yandex.com/bots)', NULL, NULL, 3448168683, 3340067666),
(98, NULL, 'Mozilla/5.0 (compatible; Baiduspider/2.0; +http://www.baidu.com/search/spider.html)', NULL, 'en-US', 3448168683, 3024881089),
(99, NULL, 'Mozilla/5.0 (compatible; Baiduspider/2.0; +http://www.baidu.com/search/spider.html)', NULL, 'en-US', 3448168683, 3024881180),
(100, NULL, 'Mozilla/5.0 (compatible; Baiduspider/2.0; +http://www.baidu.com/search/spider.html)', NULL, 'en-US', 3448168683, 3024881379),
(101, NULL, 'Mozilla/5.0 (compatible; Baiduspider/2.0; +http://www.baidu.com/search/spider.html)', NULL, 'en-US', 3448168683, 3024881089),
(102, NULL, 'Mozilla/5.0 (compatible; Baiduspider/2.0; +http://www.baidu.com/search/spider.html)', NULL, 'en-US', 3448168683, 3024881056),
(103, NULL, 'Mozilla/5.0 (compatible; Baiduspider/2.0; +http://www.baidu.com/search/spider.html)', NULL, 'en-US', 3448168683, 3024880951),
(104, NULL, 'Mozilla/5.0 (compatible; YandexBot/3.0; +http://yandex.com/bots)', NULL, 'en-us, en;q=0.7, *;q=0.01', 3448168683, 3340067666),
(105, NULL, 'Mozilla/5.0 (compatible; Baiduspider/2.0; +http://www.baidu.com/search/spider.html)', NULL, 'en-US', 3448168683, 3024881062),
(106, NULL, 'Mozilla/5.0 (compatible; Baiduspider/2.0; +http://www.baidu.com/search/spider.html)', NULL, 'en-US', 3448168683, 3024881033),
(107, NULL, 'Mozilla/5.0 (compatible; Baiduspider/2.0; +http://www.baidu.com/search/spider.html)', NULL, 'en-US', 3448168683, 3024881033),
(108, NULL, 'Mozilla/5.0 (compatible; Baiduspider/2.0; +http://www.baidu.com/search/spider.html)', NULL, 'en-US', 3448168683, 3024881058),
(109, NULL, 'Mozilla/5.0 (compatible; Baiduspider/2.0; +http://www.baidu.com/search/spider.html)', NULL, 'en-US', 3448168683, 3024881374),
(110, NULL, 'Mozilla/5.0 (compatible; Baiduspider/2.0; +http://www.baidu.com/search/spider.html)', NULL, 'en-US', 3448168683, 3024881180),
(111, NULL, 'Mozilla/5.0 (compatible; Baiduspider/2.0; +http://www.baidu.com/search/spider.html)', NULL, 'en-US', 3448168683, 3024881044),
(112, NULL, 'Mozilla/5.0 (compatible; Baiduspider/2.0; +http://www.baidu.com/search/spider.html)', NULL, 'en-US', 3448168683, 3024881003),
(113, NULL, 'Mozilla/5.0 (compatible; Baiduspider/2.0; +http://www.baidu.com/search/spider.html)', NULL, 'en-US', 3448168683, 3024881003),
(114, NULL, 'Mozilla/5.0 (compatible; bingbot/2.0; +http://www.bing.com/bingbot.htm)', NULL, NULL, 3448168683, 2637636464),
(115, NULL, 'Mozilla/5.0 (compatible; Baiduspider/2.0; +http://www.baidu.com/search/spider.html)', NULL, 'en-US', 3448168683, 3024881083),
(116, NULL, 'Mozilla/5.0 (compatible; bingbot/2.0; +http://www.bing.com/bingbot.htm)', NULL, NULL, 3448168683, 2637636464),
(117, NULL, 'Mozilla/5.0 (compatible; Baiduspider/2.0; +http://www.baidu.com/search/spider.html)', NULL, 'en-US', 3448168683, 3024881379),
(118, NULL, 'Mozilla/5.0 (compatible; Baiduspider/2.0; +http://www.baidu.com/search/spider.html)', NULL, 'en-US', 3448168683, 3024881046),
(119, NULL, 'Mozilla/5.0 (compatible; Baiduspider/2.0; +http://www.baidu.com/search/spider.html)', NULL, 'en-US', 3448168683, 3024880997),
(120, NULL, 'Mozilla/5.0 (compatible; Baiduspider/2.0; +http://www.baidu.com/search/spider.html)', NULL, 'en-US', 3448168683, 3024880947),
(121, NULL, 'Mozilla/5.0 (compatible; Baiduspider/2.0; +http://www.baidu.com/search/spider.html)', NULL, 'en-US', 3448168683, 3024880959),
(122, NULL, 'Mozilla/5.0 (compatible; Baiduspider/2.0; +http://www.baidu.com/search/spider.html)', NULL, 'en-US', 3448168683, 3024880947),
(123, NULL, 'Mozilla/5.0 (compatible; Baiduspider/2.0; +http://www.baidu.com/search/spider.html)', NULL, 'en-US', 3448168683, 3024881365),
(124, NULL, 'Mozilla/5.0 (compatible; Baiduspider/2.0; +http://www.baidu.com/search/spider.html)', NULL, 'en-US', 3448168683, 3024880945),
(125, NULL, 'Mozilla/5.0 (compatible; Baiduspider/2.0; +http://www.baidu.com/search/spider.html)', NULL, 'en-US', 3448168683, 3024880961),
(126, NULL, 'Mozilla/5.0 (compatible; Baiduspider/2.0; +http://www.baidu.com/search/spider.html)', NULL, 'en-US', 3448168683, 3024880944),
(127, NULL, 'Mozilla/5.0 (compatible; Baiduspider/2.0; +http://www.baidu.com/search/spider.html)', NULL, 'en-US', 3448168683, 3024880961),
(128, NULL, 'Mozilla/5.0 (compatible; Baiduspider/2.0; +http://www.baidu.com/search/spider.html)', NULL, 'en-US', 3448168683, 3024881087),
(129, NULL, 'Mozilla/5.0 (compatible; Baiduspider/2.0; +http://www.baidu.com/search/spider.html)', NULL, 'en-US', 3448168683, 3024881180),
(130, NULL, 'Mozilla/5.0 (compatible; Baiduspider/2.0; +http://www.baidu.com/search/spider.html)', NULL, 'en-US', 3448168683, 3024881009),
(131, NULL, 'Mozilla/5.0 (compatible; Baiduspider/2.0; +http://www.baidu.com/search/spider.html)', NULL, 'en-US', 3448168683, 3024881079),
(132, NULL, 'Mozilla/5.0 (compatible; Baiduspider/2.0; +http://www.baidu.com/search/spider.html)', NULL, 'en-US', 3448168683, 3024881082),
(133, NULL, 'Mozilla/5.0 (compatible; Baiduspider/2.0; +http://www.baidu.com/search/spider.html)', NULL, 'en-US', 3448168683, 3024880959),
(134, NULL, 'Mozilla/5.0 (compatible; Baiduspider/2.0; +http://www.baidu.com/search/spider.html)', NULL, 'en-US', 3448168683, 3024881379),
(135, NULL, 'Mozilla/5.0 (compatible; YandexBot/3.0; +http://yandex.com/bots)', NULL, NULL, 3448168683, 1570673416),
(136, NULL, 'Mozilla/5.0 (compatible; YandexBot/3.0; +http://yandex.com/bots)', NULL, 'ru, uk;q=0.8, be;q=0.8, en;q=0.7, *;q=0.01', 3448168683, 1570673416),
(137, NULL, 'Mozilla/5.0 (compatible; YandexBot/3.0; +http://yandex.com/bots)', NULL, 'ru, uk;q=0.8, be;q=0.8, en;q=0.7, *;q=0.01', 3448168683, 1570673416),
(138, NULL, 'Mozilla/5.0 (compatible; Baiduspider/2.0; +http://www.baidu.com/search/spider.html)', NULL, 'en-US', 3448168683, 3024881007),
(139, NULL, 'Mozilla/5.0 (compatible; Baiduspider/2.0; +http://www.baidu.com/search/spider.html)', NULL, 'en-US', 3448168683, 3024880996),
(140, NULL, 'Mozilla/5.0 (compatible; Baiduspider/2.0; +http://www.baidu.com/search/spider.html)', NULL, 'en-US', 3448168683, 3024881052),
(141, NULL, 'Mozilla/5.0 (compatible; Baiduspider/2.0; +http://www.baidu.com/search/spider.html)', NULL, 'en-US', 3448168683, 3024880954),
(142, NULL, 'Mozilla/5.0 (compatible; Baiduspider/2.0; +http://www.baidu.com/search/spider.html)', NULL, 'en-US', 3448168683, 3024880956),
(143, NULL, 'Mozilla/5.0 (compatible; Baiduspider/2.0; +http://www.baidu.com/search/spider.html)', NULL, 'en-US', 3448168683, 3024881091),
(144, NULL, 'Mozilla/5.0 (compatible; Baiduspider/2.0; +http://www.baidu.com/search/spider.html)', NULL, 'en-US', 3448168683, 3024880960),
(145, NULL, 'Mozilla/5.0 (compatible; Baiduspider/2.0; +http://www.baidu.com/search/spider.html)', NULL, 'en-US', 3448168683, 3024881069),
(146, NULL, 'Mozilla/5.0 (compatible; Baiduspider/2.0; +http://www.baidu.com/search/spider.html)', NULL, 'en-US', 3448168683, 3024881039),
(147, NULL, 'Mozilla/5.0 (compatible; Baiduspider/2.0; +http://www.baidu.com/search/spider.html)', NULL, 'en-US', 3448168683, 3024881068),
(148, NULL, 'Mozilla/5.0 (compatible; Baiduspider/2.0; +http://www.baidu.com/search/spider.html)', NULL, 'en-US', 3448168683, 3024881384),
(149, NULL, 'Mozilla/5.0 (compatible; Baiduspider/2.0; +http://www.baidu.com/search/spider.html)', NULL, 'en-US', 3448168683, 3024881042),
(150, NULL, 'Mozilla/5.0 (compatible; Baiduspider/2.0; +http://www.baidu.com/search/spider.html)', NULL, 'en-US', 3448168683, 3024880960),
(151, NULL, 'Mozilla/5.0 (compatible; Baiduspider/2.0; +http://www.baidu.com/search/spider.html)', NULL, 'en-US', 3448168683, 3024880988),
(152, NULL, 'Mozilla/5.0 (compatible; Baiduspider/2.0; +http://www.baidu.com/search/spider.html)', NULL, 'en-US', 3448168683, 3024881187),
(153, NULL, 'Mozilla/5.0 (compatible; Baiduspider/2.0; +http://www.baidu.com/search/spider.html)', NULL, 'en-US', 3448168683, 3024880995),
(154, NULL, 'Mozilla/5.0 (compatible; Baiduspider/2.0; +http://www.baidu.com/search/spider.html)', NULL, 'en-US', 3448168683, 3024881036),
(155, NULL, 'Mozilla/5.0 (compatible; Baiduspider/2.0; +http://www.baidu.com/search/spider.html)', NULL, 'en-US', 3448168683, 3024880962),
(156, NULL, 'Mozilla/5.0 (compatible; Baiduspider/2.0; +http://www.baidu.com/search/spider.html)', NULL, 'en-US', 3448168683, 3024881188),
(157, NULL, 'Mozilla/5.0 (compatible; Baiduspider/2.0; +http://www.baidu.com/search/spider.html)', NULL, 'en-US', 3448168683, 3024881181),
(158, NULL, 'Mozilla/5.0 (compatible; Baiduspider/2.0; +http://www.baidu.com/search/spider.html)', NULL, 'en-US', 3448168683, 3024880957),
(159, NULL, 'Mozilla/5.0 (compatible; Baiduspider/2.0; +http://www.baidu.com/search/spider.html)', NULL, 'en-US', 3448168683, 3024880952),
(160, NULL, 'Mozilla/5.0 (compatible; Baiduspider/2.0; +http://www.baidu.com/search/spider.html)', NULL, 'en-US', 3448168683, 3024881091),
(161, NULL, 'Mozilla/5.0 (compatible; Baiduspider/2.0; +http://www.baidu.com/search/spider.html)', NULL, 'en-US', 3448168683, 3024881032),
(162, NULL, 'Mozilla/5.0 (compatible; Baiduspider/2.0; +http://www.baidu.com/search/spider.html)', NULL, 'en-US', 3448168683, 3024881046),
(163, NULL, 'Mozilla/5.0 (compatible; Baiduspider/2.0; +http://www.baidu.com/search/spider.html)', NULL, 'en-US', 3448168683, 3024881066),
(164, NULL, 'Mozilla/5.0 (compatible; Baiduspider/2.0; +http://www.baidu.com/search/spider.html)', NULL, 'en-US', 3448168683, 3024881055),
(165, NULL, 'Mozilla/5.0 (compatible; Baiduspider/2.0; +http://www.baidu.com/search/spider.html)', NULL, 'en-US', 3448168683, 3024880949),
(166, NULL, 'Mozilla/5.0 (compatible; Baiduspider/2.0; +http://www.baidu.com/search/spider.html)', NULL, 'en-US', 3448168683, 3024880993),
(167, NULL, 'Mozilla/5.0 (compatible; Baiduspider/2.0; +http://www.baidu.com/search/spider.html)', NULL, 'en-US', 3448168683, 3024881037),
(168, NULL, 'Mozilla/5.0 (compatible; Baiduspider/2.0; +http://www.baidu.com/search/spider.html)', NULL, 'en-US', 3448168683, 3024881003),
(169, NULL, 'Mozilla/5.0 (compatible; Baiduspider/2.0; +http://www.baidu.com/search/spider.html)', NULL, 'en-US', 3448168683, 3024881061),
(170, NULL, 'Mozilla/5.0 (Macintosh; Intel Mac OS X 10_5_8) AppleWebKit/534.50.2 (KHTML, like Gecko) Version/5.0.6 Safari/533.22.3', NULL, 'en-us', 3448168683, 1990953003),
(171, NULL, 'Mozilla/5.0 (compatible; Baiduspider/2.0; +http://www.baidu.com/search/spider.html)', NULL, 'en-US', 3448168683, 3024881058),
(172, NULL, 'Mozilla/5.0 (compatible; Baiduspider/2.0; +http://www.baidu.com/search/spider.html)', NULL, 'en-US', 3448168683, 3024881180),
(173, NULL, 'Mozilla/5.0 (Windows NT 5.1; rv:6.0.2) Gecko/20100101 Firefox/6.0.2', NULL, NULL, 3448168683, 3024881081),
(174, NULL, 'Mozilla/5.0 (compatible; Baiduspider/2.0; +http://www.baidu.com/search/spider.html)', NULL, 'en-US', 3448168683, 3024881384),
(175, NULL, 'Mozilla/5.0 (compatible; Baiduspider/2.0; +http://www.baidu.com/search/spider.html)', NULL, 'en-US', 3448168683, 3024881006),
(176, NULL, 'Mozilla/5.0 (compatible; Baiduspider/2.0; +http://www.baidu.com/search/spider.html)', NULL, 'en-US', 3448168683, 3024881076),
(177, NULL, 'Mozilla/5.0 (compatible; Baiduspider/2.0; +http://www.baidu.com/search/spider.html)', NULL, 'en-US', 3448168683, 3024880987),
(178, NULL, 'Mozilla/5.0 (compatible; Baiduspider/2.0; +http://www.baidu.com/search/spider.html)', NULL, 'en-US', 3448168683, 3024880986),
(179, NULL, 'Mozilla/5.0 (compatible; Baiduspider/2.0; +http://www.baidu.com/search/spider.html)', NULL, 'en-US', 3448168683, 3024881060),
(180, NULL, 'Mozilla/5.0 (Windows NT 5.1; rv:6.0.2) Gecko/20100101 Firefox/6.0.2', NULL, NULL, 3448168683, 3024881033),
(181, NULL, 'Mozilla/5.0 (compatible; Baiduspider/2.0; +http://www.baidu.com/search/spider.html)', NULL, 'en-US', 3448168683, 3024881042),
(182, NULL, 'Mozilla/5.0 (compatible; Baiduspider/2.0; +http://www.baidu.com/search/spider.html)', NULL, 'en-US', 3448168683, 3024881089),
(183, NULL, 'Mozilla/5.0 (compatible; Baiduspider/2.0; +http://www.baidu.com/search/spider.html)', NULL, 'en-US', 3448168683, 3024881009),
(184, NULL, 'Mozilla/5.0 (compatible; Baiduspider/2.0; +http://www.baidu.com/search/spider.html)', NULL, 'en-US', 3448168683, 3024881068),
(185, NULL, 'Mozilla/5.0 (compatible; Baiduspider/2.0; +http://www.baidu.com/search/spider.html)', NULL, 'en-US', 3448168683, 3024881054),
(186, NULL, 'Mozilla/5.0 (compatible; Baiduspider/2.0; +http://www.baidu.com/search/spider.html)', NULL, 'en-US', 3448168683, 3024881069),
(187, NULL, 'Mozilla/5.0 (compatible; Baiduspider/2.0; +http://www.baidu.com/search/spider.html)', NULL, 'en-US', 3448168683, 3024881059),
(188, NULL, 'Mozilla/5.0 (compatible; Baiduspider/2.0; +http://www.baidu.com/search/spider.html)', NULL, 'en-US', 3448168683, 3024881083),
(189, NULL, 'Mozilla/5.0 (compatible; Baiduspider/2.0; +http://www.baidu.com/search/spider.html)', NULL, 'en-US', 3448168683, 3024881363),
(190, NULL, 'Mozilla/5.0 (Macintosh; Intel Mac OS X 10_5_8) AppleWebKit/534.50.2 (KHTML, like Gecko) Version/5.0.6 Safari/533.22.3', NULL, 'en-us', 3448168683, 1990953003),
(191, NULL, 'Mozilla/5.0 (compatible; Baiduspider/2.0; +http://www.baidu.com/search/spider.html)', NULL, 'en-US', 3448168683, 3024881178),
(192, NULL, 'Mozilla/5.0 (compatible; Baiduspider/2.0; +http://www.baidu.com/search/spider.html)', NULL, 'en-US', 3448168683, 3024881092),
(193, NULL, 'Mozilla/5.0 (compatible; Baiduspider/2.0; +http://www.baidu.com/search/spider.html)', NULL, 'en-US', 3448168683, 3024881074),
(194, NULL, 'Mozilla/5.0 (compatible; Baiduspider/2.0; +http://www.baidu.com/search/spider.html)', NULL, 'en-US', 3448168683, 3024881059),
(195, NULL, 'Mozilla/5.0 (compatible; Baiduspider/2.0; +http://www.baidu.com/search/spider.html)', NULL, 'en-US', 3448168683, 3024881038),
(196, NULL, 'Mozilla/5.0 (compatible; Baiduspider/2.0; +http://www.baidu.com/search/spider.html)', NULL, 'en-US', 3448168683, 3024881172),
(197, NULL, 'Mozilla/5.0 (compatible; Baiduspider/2.0; +http://www.baidu.com/search/spider.html)', NULL, 'en-US', 3448168683, 3024880949),
(198, NULL, 'Mozilla/5.0 (compatible; Baiduspider/2.0; +http://www.baidu.com/search/spider.html)', NULL, 'en-US', 3448168683, 3024881384),
(199, NULL, 'Mozilla/5.0 (Windows NT 5.1; rv:6.0.2) Gecko/20100101 Firefox/6.0.2', NULL, NULL, 3448168683, 3392026571),
(200, NULL, 'Mozilla/5.0 (Windows NT 5.1; rv:6.0.2) Gecko/20100101 Firefox/6.0.2', NULL, NULL, 3448168683, 3392027811),
(201, NULL, 'Mozilla/5.0 (Windows NT 5.1; rv:6.0.2) Gecko/20100101 Firefox/6.0.2', NULL, NULL, 3448168683, 3392026571),
(202, NULL, 'Mozilla/5.0 (Windows NT 5.1; rv:6.0.2) Gecko/20100101 Firefox/6.0.2', NULL, NULL, 3448168683, 3392028054),
(203, NULL, 'Mozilla/5.0 (Windows NT 5.1; rv:6.0.2) Gecko/20100101 Firefox/6.0.2', NULL, NULL, 3448168683, 3392025650),
(204, NULL, 'Mozilla/5.0 (compatible; Baiduspider/2.0; +http://www.baidu.com/search/spider.html)', NULL, 'en-US', 3448168683, 3024881091),
(205, NULL, 'Mozilla/5.0 (compatible; Baiduspider/2.0; +http://www.baidu.com/search/spider.html)', NULL, 'en-US', 3448168683, 3024880955),
(206, NULL, 'Mozilla/5.0 (compatible; Baiduspider/2.0; +http://www.baidu.com/search/spider.html)', NULL, 'en-US', 3448168683, 3024880945),
(207, NULL, 'Mozilla/5.0 (compatible; Baiduspider/2.0; +http://www.baidu.com/search/spider.html)', NULL, 'en-US', 3448168683, 3024880954),
(208, NULL, 'Mozilla/5.0 (Windows NT 5.1; rv:6.0.2) Gecko/20100101 Firefox/6.0.2', NULL, NULL, 3448168683, 3392028511),
(209, NULL, 'Mozilla/5.0 (Windows NT 5.1; rv:6.0.2) Gecko/20100101 Firefox/6.0.2', NULL, NULL, 3448168683, 3392025624),
(210, NULL, 'Mozilla/5.0 (Windows NT 5.1; rv:6.0.2) Gecko/20100101 Firefox/6.0.2', NULL, NULL, 3448168683, 3392025493),
(211, NULL, 'Mozilla/5.0 (Windows NT 5.1; rv:6.0.2) Gecko/20100101 Firefox/6.0.2', NULL, NULL, 3448168683, 3392027311),
(212, NULL, 'Mozilla/5.0 (Windows NT 5.1; rv:6.0.2) Gecko/20100101 Firefox/6.0.2', NULL, NULL, 3448168683, 3392027535),
(213, NULL, 'Mozilla/5.0 (compatible; Baiduspider/2.0; +http://www.baidu.com/search/spider.html)', NULL, 'en-US', 3448168683, 3024881374),
(214, NULL, 'Mozilla/5.0 (Windows NT 5.1; rv:6.0.2) Gecko/20100101 Firefox/6.0.2', NULL, NULL, 3448168683, 3024880959),
(215, NULL, 'Mozilla/5.0 (Windows NT 5.1; rv:6.0.2) Gecko/20100101 Firefox/6.0.2', NULL, NULL, 3448168683, 3024881045),
(216, NULL, 'Mozilla/5.0 (Windows NT 5.1; rv:6.0.2) Gecko/20100101 Firefox/6.0.2', NULL, NULL, 3448168683, 3024881078),
(217, NULL, 'Mozilla/5.0 (Windows NT 5.1; rv:6.0.2) Gecko/20100101 Firefox/6.0.2', NULL, NULL, 3448168683, 3024881052),
(218, NULL, 'Mozilla/5.0 (Windows NT 5.1; rv:6.0.2) Gecko/20100101 Firefox/6.0.2', NULL, NULL, 3448168683, 3024880956),
(219, NULL, 'Mozilla/5.0 (compatible; Baiduspider/2.0; +http://www.baidu.com/search/spider.html)', NULL, 'en-US', 3448168683, 3024880962),
(220, NULL, 'Mozilla/5.0 (compatible; Baiduspider/2.0; +http://www.baidu.com/search/spider.html)', NULL, 'en-US', 3448168683, 3024880989),
(221, NULL, 'Mozilla/5.0 (compatible; Baiduspider/2.0; +http://www.baidu.com/search/spider.html)', NULL, 'en-US', 3448168683, 3024881003),
(222, NULL, 'Mozilla/5.0 (Windows NT 5.1; rv:6.0.2) Gecko/20100101 Firefox/6.0.2', NULL, NULL, 3448168683, 3024881007),
(223, NULL, 'Mozilla/5.0 (compatible; Baiduspider/2.0; +http://www.baidu.com/search/spider.html)', NULL, 'en-US', 3448168683, 3024881090),
(224, NULL, 'Mozilla/5.0 (compatible; Baiduspider/2.0; +http://www.baidu.com/search/spider.html)', NULL, 'en-US', 3448168683, 3024881032),
(225, NULL, 'Mozilla/5.0 (compatible; Baiduspider/2.0; +http://www.baidu.com/search/spider.html)', NULL, 'en-US', 3448168683, 3024880945),
(226, NULL, 'Mozilla/5.0 (compatible; Baiduspider/2.0; +http://www.baidu.com/search/spider.html)', NULL, 'en-US', 3448168683, 3024881041),
(227, NULL, 'Mozilla/5.0 (compatible; Baiduspider/2.0; +http://www.baidu.com/search/spider.html)', NULL, 'en-US', 3448168683, 3024881033),
(228, NULL, 'Mozilla/5.0 (compatible; Baiduspider/2.0; +http://www.baidu.com/search/spider.html)', NULL, 'en-US', 3448168683, 3024881059),
(229, NULL, 'Mozilla/5.0 (compatible; Baiduspider/2.0; +http://www.baidu.com/search/spider.html)', NULL, 'en-US', 3448168683, 3024880957),
(230, NULL, 'Mozilla/5.0 (compatible; Baiduspider/2.0; +http://www.baidu.com/search/spider.html)', NULL, 'en-US', 3448168683, 3024881085),
(231, NULL, 'Mozilla/5.0 (compatible; Baiduspider/2.0; +http://www.baidu.com/search/spider.html)', NULL, 'en-US', 3448168683, 3024881078),
(232, NULL, 'Mozilla/5.0 (compatible; Baiduspider/2.0; +http://www.baidu.com/search/spider.html)', NULL, 'en-US', 3448168683, 3024880984),
(233, NULL, 'Mozilla/5.0 (compatible; Baiduspider/2.0; +http://www.baidu.com/search/spider.html)', NULL, 'en-US', 3448168683, 3024881363),
(234, NULL, 'Mozilla/5.0 (compatible; Baiduspider/2.0; +http://www.baidu.com/search/spider.html)', NULL, 'en-US', 3448168683, 3024881189),
(235, NULL, 'Mozilla/5.0 (compatible; Baiduspider/2.0; +http://www.baidu.com/search/spider.html)', NULL, 'en-US', 3448168683, 3024880947),
(236, NULL, 'Mozilla/5.0 (compatible; Baiduspider/2.0; +http://www.baidu.com/search/spider.html)', NULL, 'en-US', 3448168683, 3024881076),
(237, NULL, 'Mozilla/5.0 (compatible; Baiduspider/2.0; +http://www.baidu.com/search/spider.html)', NULL, 'en-US', 3448168683, 3024881062),
(238, NULL, 'Mozilla/5.0 (compatible; Baiduspider/2.0; +http://www.baidu.com/search/spider.html)', NULL, 'en-US', 3448168683, 3024881009),
(239, NULL, 'Mozilla/5.0 (compatible; Baiduspider/2.0; +http://www.baidu.com/search/spider.html)', NULL, 'en-US', 3448168683, 3024880960),
(240, NULL, 'Mozilla/5.0 (compatible; Baiduspider/2.0; +http://www.baidu.com/search/spider.html)', NULL, 'en-US', 3448168683, 3024880954),
(241, NULL, 'Mozilla/5.0 (compatible; Baiduspider/2.0; +http://www.baidu.com/search/spider.html)', NULL, 'en-US', 3448168683, 3024880955),
(242, NULL, 'Mozilla/5.0 (compatible; Baiduspider/2.0; +http://www.baidu.com/search/spider.html)', NULL, 'en-US', 3448168683, 3024881188),
(243, NULL, 'Mozilla/5.0 (compatible; Baiduspider/2.0; +http://www.baidu.com/search/spider.html)', NULL, 'en-US', 3448168683, 3024881068),
(244, NULL, 'Mozilla/5.0 (compatible; Baiduspider/2.0; +http://www.baidu.com/search/spider.html)', NULL, 'en-US', 3448168683, 3024880955),
(245, NULL, 'Mozilla/5.0 (compatible; Baiduspider/2.0; +http://www.baidu.com/search/spider.html)', NULL, 'en-US', 3448168683, 3024881042),
(246, NULL, 'Mozilla/5.0 (compatible; Baiduspider/2.0; +http://www.baidu.com/search/spider.html)', NULL, 'en-US', 3448168683, 3024880997),
(247, NULL, 'Mozilla/5.0 (compatible; Baiduspider/2.0; +http://www.baidu.com/search/spider.html)', NULL, 'en-US', 3448168683, 3024880984),
(248, NULL, 'Mozilla/5.0 (compatible; Baiduspider/2.0; +http://www.baidu.com/search/spider.html)', NULL, 'en-US', 3448168683, 3024881054),
(249, NULL, 'Googlebot-Image/1.0', NULL, NULL, 3448168683, 1123634133),
(250, NULL, 'Mozilla/5.0 (compatible; Baiduspider/2.0; +http://www.baidu.com/search/spider.html)', NULL, 'en-US', 3448168683, 3024881060),
(251, NULL, 'Mozilla/5.0 (compatible; Baiduspider/2.0; +http://www.baidu.com/search/spider.html)', NULL, 'en-US', 3448168683, 3024880948),
(252, NULL, 'Mozilla/5.0 (compatible; Baiduspider/2.0; +http://www.baidu.com/search/spider.html)', NULL, 'en-US', 3448168683, 3024881006),
(253, NULL, 'Mozilla/5.0 (compatible; Baiduspider/2.0; +http://www.baidu.com/search/spider.html)', NULL, 'en-US', 3448168683, 3024880953),
(254, NULL, 'Mozilla/5.0 (compatible; Baiduspider/2.0; +http://www.baidu.com/search/spider.html)', NULL, 'en-US', 3448168683, 3024881042),
(255, NULL, 'Mozilla/5.0 (compatible; Baiduspider/2.0; +http://www.baidu.com/search/spider.html)', NULL, 'en-US', 3448168683, 3024880962),
(256, NULL, 'Mozilla/5.0 (compatible; Baiduspider/2.0; +http://www.baidu.com/search/spider.html)', NULL, 'en-US', 3448168683, 3024881364),
(257, NULL, 'Mozilla/5.0 (compatible; Baiduspider/2.0; +http://www.baidu.com/search/spider.html)', NULL, 'en-US', 3448168683, 3024881061),
(258, NULL, 'Mozilla/5.0 (compatible; Baiduspider/2.0; +http://www.baidu.com/search/spider.html)', NULL, 'en-US', 3448168683, 3024880949),
(259, NULL, 'Mozilla/5.0 (compatible; Baiduspider/2.0; +http://www.baidu.com/search/spider.html)', NULL, 'en-US', 3448168683, 3024880958),
(260, NULL, 'Mozilla/5.0 (compatible; Baiduspider/2.0; +http://www.baidu.com/search/spider.html)', NULL, 'en-US', 3448168683, 3024880951),
(261, NULL, 'Mozilla/5.0 (compatible; Baiduspider/2.0; +http://www.baidu.com/search/spider.html)', NULL, 'en-US', 3448168683, 3024881187),
(262, NULL, 'Mozilla/5.0 (compatible; Baiduspider/2.0; +http://www.baidu.com/search/spider.html)', NULL, 'en-US', 3448168683, 3024881040),
(263, NULL, 'Mozilla/5.0 (compatible; Baiduspider/2.0; +http://www.baidu.com/search/spider.html)', NULL, 'en-US', 3448168683, 3024881053),
(264, NULL, 'Mozilla/5.0 (compatible; Baiduspider/2.0; +http://www.baidu.com/search/spider.html)', NULL, 'en-US', 3448168683, 3024881172),
(265, NULL, 'Mozilla/5.0 (compatible; Baiduspider/2.0; +http://www.baidu.com/search/spider.html)', NULL, 'en-US', 3448168683, 3024881377),
(266, NULL, 'Mozilla/5.0 (compatible; Baiduspider/2.0; +http://www.baidu.com/search/spider.html)', NULL, 'en-US', 3448168683, 3024881050),
(267, NULL, 'Mozilla/5.0 (compatible; Baiduspider/2.0; +http://www.baidu.com/search/spider.html)', NULL, 'en-US', 3448168683, 3024880957),
(268, NULL, 'Mozilla/5.0 (compatible; Baiduspider/2.0; +http://www.baidu.com/search/spider.html)', NULL, 'en-US', 3448168683, 3024881089),
(269, NULL, 'Mozilla/5.0 (compatible; Baiduspider/2.0; +http://www.baidu.com/search/spider.html)', NULL, 'en-US', 3448168683, 3024880953),
(270, NULL, 'Mozilla/5.0 (compatible; Baiduspider/2.0; +http://www.baidu.com/search/spider.html)', NULL, 'en-US', 3448168683, 3024880992),
(271, NULL, 'Mozilla/5.0 (compatible; Baiduspider/2.0; +http://www.baidu.com/search/spider.html)', NULL, 'en-US', 3448168683, 3024880955),
(272, NULL, 'Mozilla/5.0 (compatible; Baiduspider/2.0; +http://www.baidu.com/search/spider.html)', NULL, 'en-US', 3448168683, 3024881085),
(273, NULL, 'Mozilla/5.0 (compatible; Baiduspider/2.0; +http://www.baidu.com/search/spider.html)', NULL, 'en-US', 3448168683, 3024881003),
(274, NULL, 'Mozilla/5.0 (compatible; Baiduspider/2.0; +http://www.baidu.com/search/spider.html)', NULL, 'en-US', 3448168683, 3024881045),
(275, NULL, 'Mozilla/5.0 (Windows NT 5.1; rv:6.0.2) Gecko/20100101 Firefox/6.0.2', NULL, NULL, 3448168683, 2071807803),
(276, NULL, 'Mozilla/5.0 (compatible; Baiduspider/2.0; +http://www.baidu.com/search/spider.html)', NULL, 'en-US', 3448168683, 3024880952),
(277, NULL, 'Mozilla/5.0 (compatible; Baiduspider/2.0; +http://www.baidu.com/search/spider.html)', NULL, 'en-US', 3448168683, 3024881172),
(278, NULL, 'Mozilla/5.0 (compatible; Baiduspider/2.0; +http://www.baidu.com/search/spider.html)', NULL, 'en-US', 3448168683, 3024881049),
(279, NULL, 'Mozilla/5.0 (Macintosh; Intel Mac OS X 10_5_8) AppleWebKit/534.50.2 (KHTML, like Gecko) Version/5.0.6 Safari/533.22.3', NULL, 'en-us', 3448168683, 1990956723),
(280, NULL, 'Mozilla/5.0 (compatible; Baiduspider/2.0; +http://www.baidu.com/search/spider.html)', NULL, 'en-US', 3448168683, 3024881056),
(281, NULL, 'Mozilla/5.0 (compatible; YandexBot/3.0; +http://yandex.com/bots)', NULL, NULL, 3448168683, 3340067666),
(282, NULL, 'Mozilla/5.0 (compatible; YandexBot/3.0; MirrorDetector; +http://yandex.com/bots)', NULL, 'en-us, en;q=0.7, *;q=0.01', 3448168683, 3340067666),
(283, NULL, 'Mozilla/5.0 (compatible; YandexBot/3.0; MirrorDetector; +http://yandex.com/bots)', NULL, 'en-us, en;q=0.7, *;q=0.01', 3448168683, 3340067666),
(284, NULL, 'Mozilla/5.0 (compatible; Baiduspider/2.0; +http://www.baidu.com/search/spider.html)', NULL, 'en-US', 3448168683, 3024881091),
(285, NULL, 'Mozilla/5.0 (compatible; Baiduspider/2.0; +http://www.baidu.com/search/spider.html)', NULL, 'en-US', 3448168683, 3024880997),
(286, NULL, 'Mozilla/5.0 (compatible; Baiduspider/2.0; +http://www.baidu.com/search/spider.html)', NULL, 'en-US', 3448168683, 3024880951),
(287, NULL, 'Mozilla/5.0 (compatible; Baiduspider/2.0; +http://www.baidu.com/search/spider.html)', NULL, 'en-US', 3448168683, 3024881379),
(288, NULL, 'Mozilla/5.0 (compatible; Baiduspider/2.0; +http://www.baidu.com/search/spider.html)', NULL, 'en-US', 3448168683, 3024880990),
(289, NULL, 'Mozilla/5.0 (compatible; Baiduspider/2.0; +http://www.baidu.com/search/spider.html)', NULL, 'en-US', 3448168683, 3024881033),
(290, NULL, 'Mozilla/5.0 (compatible; Baiduspider/2.0; +http://www.baidu.com/search/spider.html)', NULL, 'en-US', 3448168683, 3024880983),
(291, NULL, 'Mozilla/5.0 (compatible; Windows; U; Windows NT 6.2; WOW64; en-US; rv:12.0) Gecko/20120403211507 Firefox/12.0', NULL, 'en', 3448168683, 3091797262),
(292, NULL, 'Mozilla/5.0 (compatible; Baiduspider/2.0; +http://www.baidu.com/search/spider.html)', NULL, 'en-US', 3448168683, 3024880945),
(293, NULL, 'Mozilla/5.0 (compatible; Baiduspider/2.0; +http://www.baidu.com/search/spider.html)', NULL, 'en-US', 3448168683, 3024881040),
(294, NULL, 'Mozilla/5.0 (compatible; Baiduspider/2.0; +http://www.baidu.com/search/spider.html)', NULL, 'en-US', 3448168683, 3024881061),
(295, NULL, 'Mozilla/5.0 (compatible; Baiduspider/2.0; +http://www.baidu.com/search/spider.html)', NULL, 'en-US', 3448168683, 3024881042),
(296, NULL, 'Mozilla/5.0 (compatible; Baiduspider/2.0; +http://www.baidu.com/search/spider.html)', NULL, 'en-US', 3448168683, 3024881034),
(297, NULL, 'Mozilla/5.0 (compatible; Baiduspider/2.0; +http://www.baidu.com/search/spider.html)', NULL, 'en-US', 3448168683, 3024880988),
(298, NULL, 'Mozilla/5.0 (compatible; Baiduspider/2.0; +http://www.baidu.com/search/spider.html)', NULL, 'en-US', 3448168683, 3024881385),
(299, NULL, 'Mozilla/5.0 (compatible; Baiduspider/2.0; +http://www.baidu.com/search/spider.html)', NULL, 'en-US', 3448168683, 3024881054),
(300, NULL, 'Mozilla/5.0 (compatible; Baiduspider/2.0; +http://www.baidu.com/search/spider.html)', NULL, 'en-US', 3448168683, 3024881032),
(301, NULL, 'Mozilla/5.0 (compatible; Baiduspider/2.0; +http://www.baidu.com/search/spider.html)', NULL, 'en-US', 3448168683, 3024881093),
(302, NULL, 'Mozilla/5.0 (compatible; Baiduspider/2.0; +http://www.baidu.com/search/spider.html)', NULL, 'en-US', 3448168683, 3024880963),
(303, NULL, 'Mozilla/5.0 (compatible; bingbot/2.0; +http://www.bing.com/bingbot.htm)', NULL, NULL, 3448168683, 2637636464),
(304, NULL, 'Mozilla/5.0 (compatible; Baiduspider/2.0; +http://www.baidu.com/search/spider.html)', NULL, 'en-US', 3448168683, 3024881085),
(305, NULL, 'Mozilla/5.0 (Windows NT 5.1; rv:6.0.2) Gecko/20100101 Firefox/6.0.2', NULL, NULL, 3448168683, 2071807836),
(306, NULL, 'Mozilla/5.0 (compatible; Baiduspider/2.0; +http://www.baidu.com/search/spider.html)', NULL, 'en-US', 3448168683, 3024881057),
(307, NULL, 'Mozilla/5.0 (compatible; Baiduspider/2.0; +http://www.baidu.com/search/spider.html)', NULL, 'en-US', 3448168683, 3024881086),
(308, NULL, 'Mozilla/5.0 (compatible; Baiduspider/2.0; +http://www.baidu.com/search/spider.html)', NULL, 'en-US', 3448168683, 3024881082),
(309, NULL, 'Mozilla/5.0 (compatible; Baiduspider/2.0; +http://www.baidu.com/search/spider.html)', NULL, 'en-US', 3448168683, 3024881062),
(310, NULL, 'Mozilla/5.0 (compatible; Baiduspider/2.0; +http://www.baidu.com/search/spider.html)', NULL, 'en-US', 3448168683, 3024881072),
(311, NULL, 'Mozilla/5.0 (compatible; Baiduspider/2.0; +http://www.baidu.com/search/spider.html)', NULL, 'en-US', 3448168683, 3024880945),
(312, NULL, 'Mozilla/5.0 (compatible; Baiduspider/2.0; +http://www.baidu.com/search/spider.html)', NULL, 'en-US', 3448168683, 3024881003),
(313, NULL, 'Mozilla/5.0 (compatible; Baiduspider/2.0; +http://www.baidu.com/search/spider.html)', NULL, 'en-US', 3448168683, 3024881034),
(314, NULL, 'Mozilla/5.0 (Windows NT 5.1; rv:6.0.2) Gecko/20100101 Firefox/6.0.2', NULL, NULL, 3448168683, 2071807857),
(315, NULL, 'Mozilla/5.0 (compatible; Baiduspider/2.0; +http://www.baidu.com/search/spider.html)', NULL, 'en-US', 3448168683, 3024880946),
(316, NULL, 'Mozilla/5.0 (compatible; Baiduspider/2.0; +http://www.baidu.com/search/spider.html)', NULL, 'en-US', 3448168683, 3024880999),
(317, 'http://silvertobor.com/index.php/sales/guest/form/', 'Mozilla/5.0 (Macintosh; Intel Mac OS X 10_5_8) AppleWebKit/534.50.2 (KHTML, like Gecko) Version/5.0.6 Safari/533.22.3', NULL, 'en-us', 3448168683, 1990956723),
(318, NULL, 'Mozilla/5.0 (compatible; Baiduspider/2.0; +http://www.baidu.com/search/spider.html)', NULL, 'en-US', 3448168683, 3024880946),
(319, NULL, 'Mozilla/5.0 (compatible; Baiduspider/2.0; +http://www.baidu.com/search/spider.html)', NULL, 'en-US', 3448168683, 3024880952),
(320, NULL, 'Mozilla/5.0 (compatible; Baiduspider/2.0; +http://www.baidu.com/search/spider.html)', NULL, 'en-US', 3448168683, 3024881077),
(321, NULL, 'Mozilla/5.0 (compatible; Baiduspider/2.0; +http://www.baidu.com/search/spider.html)', NULL, 'en-US', 3448168683, 3024881188),
(322, NULL, 'Mozilla/5.0 (compatible; MSIE 9.0; Windows NT 6.1; WOW64; Trident/5.0)', NULL, 'en-US', 3448168683, 1263861246),
(323, NULL, 'Mozilla/5.0 (compatible; Baiduspider/2.0; +http://www.baidu.com/search/spider.html)', NULL, 'en-US', 3448168683, 3024880993),
(324, NULL, 'Mozilla/5.0 (compatible; Baiduspider/2.0; +http://www.baidu.com/search/spider.html)', NULL, 'en-US', 3448168683, 3024881042),
(325, NULL, 'Mozilla/5.0 (compatible; Baiduspider/2.0; +http://www.baidu.com/search/spider.html)', NULL, 'en-US', 3448168683, 3024881047),
(326, NULL, 'Mozilla/5.0 (compatible; Baiduspider/2.0; +http://www.baidu.com/search/spider.html)', NULL, 'en-US', 3448168683, 3024881188),
(327, NULL, 'Mozilla/5.0 (compatible; MSIE 9.0; Windows NT 6.1; WOW64; Trident/5.0)', NULL, 'en-US', 3448168683, 1263861246),
(328, NULL, 'Mozilla/5.0 (compatible; Baiduspider/2.0; +http://www.baidu.com/search/spider.html)', NULL, 'en-US', 3448168683, 3024881044),
(329, NULL, 'Mozilla/5.0 (compatible; Baiduspider/2.0; +http://www.baidu.com/search/spider.html)', NULL, 'en-US', 3448168683, 3024881180),
(330, NULL, 'Mozilla/5.0 (Macintosh; Intel Mac OS X 10_8_2) AppleWebKit/536.26.17 (KHTML, like Gecko) Version/6.0.2 Safari/536.26.17', NULL, 'en-us', 3448168683, 1886820508),
(331, NULL, 'Mozilla/5.0 (compatible; Baiduspider/2.0; +http://www.baidu.com/search/spider.html)', NULL, 'en-US', 3448168683, 3024881077),
(332, NULL, 'Mozilla/5.0 (compatible; Baiduspider/2.0; +http://www.baidu.com/search/spider.html)', NULL, 'en-US', 3448168683, 3024881079),
(333, NULL, 'Mozilla/5.0 (compatible; Baiduspider/2.0; +http://www.baidu.com/search/spider.html)', NULL, 'en-US', 3448168683, 3024881365),
(334, NULL, 'Mozilla/5.0 (Windows NT 5.1; rv:6.0.2) Gecko/20100101 Firefox/6.0.2', NULL, NULL, 3448168683, 3024881072),
(335, NULL, 'Mozilla/5.0 (compatible; Baiduspider/2.0; +http://www.baidu.com/search/spider.html)', NULL, 'en-US', 3448168683, 3024880945),
(336, NULL, 'Mozilla/5.0 (compatible; Baiduspider/2.0; +http://www.baidu.com/search/spider.html)', NULL, 'en-US', 3448168683, 3024881093),
(337, NULL, 'Mozilla/5.0 (compatible; Baiduspider/2.0; +http://www.baidu.com/search/spider.html)', NULL, 'en-US', 3448168683, 3024881188),
(338, NULL, 'Mozilla/5.0 (compatible; Baiduspider/2.0; +http://www.baidu.com/search/spider.html)', NULL, 'en-US', 3448168683, 3024880952),
(339, 'http://silvertobor.com/index.php/designer-chair.html', 'Mozilla/5.0 (Macintosh; Intel Mac OS X 10_8_2) AppleWebKit/536.26.17 (KHTML, like Gecko) Version/6.0.2 Safari/536.26.17', NULL, 'en-us', 3448168683, 1886820508),
(340, 'http://silvertobor.com/index.php/designer-chair.html', 'Mozilla/5.0 (Macintosh; Intel Mac OS X 10_8_2) AppleWebKit/536.26.17 (KHTML, like Gecko) Version/6.0.2 Safari/536.26.17', NULL, 'en-us', 3448168683, 1886820508),
(341, 'http://silvertobor.com/index.php/designer-chair.html', 'Mozilla/5.0 (Macintosh; Intel Mac OS X 10_8_2) AppleWebKit/536.26.17 (KHTML, like Gecko) Version/6.0.2 Safari/536.26.17', NULL, 'en-us', 3448168683, 1886820508),
(342, NULL, 'Mozilla/5.0 (compatible; Baiduspider/2.0; +http://www.baidu.com/search/spider.html)', NULL, 'en-US', 3448168683, 3024880996),
(343, NULL, 'Mozilla/5.0 (compatible; Baiduspider/2.0; +http://www.baidu.com/search/spider.html)', NULL, 'en-US', 3448168683, 3024881093),
(344, NULL, 'Mozilla/5.0 (compatible; Baiduspider/2.0; +http://www.baidu.com/search/spider.html)', NULL, 'en-US', 3448168683, 3024881080),
(345, NULL, 'Mozilla/5.0 (compatible; Baiduspider/2.0; +http://www.baidu.com/search/spider.html)', NULL, 'en-US', 3448168683, 3024880992),
(346, NULL, 'Mozilla/5.0 (compatible; Baiduspider/2.0; +http://www.baidu.com/search/spider.html)', NULL, 'en-US', 3448168683, 3024881078),
(347, NULL, 'Mozilla/5.0 (compatible; Baiduspider/2.0; +http://www.baidu.com/search/spider.html)', NULL, 'en-US', 3448168683, 3024881060),
(348, NULL, 'Mozilla/5.0 (compatible; Baiduspider/2.0; +http://www.baidu.com/search/spider.html)', NULL, 'en-US', 3448168683, 3024881382),
(349, NULL, 'Mozilla/5.0 (compatible; Baiduspider/2.0; +http://www.baidu.com/search/spider.html)', NULL, 'en-US', 3448168683, 3024880945),
(350, NULL, 'Mozilla/5.0 (compatible; Baiduspider/2.0; +http://www.baidu.com/search/spider.html)', NULL, 'en-US', 3448168683, 3024881090),
(351, NULL, 'Mozilla/5.0 (compatible; Baiduspider/2.0; +http://www.baidu.com/search/spider.html)', NULL, 'en-US', 3448168683, 3024881056),
(352, NULL, 'Mozilla/5.0 (compatible; Baiduspider/2.0; +http://www.baidu.com/search/spider.html)', NULL, 'en-US', 3448168683, 3024881067),
(353, NULL, 'Mozilla/5.0 (compatible; Baiduspider/2.0; +http://www.baidu.com/search/spider.html)', NULL, 'en-US', 3448168683, 3024881080),
(354, NULL, 'Mozilla/5.0 (compatible; Baiduspider/2.0; +http://www.baidu.com/search/spider.html)', NULL, 'en-US', 3448168683, 3024880952),
(355, NULL, 'Mozilla/5.0 (compatible; Baiduspider/2.0; +http://www.baidu.com/search/spider.html)', NULL, 'en-US', 3448168683, 3024881073),
(356, NULL, 'Mozilla/5.0 (compatible; Baiduspider/2.0; +http://www.baidu.com/search/spider.html)', NULL, 'en-US', 3448168683, 3024881076),
(357, NULL, 'Mozilla/5.0 (compatible; Baiduspider/2.0; +http://www.baidu.com/search/spider.html)', NULL, 'en-US', 3448168683, 3024880952),
(358, NULL, 'Mozilla/5.0 (compatible; Baiduspider/2.0; +http://www.baidu.com/search/spider.html)', NULL, 'en-US', 3448168683, 3024881071),
(359, NULL, 'Mozilla/5.0 (compatible; Baiduspider/2.0; +http://www.baidu.com/search/spider.html)', NULL, 'en-US', 3448168683, 3024881091),
(360, NULL, 'Mozilla/5.0 (Windows NT 5.1; rv:6.0.2) Gecko/20100101 Firefox/6.0.2', NULL, NULL, 3448168683, 3392026568),
(361, NULL, 'Mozilla/5.0 (compatible; Baiduspider/2.0; +http://www.baidu.com/search/spider.html)', NULL, 'en-US', 3448168683, 3024881074),
(362, NULL, 'Mozilla/5.0 (Windows NT 5.1; rv:6.0.2) Gecko/20100101 Firefox/6.0.2', NULL, NULL, 3448168683, 3392027715),
(363, NULL, 'Mozilla/5.0 (compatible; Baiduspider/2.0; +http://www.baidu.com/search/spider.html)', NULL, 'en-US', 3448168683, 3024880997),
(364, NULL, 'Mozilla/5.0 (compatible; Baiduspider/2.0; +http://www.baidu.com/search/spider.html)', NULL, 'en-US', 3448168683, 3024881382);
INSERT INTO `mg_log_visitor_info` VALUES
(365, NULL, 'Mozilla/5.0 (Windows NT 5.1; rv:6.0.2) Gecko/20100101 Firefox/6.0.2', NULL, NULL, 3448168683, 3392025242),
(366, NULL, 'Mozilla/5.0 (compatible; Baiduspider/2.0; +http://www.baidu.com/search/spider.html)', NULL, 'en-US', 3448168683, 3024881081),
(367, NULL, 'Mozilla/5.0 (Windows NT 5.1; rv:6.0.2) Gecko/20100101 Firefox/6.0.2', NULL, NULL, 3448168683, 3392025268),
(368, NULL, 'Mozilla/5.0 (Windows NT 5.1; rv:6.0.2) Gecko/20100101 Firefox/6.0.2', NULL, NULL, 3448168683, 3392026574),
(369, NULL, 'Mozilla/5.0 (compatible; Baiduspider/2.0; +http://www.baidu.com/search/spider.html)', NULL, 'en-US', 3448168683, 3024880962),
(370, NULL, 'Mozilla/5.0 (compatible; Baiduspider/2.0; +http://www.baidu.com/search/spider.html)', NULL, 'en-US', 3448168683, 3024881377),
(371, NULL, 'Mozilla/5.0 (Windows NT 5.1; rv:6.0.2) Gecko/20100101 Firefox/6.0.2', NULL, NULL, 3448168683, 3392026965),
(372, NULL, 'Mozilla/5.0 (Windows NT 5.1; rv:6.0.2) Gecko/20100101 Firefox/6.0.2', NULL, NULL, 3448168683, 3392026150),
(373, NULL, 'Mozilla/5.0 (Windows NT 5.1; rv:6.0.2) Gecko/20100101 Firefox/6.0.2', NULL, NULL, 3448168683, 3392026399),
(374, NULL, 'Mozilla/5.0 (Windows NT 5.1; rv:6.0.2) Gecko/20100101 Firefox/6.0.2', NULL, NULL, 3448168683, 3392025494),
(375, NULL, 'Mozilla/5.0 (Windows NT 5.1; rv:6.0.2) Gecko/20100101 Firefox/6.0.2', NULL, NULL, 3448168683, 3392025927),
(376, NULL, 'Mozilla/5.0 (compatible; Baiduspider/2.0; +http://www.baidu.com/search/spider.html)', NULL, 'en-US', 3448168683, 3024880947),
(377, NULL, 'Mozilla/5.0 (compatible; Baiduspider/2.0; +http://www.baidu.com/search/spider.html)', NULL, 'en-US', 3448168683, 3024880991),
(378, NULL, 'Mozilla/5.0 (compatible; Baiduspider/2.0; +http://www.baidu.com/search/spider.html)', NULL, 'en-US', 3448168683, 3024881045),
(379, NULL, 'Mozilla/5.0 (compatible; Baiduspider/2.0; +http://www.baidu.com/search/spider.html)', NULL, 'en-US', 3448168683, 3024881064),
(380, NULL, 'Mozilla/5.0 (Windows NT 5.1; rv:6.0.2) Gecko/20100101 Firefox/6.0.2', NULL, NULL, 3448168683, 3024881087),
(381, NULL, 'Mozilla/5.0 (Windows NT 5.1; rv:6.0.2) Gecko/20100101 Firefox/6.0.2', NULL, NULL, 3448168683, 3024881086),
(382, NULL, 'Mozilla/5.0 (Windows NT 5.1; rv:6.0.2) Gecko/20100101 Firefox/6.0.2', NULL, NULL, 3448168683, 3024881032),
(383, NULL, 'Mozilla/5.0 (compatible; Baiduspider/2.0; +http://www.baidu.com/search/spider.html)', NULL, 'en-US', 3448168683, 3024881173),
(384, NULL, 'Mozilla/5.0 (Windows NT 5.1; rv:6.0.2) Gecko/20100101 Firefox/6.0.2', NULL, NULL, 3448168683, 3024881085),
(385, NULL, 'Mozilla/5.0 (Windows NT 5.1; rv:6.0.2) Gecko/20100101 Firefox/6.0.2', NULL, NULL, 3448168683, 3024881086),
(386, NULL, 'Mozilla/5.0 (compatible; Baiduspider/2.0; +http://www.baidu.com/search/spider.html)', NULL, 'en-US', 3448168683, 3024881032),
(387, NULL, 'Mozilla/5.0 (compatible; Baiduspider/2.0; +http://www.baidu.com/search/spider.html)', NULL, 'en-US', 3448168683, 3024881379),
(388, NULL, 'Mozilla/5.0 (compatible; Baiduspider/2.0; +http://www.baidu.com/search/spider.html)', NULL, 'en-US', 3448168683, 3024880950),
(389, NULL, 'Mozilla/5.0 (compatible; Baiduspider/2.0; +http://www.baidu.com/search/spider.html)', NULL, 'en-US', 3448168683, 3024881187),
(390, NULL, 'Mozilla/5.0 (compatible; Baiduspider/2.0; +http://www.baidu.com/search/spider.html)', NULL, 'en-US', 3448168683, 3024880999),
(391, NULL, 'Mozilla/5.0 (compatible; YandexBot/3.0; +http://yandex.com/bots)', NULL, NULL, 3448168683, 3340067666),
(392, NULL, 'Mozilla/5.0 (compatible; YandexBot/3.0; MirrorDetector; +http://yandex.com/bots)', NULL, 'en-us, en;q=0.7, *;q=0.01', 3448168683, 3340067666),
(393, NULL, 'Mozilla/5.0 (compatible; YandexBot/3.0; MirrorDetector; +http://yandex.com/bots)', NULL, 'en-us, en;q=0.7, *;q=0.01', 3448168683, 3340067666),
(394, NULL, 'Mozilla/5.0 (compatible; Baiduspider/2.0; +http://www.baidu.com/search/spider.html)', NULL, 'en-US', 3448168683, 3024881040),
(395, NULL, 'Mozilla/5.0 (compatible; Baiduspider/2.0; +http://www.baidu.com/search/spider.html)', NULL, 'en-US', 3448168683, 3024881189),
(396, NULL, 'Mozilla/5.0 (compatible; Baiduspider/2.0; +http://www.baidu.com/search/spider.html)', NULL, 'en-US', 3448168683, 3024881064),
(397, NULL, 'Mozilla/5.0 (compatible; Baiduspider/2.0; +http://www.baidu.com/search/spider.html)', NULL, 'en-US', 3448168683, 3024881053),
(398, NULL, 'Baiduspider-image+(+http://www.baidu.com/search/spider.htm)', NULL, NULL, 3448168683, 3702877286),
(399, NULL, 'Mozilla/5.0 (compatible; Baiduspider/2.0; +http://www.baidu.com/search/spider.html)', NULL, 'en-US', 3448168683, 3024881038),
(400, NULL, 'Mozilla/5.0 (compatible; Baiduspider/2.0; +http://www.baidu.com/search/spider.html)', NULL, 'en-US', 3448168683, 3024881050),
(401, NULL, 'Mozilla/5.0 (compatible; Baiduspider/2.0; +http://www.baidu.com/search/spider.html)', NULL, 'en-US', 3448168683, 3024881091),
(402, NULL, 'Mozilla/5.0 (compatible; Baiduspider/2.0; +http://www.baidu.com/search/spider.html)', NULL, 'en-US', 3448168683, 3024881189),
(403, NULL, 'Mozilla/5.0 (compatible; Baiduspider/2.0; +http://www.baidu.com/search/spider.html)', NULL, 'en-US', 3448168683, 3024880961),
(404, NULL, 'Mozilla/5.0 (compatible; Baiduspider/2.0; +http://www.baidu.com/search/spider.html)', NULL, 'en-US', 3448168683, 3024881078),
(405, NULL, 'Mozilla/5.0 (compatible; Baiduspider/2.0; +http://www.baidu.com/search/spider.html)', NULL, 'en-US', 3448168683, 3024881188),
(406, NULL, 'Mozilla/5.0 (compatible; Baiduspider/2.0; +http://www.baidu.com/search/spider.html)', NULL, 'en-US', 3448168683, 3024881382),
(407, NULL, 'Mozilla/5.0 (compatible; Baiduspider/2.0; +http://www.baidu.com/search/spider.html)', NULL, 'en-US', 3448168683, 3024880963),
(408, NULL, 'Mozilla/5.0 (compatible; Baiduspider/2.0; +http://www.baidu.com/search/spider.html)', NULL, 'en-US', 3448168683, 3024881061),
(409, NULL, 'Mozilla/5.0 (compatible; Baiduspider/2.0; +http://www.baidu.com/search/spider.html)', NULL, 'en-US', 3448168683, 3024881033),
(410, NULL, 'Mozilla/5.0 (compatible; Baiduspider/2.0; +http://www.baidu.com/search/spider.html)', NULL, 'en-US', 3448168683, 3024881034),
(411, NULL, 'Mozilla/5.0 (Macintosh; Intel Mac OS X 10_5_8) AppleWebKit/534.50.2 (KHTML, like Gecko) Version/5.0.6 Safari/533.22.3', NULL, 'en-us', 3448168683, 1990956723),
(412, NULL, 'Mozilla/5.0 (compatible; Baiduspider/2.0; +http://www.baidu.com/search/spider.html)', NULL, 'en-US', 3448168683, 3024880961),
(413, NULL, 'Mozilla/5.0 (compatible; Baiduspider/2.0; +http://www.baidu.com/search/spider.html)', NULL, 'en-US', 3448168683, 3024881092),
(414, NULL, 'Mozilla/5.0 (compatible; Baiduspider/2.0; +http://www.baidu.com/search/spider.html)', NULL, 'en-US', 3448168683, 3024880996),
(415, NULL, 'Mozilla/5.0 (compatible; Baiduspider/2.0; +http://www.baidu.com/search/spider.html)', NULL, 'en-US', 3448168683, 3024880956),
(416, NULL, 'Mozilla/5.0 (compatible; Baiduspider/2.0; +http://www.baidu.com/search/spider.html)', NULL, 'en-US', 3448168683, 3024880955),
(417, NULL, 'Mozilla/5.0 (compatible; Baiduspider/2.0; +http://www.baidu.com/search/spider.html)', NULL, 'en-US', 3448168683, 3024880953),
(418, NULL, 'Mozilla/5.0 (compatible; Baiduspider/2.0; +http://www.baidu.com/search/spider.html)', NULL, 'en-US', 3448168683, 3024881080),
(419, NULL, 'Mozilla/5.0 (compatible; Baiduspider/2.0; +http://www.baidu.com/search/spider.html)', NULL, 'en-US', 3448168683, 3024881006),
(420, NULL, 'Mozilla/5.0 (compatible; Baiduspider/2.0; +http://www.baidu.com/search/spider.html)', NULL, 'en-US', 3448168683, 3024881071),
(421, NULL, 'Mozilla/5.0 (compatible; Baiduspider/2.0; +http://www.baidu.com/search/spider.html)', NULL, 'en-US', 3448168683, 3024881166),
(422, 'http://silvertobor.com/index.php/designer-chair.html', 'Mozilla/5.0 (Macintosh; Intel Mac OS X 10_5_8) AppleWebKit/534.50.2 (KHTML, like Gecko) Version/5.0.6 Safari/533.22.3', NULL, 'en-us', 3448168683, 1990956723),
(423, NULL, 'Mozilla/5.0 (Windows NT 5.1; rv:6.0.2) Gecko/20100101 Firefox/6.0.2', NULL, NULL, 3448168683, 3024880985),
(424, NULL, 'Mozila/5.0', NULL, NULL, 3448168683, 2988552716),
(425, NULL, 'Mozila/5.0', NULL, NULL, 3448168683, 2988552716),
(426, NULL, 'Mozila/5.0', NULL, NULL, 3448168683, 2988552716),
(427, NULL, 'Mozila/5.0', NULL, NULL, 3448168683, 2988552716),
(428, NULL, 'Mozila/5.0', NULL, NULL, 3448168683, 2988552716),
(429, NULL, 'Mozila/5.0', NULL, NULL, 3448168683, 2988552716),
(430, NULL, 'Mozila/5.0', NULL, NULL, 3448168683, 2988552716),
(431, NULL, 'Mozila/5.0', NULL, NULL, 3448168683, 2988552716),
(432, NULL, 'Mozila/5.0', NULL, NULL, 3448168683, 2988552716),
(433, NULL, 'Mozila/5.0', NULL, NULL, 3448168683, 2988552716),
(434, NULL, 'Mozila/5.0', NULL, NULL, 3448168683, 2988552716),
(435, NULL, 'Mozila/5.0', NULL, NULL, 3448168683, 2988552716),
(436, NULL, 'Mozila/5.0', NULL, NULL, 3448168683, 2988552716),
(437, NULL, 'Mozila/5.0', NULL, NULL, 3448168683, 2988552716),
(438, NULL, 'Mozila/5.0', NULL, NULL, 3448168683, 2988552716),
(439, NULL, 'Mozila/5.0', NULL, NULL, 3448168683, 2988552716),
(440, NULL, 'Mozila/5.0', NULL, NULL, 3448168683, 2988552716),
(441, NULL, 'Mozila/5.0', NULL, NULL, 3448168683, 2988552716),
(442, NULL, 'Mozila/5.0', NULL, NULL, 3448168683, 2988552716),
(443, NULL, 'Mozila/5.0', NULL, NULL, 3448168683, 2988552716),
(444, NULL, 'Mozila/5.0', NULL, NULL, 3448168683, 2988552716),
(445, NULL, 'Mozila/5.0', NULL, NULL, 3448168683, 2988552716),
(446, 'http://torrentland.biz', NULL, NULL, NULL, 3448168683, 3240885500),
(447, NULL, 'Mozilla/5.0 (compatible; Baiduspider/2.0; +http://www.baidu.com/search/spider.html)', NULL, 'en-US', 3448168683, 3024881093),
(448, NULL, 'Mozilla/5.0 (compatible; Baiduspider/2.0; +http://www.baidu.com/search/spider.html)', NULL, 'en-US', 3448168683, 3024881188),
(449, NULL, 'Mozilla/5.0 (compatible; Baiduspider/2.0; +http://www.baidu.com/search/spider.html)', NULL, 'en-US', 3448168683, 3024881079),
(450, NULL, 'Baiduspider-image+(+http://www.baidu.com/search/spider.htm)', NULL, NULL, 3448168683, 3702877355),
(451, NULL, 'Mozilla/5.0 (compatible; Baiduspider/2.0; +http://www.baidu.com/search/spider.html)', NULL, 'en-US', 3448168683, 3024881072),
(452, 'http://silvertobor.com/index.php/checkout/cart/', 'Mozilla/5.0 (compatible; MSIE 9.0; Windows NT 6.1; WOW64; Trident/5.0)', NULL, 'en-US', 3448168683, 1263861246),
(453, NULL, 'Mozilla/5.0 (compatible; Baiduspider/2.0; +http://www.baidu.com/search/spider.html)', NULL, 'en-US', 3448168683, 3024881043),
(454, 'http://silvertobor.com/index.php/designer-chair.html', 'Mozilla/5.0 (Macintosh; Intel Mac OS X 10_8_2) AppleWebKit/536.26.17 (KHTML, like Gecko) Version/6.0.2 Safari/536.26.17', NULL, 'en-us', 3448168683, 1886820508),
(455, NULL, 'Mozilla/5.0 (compatible; MSIE 10.0; Windows NT 6.2; Trident/6.0)', NULL, 'en-US,en;q=0.8,zh-Hant-TW;q=0.5,zh-Hant;q=0.3', 3448168683, 1990956723),
(456, NULL, 'Mozilla/5.0 (compatible; Baiduspider/2.0; +http://www.baidu.com/search/spider.html)', NULL, 'en-US', 3448168683, 3024881088),
(457, NULL, 'Mozilla/5.0 (compatible; Baiduspider/2.0; +http://www.baidu.com/search/spider.html)', NULL, 'en-US', 3448168683, 3024881365),
(458, NULL, 'Mozilla/5.0 (compatible; Baiduspider/2.0; +http://www.baidu.com/search/spider.html)', NULL, 'en-US', 3448168683, 3024881084),
(459, NULL, 'Mozilla/5.0 (compatible; Baiduspider/2.0; +http://www.baidu.com/search/spider.html)', NULL, 'en-US', 3448168683, 3024881038),
(460, NULL, 'Mozilla/5.0 (compatible; Baiduspider/2.0; +http://www.baidu.com/search/spider.html)', NULL, 'en-US', 3448168683, 3024881364),
(461, NULL, 'Mozilla/5.0 (compatible; Baiduspider/2.0; +http://www.baidu.com/search/spider.html)', NULL, 'en-US', 3448168683, 3024880986),
(462, NULL, 'Mozilla/5.0 (compatible; Baiduspider/2.0; +http://www.baidu.com/search/spider.html)', NULL, 'en-US', 3448168683, 3024880963),
(463, 'http://silvertobor.com/index.php/', 'Mozilla/5.0 (compatible; MSIE 9.0; Windows NT 6.1; WOW64; Trident/5.0)', NULL, 'en-US', 3448168683, 1263861246),
(464, NULL, 'Mozilla/5.0 (compatible; Baiduspider/2.0; +http://www.baidu.com/search/spider.html)', NULL, 'en-US', 3448168683, 3024880949),
(465, NULL, 'Mozilla/5.0 (compatible; Baiduspider/2.0; +http://www.baidu.com/search/spider.html)', NULL, 'en-US', 3448168683, 3024881051),
(466, NULL, 'Mozilla/5.0 (compatible; MSIE 9.0; Windows NT 6.1; WOW64; Trident/5.0)', NULL, 'en-US', 3448168683, 1263861246),
(467, NULL, 'Mozilla/5.0 (compatible; MSIE 9.0; Windows NT 6.1; WOW64; Trident/5.0)', NULL, 'en-US', 3448168683, 1263861246),
(468, NULL, 'Mozilla/5.0 (compatible; Baiduspider/2.0; +http://www.baidu.com/search/spider.html)', NULL, 'en-US', 3448168683, 3024881007),
(469, NULL, 'Mozilla/5.0 (compatible; YandexBot/3.0; +http://yandex.com/bots)', NULL, NULL, 3448168683, 3340067666),
(470, NULL, 'Mozilla/5.0 (compatible; YandexBot/3.0; MirrorDetector; +http://yandex.com/bots)', NULL, 'en-us, en;q=0.7, *;q=0.01', 3448168683, 3340067666),
(471, NULL, 'Mozilla/5.0 (compatible; YandexBot/3.0; MirrorDetector; +http://yandex.com/bots)', NULL, 'en-us, en;q=0.7, *;q=0.01', 3448168683, 3340067666),
(472, NULL, 'Mozilla/5.0 (compatible; Baiduspider/2.0; +http://www.baidu.com/search/spider.html)', NULL, 'en-US', 3448168683, 3024881375),
(473, NULL, 'Mozilla/5.0 (compatible; Baiduspider/2.0; +http://www.baidu.com/search/spider.html)', NULL, 'en-US', 3448168683, 3024880946),
(474, NULL, 'Mozilla/5.0 (compatible; Baiduspider/2.0; +http://www.baidu.com/search/spider.html)', NULL, 'en-US', 3448168683, 3024881085),
(475, NULL, 'Mozilla/5.0 (compatible; Baiduspider/2.0; +http://www.baidu.com/search/spider.html)', NULL, 'en-US', 3448168683, 3024880996),
(476, NULL, 'Mozilla/5.0 (compatible; Baiduspider/2.0; +http://www.baidu.com/search/spider.html)', NULL, 'en-US', 3448168683, 3024881072),
(477, NULL, 'Mozilla/5.0 (compatible; Baiduspider/2.0; +http://www.baidu.com/search/spider.html)', NULL, 'en-US', 3448168683, 3024880992),
(478, NULL, 'Mozilla/5.0 (compatible; Baiduspider/2.0; +http://www.baidu.com/search/spider.html)', NULL, 'en-US', 3448168683, 3024880991),
(479, NULL, 'Mozilla/5.0 (Windows NT 5.1; rv:6.0.2) Gecko/20100101 Firefox/6.0.2', NULL, NULL, 3448168683, 3392024587),
(480, NULL, 'Mozilla/5.0 (Windows NT 5.1; rv:6.0.2) Gecko/20100101 Firefox/6.0.2', NULL, NULL, 3448168683, 3392028192),
(481, NULL, 'Mozilla/5.0 (Windows NT 5.1; rv:6.0.2) Gecko/20100101 Firefox/6.0.2', NULL, NULL, 3448168683, 3392026164),
(482, NULL, 'Mozilla/5.0 (Windows NT 5.1; rv:6.0.2) Gecko/20100101 Firefox/6.0.2', NULL, NULL, 3448168683, 3392028192),
(483, NULL, 'Mozilla/5.0 (Windows NT 5.1; rv:6.0.2) Gecko/20100101 Firefox/6.0.2', NULL, NULL, 3448168683, 3392026161),
(484, NULL, 'Mozilla/5.0 (compatible; Baiduspider/2.0; +http://www.baidu.com/search/spider.html)', NULL, 'en-US', 3448168683, 3024881068),
(485, NULL, 'Mozilla/5.0 (compatible; Baiduspider/2.0; +http://www.baidu.com/search/spider.html)', NULL, 'en-US', 3448168683, 3024881189),
(486, NULL, 'Mozilla/5.0 (Windows NT 5.1; rv:6.0.2) Gecko/20100101 Firefox/6.0.2', NULL, NULL, 3448168683, 3392028184),
(487, NULL, 'Mozilla/5.0 (Windows NT 5.1; rv:6.0.2) Gecko/20100101 Firefox/6.0.2', NULL, NULL, 3448168683, 3392026164),
(488, 'http://silvertobor.com/index.php/', 'Mozilla/5.0 (compatible; MSIE 10.0; Windows NT 6.2; Trident/6.0)', NULL, 'en-US,en;q=0.8,zh-Hant-TW;q=0.5,zh-Hant;q=0.3', 3448168683, 1990956715),
(489, NULL, 'Mozilla/5.0 (Windows NT 5.1; rv:6.0.2) Gecko/20100101 Firefox/6.0.2', NULL, NULL, 3448168683, 3392026157),
(490, NULL, 'Mozilla/5.0 (Windows NT 5.1; rv:6.0.2) Gecko/20100101 Firefox/6.0.2', NULL, NULL, 3448168683, 3392025636),
(491, NULL, 'Mozilla/5.0 (Windows NT 5.1; rv:6.0.2) Gecko/20100101 Firefox/6.0.2', NULL, NULL, 3448168683, 3392027660),
(492, NULL, 'Mozilla/5.0 (compatible; MSIE 9.0; Windows NT 6.1; WOW64; Trident/5.0)', NULL, 'en-US', 3448168683, 1263861246),
(493, NULL, 'Mozilla/5.0 (compatible; Baiduspider/2.0; +http://www.baidu.com/search/spider.html)', NULL, 'en-US', 3448168683, 3024880993);

-- --------------------------------------------------------

--
